{"id":4671,"date":"2026-04-01T16:11:15","date_gmt":"2026-04-01T14:11:15","guid":{"rendered":"https:\/\/www.cacp-villaperochon.com\/agenda\/visite-commentee-flash-maxime-riche-2\/"},"modified":"2026-04-01T16:15:25","modified_gmt":"2026-04-01T14:15:25","slug":"visite-commentee-2-voix","status":"publish","type":"agenda","link":"https:\/\/www.cacp-villaperochon.com\/en\/agenda\/visite-commentee-2-voix\/","title":{"rendered":"Visite comment\u00e9e \u00e0 2 voix &#8211; Mus\u00e9e d&#8217;Agesci"},"content":{"rendered":"\n<div class=\"wp-block-uagb-container uagb-block-c12b1b56 alignfull uagb-is-root-container\"><div class=\"uagb-container-inner-blocks-wrap\">\n<div class=\"wp-block-uagb-container uagb-block-bcb3c903\">\n<div class=\"wp-block-uagb-advanced-heading uagb-block-b0a44478\"><h1 class=\"uagb-heading-text\"><strong>Visite \u00e0 2 voix<\/strong><br>les photographes en r\u00e9sidence<\/h1><\/div>\n<\/div>\n\n\n\n<div class=\"wp-block-uagb-container uagb-block-2dc94297\"><div class=\"formatage-date-agenda\">On 03 May 15h00<\/div>\n<\/div>\n<\/div><\/div>\n\n\n\n<div class=\"wp-block-uagb-container uagb-block-4a819f27 alignfull uagb-is-root-container\"><div class=\"uagb-container-inner-blocks-wrap\">\n<div class=\"wp-block-toolset-blocks-container tb-container\" data-toolset-blocks-container=\"b282d49576baeed3969ee05938581e82\" data-bg=\"https:\/\/www.cacp-villaperochon.com\/wp-content\/uploads\/2026\/02\/residents-banniere-agenda.jpg\"><\/div>\n<\/div><\/div>\n\n\n\n<div class=\"wp-block-uagb-container uagb-block-55662321 alignfull uagb-is-root-container\"><div class=\"uagb-container-inner-blocks-wrap\">\n<div class=\"wp-block-uagb-container uagb-block-635268ac\">\n<div class=\"wp-block-uagb-advanced-heading uagb-block-e1b6569c\"><\/div>\n\n\n\n<p>Les \u00e9quipes de m\u00e9diation de la Villa P\u00e9rochon et du mus\u00e9e Bernard d&#8217;Agesci s&#8217;associent pour vous proposer une visite comment\u00e9e \u00e0 2 voix autour des \u0153uvres des <a href=\"https:\/\/www.cacp-villaperochon.com\/agenda\/photographes-en-residence-2026\/\" data-type=\"agenda\" data-id=\"3893\">photographes en r\u00e9sidence<\/a>. L&#8217;occasion de croiser les regards!<\/p>\n<\/div>\n\n\n\n<div class=\"wp-block-uagb-container uagb-block-aaa2166e\">\n<div class=\"wp-block-uagb-container uagb-block-7a5840c0 alignfull uagb-is-root-container\"><div class=\"uagb-container-inner-blocks-wrap\">\n<div class=\"wp-block-uagb-advanced-heading uagb-block-2f32ce87 spectra-gbs-h2-classique1741771334061\"><h2 class=\"uagb-heading-text\">Informations pratiques<\/h2><\/div>\n\n\n\n<div class=\"wp-block-uagb-icon-list uagb-block-75851519\"><div class=\"uagb-icon-list__wrap\">\n<div class=\"wp-block-uagb-icon-list-child uagb-block-890a9c58\"><span class=\"uagb-icon-list__source-wrap\"><svg xmlns=\"https:\/\/www.w3.org\/2000\/svg\" viewBox=\"0 0 320 512\"><path d=\"M96 480c-8.188 0-16.38-3.125-22.62-9.375c-12.5-12.5-12.5-32.75 0-45.25L242.8 256L73.38 86.63c-12.5-12.5-12.5-32.75 0-45.25s32.75-12.5 45.25 0l192 192c12.5 12.5 12.5 32.75 0 45.25l-192 192C112.4 476.9 104.2 480 96 480z\"><\/path><\/svg><\/span><span class=\"uagb-icon-list__label\">dimanche 3 mai \u00e0 15h au mus\u00e9e Bernard d&#8217;Agesci<\/span><\/div>\n\n\n\n<div class=\"wp-block-uagb-icon-list-child uagb-block-ad2cacc6\"><span class=\"uagb-icon-list__source-wrap\"><svg xmlns=\"https:\/\/www.w3.org\/2000\/svg\" viewBox=\"0 0 320 512\"><path d=\"M96 480c-8.188 0-16.38-3.125-22.62-9.375c-12.5-12.5-12.5-32.75 0-45.25L242.8 256L73.38 86.63c-12.5-12.5-12.5-32.75 0-45.25s32.75-12.5 45.25 0l192 192c12.5 12.5 12.5 32.75 0 45.25l-192 192C112.4 476.9 104.2 480 96 480z\"><\/path><\/svg><\/span><span class=\"uagb-icon-list__label\">GRATUIT<\/span><\/div>\n\n\n\n<div class=\"wp-block-uagb-icon-list-child uagb-block-af190595\"><span class=\"uagb-icon-list__source-wrap\"><svg xmlns=\"https:\/\/www.w3.org\/2000\/svg\" viewBox=\"0 0 320 512\"><path d=\"M96 480c-8.188 0-16.38-3.125-22.62-9.375c-12.5-12.5-12.5-32.75 0-45.25L242.8 256L73.38 86.63c-12.5-12.5-12.5-32.75 0-45.25s32.75-12.5 45.25 0l192 192c12.5 12.5 12.5 32.75 0 45.25l-192 192C112.4 476.9 104.2 480 96 480z\"><\/path><\/svg><\/span><span class=\"uagb-icon-list__label\">r\u00e9servation conseill\u00e9e par mail ou t\u00e9l\u00e9phone<\/span><\/div>\n<\/div><\/div>\n<\/div><\/div>\n<\/div>\n<\/div><\/div>\n\n\n\n<p><\/p>\n","protected":false},"excerpt":{"rendered":"<p>Seul\u00b7es, entre ami\u00b7es ou en famille, les visites comment\u00e9es propos\u00e9es par l&#8217;\u00e9quipe de m\u00e9diation de la Villa P\u00e9rochon sont l\u00e0 pour vous accompagner et vous \u00e9clairer sur les d\u00e9marches des photographes. Venez profiter d&#8217;un moment convivial au pied des \u0153uvres !<\/p>\n","protected":false},"featured_media":3844,"template":"","meta":{"inline_featured_image":false,"_uag_custom_page_level_css":"","site-sidebar-layout":"default","site-content-layout":"","ast-site-content-layout":"default","site-content-style":"default","site-sidebar-style":"default","ast-global-header-display":"","ast-banner-title-visibility":"","ast-main-header-display":"","ast-hfb-above-header-display":"","ast-hfb-below-header-display":"","ast-hfb-mobile-header-display":"","site-post-title":"","ast-breadcrumbs-content":"","ast-featured-img":"","footer-sml-layout":"","ast-disable-related-posts":"","theme-transparent-header-meta":"","adv-header-id-meta":"","stick-header-meta":"","header-above-stick-meta":"","header-main-stick-meta":"","header-below-stick-meta":"","astra-migrate-meta-layouts":"default","ast-page-background-enabled":"default","ast-page-background-meta":{"desktop":{"background-color":"var(--ast-global-color-4)","background-image":"","background-repeat":"repeat","background-position":"center center","background-size":"auto","background-attachment":"scroll","background-type":"","background-media":"","overlay-type":"","overlay-color":"","overlay-opacity":"","overlay-gradient":""},"tablet":{"background-color":"","background-image":"","background-repeat":"repeat","background-position":"center center","background-size":"auto","background-attachment":"scroll","background-type":"","background-media":"","overlay-type":"","overlay-color":"","overlay-opacity":"","overlay-gradient":""},"mobile":{"background-color":"","background-image":"","background-repeat":"repeat","background-position":"center center","background-size":"auto","background-attachment":"scroll","background-type":"","background-media":"","overlay-type":"","overlay-color":"","overlay-opacity":"","overlay-gradient":""}},"ast-content-background-meta":{"desktop":{"background-color":"var(--ast-global-color-5)","background-image":"","background-repeat":"repeat","background-position":"center center","background-size":"auto","background-attachment":"scroll","background-type":"","background-media":"","overlay-type":"","overlay-color":"","overlay-opacity":"","overlay-gradient":""},"tablet":{"background-color":"var(--ast-global-color-5)","background-image":"","background-repeat":"repeat","background-position":"center center","background-size":"auto","background-attachment":"scroll","background-type":"","background-media":"","overlay-type":"","overlay-color":"","overlay-opacity":"","overlay-gradient":""},"mobile":{"background-color":"var(--ast-global-color-5)","background-image":"","background-repeat":"repeat","background-position":"center center","background-size":"auto","background-attachment":"scroll","background-type":"","background-media":"","overlay-type":"","overlay-color":"","overlay-opacity":"","overlay-gradient":""}}},"categorie-agenda":[9,14],"categorie-public":[15,18],"annee":[24],"class_list":["post-4671","agenda","type-agenda","status-publish","has-post-thumbnail","hentry","categorie-agenda-visites","categorie-agenda-rjpi","categorie-public-rjpi","categorie-public-tout-public","annee-24"],"uagb_featured_image_src":{"full":["https:\/\/www.cacp-villaperochon.com\/wp-content\/uploads\/2026\/02\/residents-vignette-agenda.jpg",400,400,false],"thumbnail":["https:\/\/www.cacp-villaperochon.com\/wp-content\/uploads\/2026\/02\/residents-vignette-agenda-150x150.jpg",150,150,true],"medium":["https:\/\/www.cacp-villaperochon.com\/wp-content\/uploads\/2026\/02\/residents-vignette-agenda.jpg",400,400,false],"medium_large":["https:\/\/www.cacp-villaperochon.com\/wp-content\/uploads\/2026\/02\/residents-vignette-agenda.jpg",400,400,false],"large":["https:\/\/www.cacp-villaperochon.com\/wp-content\/uploads\/2026\/02\/residents-vignette-agenda.jpg",400,400,false],"1536x1536":["https:\/\/www.cacp-villaperochon.com\/wp-content\/uploads\/2026\/02\/residents-vignette-agenda.jpg",400,400,false],"2048x2048":["https:\/\/www.cacp-villaperochon.com\/wp-content\/uploads\/2026\/02\/residents-vignette-agenda.jpg",400,400,false]},"uagb_author_info":{"display_name":"Virginie Odiard","author_link":"https:\/\/www.cacp-villaperochon.com\/en\/author\/"},"uagb_comment_info":0,"uagb_excerpt":"Seul\u00b7es, entre ami\u00b7es ou en famille, les visites comment\u00e9es propos\u00e9es par l'\u00e9quipe de m\u00e9diation de la Villa P\u00e9rochon sont l\u00e0 pour vous accompagner et vous \u00e9clairer sur les d\u00e9marches des photographes. Venez profiter d'un moment convivial au pied des \u0153uvres !","_links":{"self":[{"href":"https:\/\/www.cacp-villaperochon.com\/en\/wp-json\/wp\/v2\/agenda\/4671","targetHints":{"allow":["GET"]}}],"collection":[{"href":"https:\/\/www.cacp-villaperochon.com\/en\/wp-json\/wp\/v2\/agenda"}],"about":[{"href":"https:\/\/www.cacp-villaperochon.com\/en\/wp-json\/wp\/v2\/types\/agenda"}],"wp:featuredmedia":[{"embeddable":true,"href":"https:\/\/www.cacp-villaperochon.com\/en\/wp-json\/wp\/v2\/media\/3844"}],"wp:attachment":[{"href":"https:\/\/www.cacp-villaperochon.com\/en\/wp-json\/wp\/v2\/media?parent=4671"}],"wp:term":[{"taxonomy":"categorie-agenda","embeddable":true,"href":"https:\/\/www.cacp-villaperochon.com\/en\/wp-json\/wp\/v2\/categorie-agenda?post=4671"},{"taxonomy":"categorie-public","embeddable":true,"href":"https:\/\/www.cacp-villaperochon.com\/en\/wp-json\/wp\/v2\/categorie-public?post=4671"},{"taxonomy":"annee","embeddable":true,"href":"https:\/\/www.cacp-villaperochon.com\/en\/wp-json\/wp\/v2\/annee?post=4671"}],"curies":[{"name":"wp","href":"https:\/\/api.w.org\/{rel}","templated":true}]}}

Visite commentée à 2 voix &#8211; Musée d&#8217;Agesci

<div class="wp-block-uagb-container uagb-block-c12b1b56 alignfull uagb-is-root-container"><div class="uagb-container-inner-blocks-wrap">
<div class="wp-block-uagb-container uagb-block-bcb3c903">
<div class="wp-block-uagb-advanced-heading uagb-block-b0a44478"><h1 class="uagb-heading-text"><strong>Visite à 2 voix</strong><br>les photographes en résidence</h1></div>
</div>



<div class="wp-block-uagb-container uagb-block-2dc94297"><div class="formatage-date-agenda">On 03 May 15h00</div>
</div>
</div></div>



<div class="wp-block-uagb-container uagb-block-4a819f27 alignfull uagb-is-root-container"><div class="uagb-container-inner-blocks-wrap">
<div class="wp-block-toolset-blocks-container tb-container" data-toolset-blocks-container="b282d49576baeed3969ee05938581e82" data-bg="https://www.cacp-villaperochon.com/wp-content/uploads/2026/02/residents-banniere-agenda.jpg"></div>
</div></div>



<div class="wp-block-uagb-container uagb-block-55662321 alignfull uagb-is-root-container"><div class="uagb-container-inner-blocks-wrap">
<div class="wp-block-uagb-container uagb-block-635268ac">
<div class="wp-block-uagb-advanced-heading uagb-block-e1b6569c"></div>



<p>Les équipes de médiation de la Villa Pérochon et du musée Bernard d&#8217;Agesci s&#8217;associent pour vous proposer une visite commentée à 2 voix autour des œuvres des <a href="https://www.cacp-villaperochon.com/agenda/photographes-en-residence-2026/" data-type="agenda" data-id="3893">photographes en résidence</a>. L&#8217;occasion de croiser les regards!</p>
</div>



<div class="wp-block-uagb-container uagb-block-aaa2166e">
<div class="wp-block-uagb-container uagb-block-7a5840c0 alignfull uagb-is-root-container"><div class="uagb-container-inner-blocks-wrap">
<div class="wp-block-uagb-advanced-heading uagb-block-2f32ce87 spectra-gbs-h2-classique1741771334061"><h2 class="uagb-heading-text">Informations pratiques</h2></div>



<div class="wp-block-uagb-icon-list uagb-block-75851519"><div class="uagb-icon-list__wrap">
<div class="wp-block-uagb-icon-list-child uagb-block-890a9c58"><span class="uagb-icon-list__source-wrap"><svg xmlns="https://www.w3.org/2000/svg" viewBox="0 0 320 512"><path d="M96 480c-8.188 0-16.38-3.125-22.62-9.375c-12.5-12.5-12.5-32.75 0-45.25L242.8 256L73.38 86.63c-12.5-12.5-12.5-32.75 0-45.25s32.75-12.5 45.25 0l192 192c12.5 12.5 12.5 32.75 0 45.25l-192 192C112.4 476.9 104.2 480 96 480z"></path></svg></span><span class="uagb-icon-list__label">dimanche 3 mai à 15h au musée Bernard d&#8217;Agesci</span></div>



<div class="wp-block-uagb-icon-list-child uagb-block-ad2cacc6"><span class="uagb-icon-list__source-wrap"><svg xmlns="https://www.w3.org/2000/svg" viewBox="0 0 320 512"><path d="M96 480c-8.188 0-16.38-3.125-22.62-9.375c-12.5-12.5-12.5-32.75 0-45.25L242.8 256L73.38 86.63c-12.5-12.5-12.5-32.75 0-45.25s32.75-12.5 45.25 0l192 192c12.5 12.5 12.5 32.75 0 45.25l-192 192C112.4 476.9 104.2 480 96 480z"></path></svg></span><span class="uagb-icon-list__label">GRATUIT</span></div>



<div class="wp-block-uagb-icon-list-child uagb-block-af190595"><span class="uagb-icon-list__source-wrap"><svg xmlns="https://www.w3.org/2000/svg" viewBox="0 0 320 512"><path d="M96 480c-8.188 0-16.38-3.125-22.62-9.375c-12.5-12.5-12.5-32.75 0-45.25L242.8 256L73.38 86.63c-12.5-12.5-12.5-32.75 0-45.25s32.75-12.5 45.25 0l192 192c12.5 12.5 12.5 32.75 0 45.25l-192 192C112.4 476.9 104.2 480 96 480z"></path></svg></span><span class="uagb-icon-list__label">réservation conseillée par mail ou téléphone</span></div>
</div></div>
</div></div>
</div>
</div></div>



<p></p>

<p>Seul·es, entre ami·es ou en famille, les visites commentées proposées par l&#8217;équipe de médiation de la Villa Pérochon sont là pour vous accompagner et vous éclairer sur les démarches des photographes. Venez profiter d&#8217;un moment convivial au pied des œuvres !</p>

Seul·es, entre ami·es ou en famille, les visites commentées proposées par l'équipe de médiation de la Villa Pérochon sont là pour vous accompagner et vous éclairer sur les démarches des photographes. Venez profiter d'un moment convivial au pied des œuvres !
