{"id":4562,"date":"2025-08-07T15:04:56","date_gmt":"2025-08-07T13:04:56","guid":{"rendered":"https:\/\/www.cacp-villaperochon.com\/agenda\/guided-tour-by-xavier-ribot-2\/"},"modified":"2026-03-31T09:23:13","modified_gmt":"2026-03-31T07:23:13","slug":"guided-tour-by-xavier-ribot-2","status":"publish","type":"agenda","link":"https:\/\/www.cacp-villaperochon.com\/en\/agenda\/guided-tour-by-xavier-ribot-2\/","title":{"rendered":"Guided tour by Xavier Ribot"},"content":{"rendered":"\n<div class=\"wp-block-uagb-container uagb-block-c12b1b56 alignfull uagb-is-root-container\"><div class=\"uagb-container-inner-blocks-wrap\">\n<div class=\"wp-block-uagb-container uagb-block-bcb3c903\">\n<div class=\"wp-block-uagb-advanced-heading uagb-block-b0a44478\"><h1 class=\"uagb-heading-text\"><strong>The world according to Xavier<\/strong><br\/>Guided tour of Julien Magre&#8217;s exhibition<\/h1><\/div>\n<\/div>\n\n\n\n<div class=\"wp-block-uagb-container uagb-block-2dc94297\"><div class=\"formatage-date-agenda\">On 04 September 18h30<\/div>\n<\/div>\n<\/div><\/div>\n\n<div class=\"wp-block-uagb-container uagb-block-4a819f27 alignfull uagb-is-root-container\"><div class=\"uagb-container-inner-blocks-wrap\">\n<div class=\"wp-block-toolset-blocks-container tb-container\" data-toolset-blocks-container=\"a06a3343db4cde32cdd440c55083a925\" data-bg=\"https:\/\/www.cacp-villaperochon.com\/wp-content\/uploads\/2025\/08\/visiteXR-gabarit-banniere-agenda.jpg\"><\/div>\n<\/div><\/div>\n\n<div class=\"wp-block-uagb-container uagb-block-55662321 alignfull uagb-is-root-container\"><div class=\"uagb-container-inner-blocks-wrap\">\n<div class=\"wp-block-uagb-container uagb-block-635268ac\">\n<div class=\"wp-block-uagb-advanced-heading uagb-block-e1b6569c\"><h2 class=\"uagb-heading-text\">The world according to Xavier<\/h2><\/div>\n\n\n\n<p>The Villa P\u00e9rochon team invites Xavier Ribot, agr\u00e9g\u00e9 d&#8217;arts plastiques, to take another look at Julien Magre&#8217;s exhibition <a href=\"https:\/\/www.cacp-villaperochon.com\/en\/agenda\/julien-magre-alive\/\" data-type=\"agenda\" data-id=\"3016\">En vie<\/a>. This convivial visit will be an opportunity to learn more about the artist&#8217;s approach, on your own, with your family or friends, and above all at the foot of the works! <\/p>\n<\/div>\n\n\n\n<div class=\"wp-block-uagb-container uagb-block-aaa2166e\">\n<div class=\"wp-block-uagb-container uagb-block-7a5840c0 alignfull uagb-is-root-container\"><div class=\"uagb-container-inner-blocks-wrap\">\n<div class=\"wp-block-uagb-advanced-heading uagb-block-2f32ce87 spectra-gbs-h2-classique1741771334061\"><h2 class=\"uagb-heading-text\">Practical information<\/h2><\/div>\n\n\n\n<div class=\"wp-block-uagb-icon-list uagb-block-75851519\"><div class=\"uagb-icon-list__wrap\">\n<div class=\"wp-block-uagb-icon-list-child uagb-block-890a9c58\"><span class=\"uagb-icon-list__source-wrap\"><svg xmlns=\"https:\/\/www.w3.org\/2000\/svg\" viewbox=\"0 0 320 512\"><path d=\"M96 480c-8.188 0-16.38-3.125-22.62-9.375c-12.5-12.5-12.5-32.75 0-45.25L242.8 256L73.38 86.63c-12.5-12.5-12.5-32.75 0-45.25s32.75-12.5 45.25 0l192 192c12.5 12.5 12.5 32.75 0 45.25l-192 192C112.4 476.9 104.2 480 96 480z\"><\/path><\/svg><\/span><span class=\"uagb-icon-list__label\">Thursday, September 4 at 6:30 pm at La Villa P\u00e9rochon<\/span><\/div>\n\n\n\n<div class=\"wp-block-uagb-icon-list-child uagb-block-ad2cacc6\"><span class=\"uagb-icon-list__source-wrap\"><svg xmlns=\"https:\/\/www.w3.org\/2000\/svg\" viewbox=\"0 0 320 512\"><path d=\"M96 480c-8.188 0-16.38-3.125-22.62-9.375c-12.5-12.5-12.5-32.75 0-45.25L242.8 256L73.38 86.63c-12.5-12.5-12.5-32.75 0-45.25s32.75-12.5 45.25 0l192 192c12.5 12.5 12.5 32.75 0 45.25l-192 192C112.4 476.9 104.2 480 96 480z\"><\/path><\/svg><\/span><span class=\"uagb-icon-list__label\">FREE<\/span><\/div>\n\n\n\n<div class=\"wp-block-uagb-icon-list-child uagb-block-af190595\"><span class=\"uagb-icon-list__source-wrap\"><svg xmlns=\"https:\/\/www.w3.org\/2000\/svg\" viewbox=\"0 0 320 512\"><path d=\"M96 480c-8.188 0-16.38-3.125-22.62-9.375c-12.5-12.5-12.5-32.75 0-45.25L242.8 256L73.38 86.63c-12.5-12.5-12.5-32.75 0-45.25s32.75-12.5 45.25 0l192 192c12.5 12.5 12.5 32.75 0 45.25l-192 192C112.4 476.9 104.2 480 96 480z\"><\/path><\/svg><\/span><span class=\"uagb-icon-list__label\">reservation recommended by e-mail or telephone<\/span><\/div>\n<\/div><\/div>\n<\/div><\/div>\n<\/div>\n<\/div><\/div>\n","protected":false},"excerpt":{"rendered":"<p>Whether you&#8217;re on your own, with friends or family, the guided tours offered by the Villa P\u00e9rochon&#8217;s mediation team are there to guide and enlighten you about the photographers&#8217; approaches. Come and enjoy a convivial moment at the foot of the works! <\/p>\n","protected":false},"featured_media":4559,"template":"","meta":{"inline_featured_image":false,"_uag_custom_page_level_css":"","site-sidebar-layout":"default","site-content-layout":"","ast-site-content-layout":"default","site-content-style":"default","site-sidebar-style":"default","ast-global-header-display":"","ast-banner-title-visibility":"","ast-main-header-display":"","ast-hfb-above-header-display":"","ast-hfb-below-header-display":"","ast-hfb-mobile-header-display":"","site-post-title":"","ast-breadcrumbs-content":"","ast-featured-img":"","footer-sml-layout":"","ast-disable-related-posts":"","theme-transparent-header-meta":"","adv-header-id-meta":"","stick-header-meta":"","header-above-stick-meta":"","header-main-stick-meta":"","header-below-stick-meta":"","astra-migrate-meta-layouts":"default","ast-page-background-enabled":"default","ast-page-background-meta":{"desktop":{"background-color":"var(--ast-global-color-4)","background-image":"","background-repeat":"repeat","background-position":"center center","background-size":"auto","background-attachment":"scroll","background-type":"","background-media":"","overlay-type":"","overlay-color":"","overlay-opacity":"","overlay-gradient":""},"tablet":{"background-color":"","background-image":"","background-repeat":"repeat","background-position":"center center","background-size":"auto","background-attachment":"scroll","background-type":"","background-media":"","overlay-type":"","overlay-color":"","overlay-opacity":"","overlay-gradient":""},"mobile":{"background-color":"","background-image":"","background-repeat":"repeat","background-position":"center center","background-size":"auto","background-attachment":"scroll","background-type":"","background-media":"","overlay-type":"","overlay-color":"","overlay-opacity":"","overlay-gradient":""}},"ast-content-background-meta":{"desktop":{"background-color":"var(--ast-global-color-5)","background-image":"","background-repeat":"repeat","background-position":"center center","background-size":"auto","background-attachment":"scroll","background-type":"","background-media":"","overlay-type":"","overlay-color":"","overlay-opacity":"","overlay-gradient":""},"tablet":{"background-color":"var(--ast-global-color-5)","background-image":"","background-repeat":"repeat","background-position":"center center","background-size":"auto","background-attachment":"scroll","background-type":"","background-media":"","overlay-type":"","overlay-color":"","overlay-opacity":"","overlay-gradient":""},"mobile":{"background-color":"var(--ast-global-color-5)","background-image":"","background-repeat":"repeat","background-position":"center center","background-size":"auto","background-attachment":"scroll","background-type":"","background-media":"","overlay-type":"","overlay-color":"","overlay-opacity":"","overlay-gradient":""}}},"categorie-agenda":[36],"categorie-public":[45],"annee":[23],"class_list":["post-4562","agenda","type-agenda","status-publish","has-post-thumbnail","hentry","categorie-agenda-visits","categorie-public-all-audiences","annee-23"],"uagb_featured_image_src":{"full":["https:\/\/www.cacp-villaperochon.com\/wp-content\/uploads\/2025\/08\/visiteXR-gabarit-vignette-agenda.jpg",400,400,false],"thumbnail":["https:\/\/www.cacp-villaperochon.com\/wp-content\/uploads\/2025\/08\/visiteXR-gabarit-vignette-agenda-150x150.jpg",150,150,true],"medium":["https:\/\/www.cacp-villaperochon.com\/wp-content\/uploads\/2025\/08\/visiteXR-gabarit-vignette-agenda.jpg",400,400,false],"medium_large":["https:\/\/www.cacp-villaperochon.com\/wp-content\/uploads\/2025\/08\/visiteXR-gabarit-vignette-agenda.jpg",400,400,false],"large":["https:\/\/www.cacp-villaperochon.com\/wp-content\/uploads\/2025\/08\/visiteXR-gabarit-vignette-agenda.jpg",400,400,false],"1536x1536":["https:\/\/www.cacp-villaperochon.com\/wp-content\/uploads\/2025\/08\/visiteXR-gabarit-vignette-agenda.jpg",400,400,false],"2048x2048":["https:\/\/www.cacp-villaperochon.com\/wp-content\/uploads\/2025\/08\/visiteXR-gabarit-vignette-agenda.jpg",400,400,false]},"uagb_author_info":{"display_name":"Virginie Odiard","author_link":"https:\/\/www.cacp-villaperochon.com\/en\/author\/"},"uagb_comment_info":0,"uagb_excerpt":"Whether you're on your own, with friends or family, the guided tours offered by the Villa P\u00e9rochon's mediation team are there to guide and enlighten you about the photographers' approaches. Come and enjoy a convivial moment at the foot of the works!","_links":{"self":[{"href":"https:\/\/www.cacp-villaperochon.com\/en\/wp-json\/wp\/v2\/agenda\/4562","targetHints":{"allow":["GET"]}}],"collection":[{"href":"https:\/\/www.cacp-villaperochon.com\/en\/wp-json\/wp\/v2\/agenda"}],"about":[{"href":"https:\/\/www.cacp-villaperochon.com\/en\/wp-json\/wp\/v2\/types\/agenda"}],"wp:featuredmedia":[{"embeddable":true,"href":"https:\/\/www.cacp-villaperochon.com\/en\/wp-json\/wp\/v2\/media\/4559"}],"wp:attachment":[{"href":"https:\/\/www.cacp-villaperochon.com\/en\/wp-json\/wp\/v2\/media?parent=4562"}],"wp:term":[{"taxonomy":"categorie-agenda","embeddable":true,"href":"https:\/\/www.cacp-villaperochon.com\/en\/wp-json\/wp\/v2\/categorie-agenda?post=4562"},{"taxonomy":"categorie-public","embeddable":true,"href":"https:\/\/www.cacp-villaperochon.com\/en\/wp-json\/wp\/v2\/categorie-public?post=4562"},{"taxonomy":"annee","embeddable":true,"href":"https:\/\/www.cacp-villaperochon.com\/en\/wp-json\/wp\/v2\/annee?post=4562"}],"curies":[{"name":"wp","href":"https:\/\/api.w.org\/{rel}","templated":true}]}}

<div class="wp-block-uagb-container uagb-block-c12b1b56 alignfull uagb-is-root-container"><div class="uagb-container-inner-blocks-wrap">
<div class="wp-block-uagb-container uagb-block-bcb3c903">
<div class="wp-block-uagb-advanced-heading uagb-block-b0a44478"><h1 class="uagb-heading-text"><strong>The world according to Xavier</strong><br/>Guided tour of Julien Magre&#8217;s exhibition</h1></div>
</div>



<div class="wp-block-uagb-container uagb-block-2dc94297"><div class="formatage-date-agenda">On 04 September 18h30</div>
</div>
</div></div>

<div class="wp-block-uagb-container uagb-block-4a819f27 alignfull uagb-is-root-container"><div class="uagb-container-inner-blocks-wrap">
<div class="wp-block-toolset-blocks-container tb-container" data-toolset-blocks-container="a06a3343db4cde32cdd440c55083a925" data-bg="https://www.cacp-villaperochon.com/wp-content/uploads/2025/08/visiteXR-gabarit-banniere-agenda.jpg"></div>
</div></div>

<div class="wp-block-uagb-container uagb-block-55662321 alignfull uagb-is-root-container"><div class="uagb-container-inner-blocks-wrap">
<div class="wp-block-uagb-container uagb-block-635268ac">
<div class="wp-block-uagb-advanced-heading uagb-block-e1b6569c"><h2 class="uagb-heading-text">The world according to Xavier</h2></div>



<p>The Villa Pérochon team invites Xavier Ribot, agrégé d&#8217;arts plastiques, to take another look at Julien Magre&#8217;s exhibition <a href="https://www.cacp-villaperochon.com/en/agenda/julien-magre-alive/" data-type="agenda" data-id="3016">En vie</a>. This convivial visit will be an opportunity to learn more about the artist&#8217;s approach, on your own, with your family or friends, and above all at the foot of the works! </p>
</div>



<div class="wp-block-uagb-container uagb-block-aaa2166e">
<div class="wp-block-uagb-container uagb-block-7a5840c0 alignfull uagb-is-root-container"><div class="uagb-container-inner-blocks-wrap">
<div class="wp-block-uagb-advanced-heading uagb-block-2f32ce87 spectra-gbs-h2-classique1741771334061"><h2 class="uagb-heading-text">Practical information</h2></div>



<div class="wp-block-uagb-icon-list uagb-block-75851519"><div class="uagb-icon-list__wrap">
<div class="wp-block-uagb-icon-list-child uagb-block-890a9c58"><span class="uagb-icon-list__source-wrap"><svg xmlns="https://www.w3.org/2000/svg" viewbox="0 0 320 512"><path d="M96 480c-8.188 0-16.38-3.125-22.62-9.375c-12.5-12.5-12.5-32.75 0-45.25L242.8 256L73.38 86.63c-12.5-12.5-12.5-32.75 0-45.25s32.75-12.5 45.25 0l192 192c12.5 12.5 12.5 32.75 0 45.25l-192 192C112.4 476.9 104.2 480 96 480z"></path></svg></span><span class="uagb-icon-list__label">Thursday, September 4 at 6:30 pm at La Villa Pérochon</span></div>



<div class="wp-block-uagb-icon-list-child uagb-block-ad2cacc6"><span class="uagb-icon-list__source-wrap"><svg xmlns="https://www.w3.org/2000/svg" viewbox="0 0 320 512"><path d="M96 480c-8.188 0-16.38-3.125-22.62-9.375c-12.5-12.5-12.5-32.75 0-45.25L242.8 256L73.38 86.63c-12.5-12.5-12.5-32.75 0-45.25s32.75-12.5 45.25 0l192 192c12.5 12.5 12.5 32.75 0 45.25l-192 192C112.4 476.9 104.2 480 96 480z"></path></svg></span><span class="uagb-icon-list__label">FREE</span></div>



<div class="wp-block-uagb-icon-list-child uagb-block-af190595"><span class="uagb-icon-list__source-wrap"><svg xmlns="https://www.w3.org/2000/svg" viewbox="0 0 320 512"><path d="M96 480c-8.188 0-16.38-3.125-22.62-9.375c-12.5-12.5-12.5-32.75 0-45.25L242.8 256L73.38 86.63c-12.5-12.5-12.5-32.75 0-45.25s32.75-12.5 45.25 0l192 192c12.5 12.5 12.5 32.75 0 45.25l-192 192C112.4 476.9 104.2 480 96 480z"></path></svg></span><span class="uagb-icon-list__label">reservation recommended by e-mail or telephone</span></div>
</div></div>
</div></div>
</div>
</div></div>

<p>Whether you&#8217;re on your own, with friends or family, the guided tours offered by the Villa Pérochon&#8217;s mediation team are there to guide and enlighten you about the photographers&#8217; approaches. Come and enjoy a convivial moment at the foot of the works! </p>

Whether you're on your own, with friends or family, the guided tours offered by the Villa Pérochon's mediation team are there to guide and enlighten you about the photographers' approaches. Come and enjoy a convivial moment at the foot of the works!
