{"id":4497,"date":"2025-09-09T15:56:32","date_gmt":"2025-09-09T13:56:32","guid":{"rendered":"https:\/\/www.cacp-villaperochon.com\/agenda\/formation-diagonal-strengthen-and-enhance-your-approach-as-an-author-photographer\/"},"modified":"2026-03-31T09:22:25","modified_gmt":"2026-03-31T07:22:25","slug":"formation-diagonal-strengthen-and-enhance-your-approach-as-an-author-photographer","status":"publish","type":"agenda","link":"https:\/\/www.cacp-villaperochon.com\/en\/agenda\/formation-diagonal-strengthen-and-enhance-your-approach-as-an-author-photographer\/","title":{"rendered":"Formation Diagonal &#8211; Strengthen and enhance your approach as an author-photographer"},"content":{"rendered":"\n<div class=\"wp-block-uagb-container uagb-block-c12b1b56 alignfull uagb-is-root-container\"><div class=\"uagb-container-inner-blocks-wrap\">\n<div class=\"wp-block-uagb-container uagb-block-bcb3c903\">\n<div class=\"wp-block-uagb-advanced-heading uagb-block-b0a44478\"><h1 class=\"uagb-heading-text\"><strong>Training<\/strong><br\/>Strengthen and enhance your approach as a photographer<\/h1><\/div>\n<\/div>\n\n\n\n<div class=\"wp-block-uagb-container uagb-block-2dc94297\"><div class=\"formatage-date-agenda\">From 17 November <br> To 19 November<\/div>\n<\/div>\n<\/div><\/div>\n\n<div class=\"wp-block-uagb-container uagb-block-4a819f27 alignfull uagb-is-root-container\"><div class=\"uagb-container-inner-blocks-wrap\">\n<div class=\"wp-block-toolset-blocks-container tb-container\" data-toolset-blocks-container=\"4cf5308e5bdd15c159374a25e62f07c1\" data-bg=\"https:\/\/www.cacp-villaperochon.com\/wp-content\/uploads\/2025\/09\/workshop-diagonal-gabarit-banniere-agenda.jpg\"><\/div>\n<\/div><\/div>\n\n<div class=\"wp-block-uagb-container uagb-block-55662321 alignfull uagb-is-root-container\"><div class=\"uagb-container-inner-blocks-wrap\">\n<div class=\"wp-block-uagb-container uagb-block-635268ac\">\n<div class=\"wp-block-uagb-advanced-heading uagb-block-14f6db6f\"><p class=\"uagb-heading-text\">La Villa P\u00e9rochon hosts the &#8220;Conforter et valoriser sa d\u00e9marche d&#8217;auteur-e-photographe&#8221; training course run by Mathieu Oui and organized by R\u00e9seau Diagonal<\/p><\/div>\n\n\n\n<div class=\"wp-block-uagb-advanced-heading uagb-block-e1b6569c\"><p class=\"uagb-heading-text\">To be a photographer is to lead a multi-active career in a world where images are understood in the plural. Photographer-authors often combine different statuses: they produce for creative purposes, for companies, for the press; and they work with and for the public. Today, many educational projects include the participation of artist-author-photographers.<br\/>This 3-day training course is designed specifically to support artist-author-photographers who are developing educational, transmission and practical projects.<br\/>&#8211; Promote your approach as an artist-author-photographer and contributor with appropriate communication tools.<br\/> &#8211; Reinforce your approach with digital media and stand out from the crowd.  <\/p><\/div>\n\n\n\n<div class=\"wp-block-uagb-advanced-heading uagb-block-e784ceea\"><h4 class=\"uagb-heading-text\">PROGRAM<\/h4><\/div>\n\n\n\n<p>Lead trainer: Mathieu Oui, journalist and photographer<br\/>&#8211; Day 1: Find your place in the photography and visual arts ecosystem<br\/>&#8211; Day 2: Build and adapt your portfolio to suit your projects<br\/>&#8211; Day 3: Adapt your communication on the web and through social networks<\/p>\n\n\n\n<h4 class=\"wp-block-heading\">IN PRACTICE<\/h4>\n\n\n\n<p><strong>Target audience<br\/><\/strong>This course is aimed at photographers wishing to position and refocus their professional project in the field of photographic creation. It can be taken before or in addition to the &#8220;Photographe intervenant-e : Concevoir et r\u00e9aliser des projets de pratique et d&#8217;\u00e9ducation \u00e0 l&#8217;image en photographie&#8221; course organized by the Diagonal network. <br\/><br\/>Maximum number of trainees per session: 10<br\/><br\/><strong>Prerequisites<\/strong>: Declaration of activity as a photographer (or activity in the process of registration)<\/p>\n\n\n\n<p><strong>Educational costs<br\/><\/strong>900 \u20ac per participant<br\/>Meals, accommodation and travel costs are the responsibility of the participants.<br\/>Diagonal can help you find the necessary funding. Contact us to find out how.<\/p>\n\n\n\n<p><strong>Accessibility<\/strong><br\/>The Diagonal network offers specific support for people with disabilities: needs analysis, adaptation of reception and\/or training conditions if necessary.  <\/p>\n<\/div>\n\n\n\n<div class=\"wp-block-uagb-container uagb-block-aaa2166e\">\n<div class=\"wp-block-uagb-container uagb-block-7a5840c0 alignfull uagb-is-root-container\"><div class=\"uagb-container-inner-blocks-wrap\">\n<div class=\"wp-block-uagb-advanced-heading uagb-block-2f32ce87 spectra-gbs-h2-classique1741771334061\"><h2 class=\"uagb-heading-text\">Practical information<\/h2><\/div>\n\n\n\n<div class=\"wp-block-uagb-icon-list uagb-block-75851519\"><div class=\"uagb-icon-list__wrap\">\n<div class=\"wp-block-uagb-icon-list-child uagb-block-890a9c58\"><span class=\"uagb-icon-list__source-wrap\"><svg xmlns=\"https:\/\/www.w3.org\/2000\/svg\" viewbox=\"0 0 320 512\"><path d=\"M96 480c-8.188 0-16.38-3.125-22.62-9.375c-12.5-12.5-12.5-32.75 0-45.25L242.8 256L73.38 86.63c-12.5-12.5-12.5-32.75 0-45.25s32.75-12.5 45.25 0l192 192c12.5 12.5 12.5 32.75 0 45.25l-192 192C112.4 476.9 104.2 480 96 480z\"><\/path><\/svg><\/span><span class=\"uagb-icon-list__label\">November 17, 18 and 19, 2025 at La Villa P\u00e9rochon<\/span><\/div>\n\n\n\n<div class=\"wp-block-uagb-icon-list-child uagb-block-ad2cacc6\"><span class=\"uagb-icon-list__source-wrap\"><svg xmlns=\"https:\/\/www.w3.org\/2000\/svg\" viewbox=\"0 0 320 512\"><path d=\"M96 480c-8.188 0-16.38-3.125-22.62-9.375c-12.5-12.5-12.5-32.75 0-45.25L242.8 256L73.38 86.63c-12.5-12.5-12.5-32.75 0-45.25s32.75-12.5 45.25 0l192 192c12.5 12.5 12.5 32.75 0 45.25l-192 192C112.4 476.9 104.2 480 96 480z\"><\/path><\/svg><\/span><span class=\"uagb-icon-list__label\">Supervised by Mathieu Oui<\/span><\/div>\n\n\n\n<div class=\"wp-block-uagb-icon-list-child uagb-block-af190595\"><span class=\"uagb-icon-list__source-wrap\"><svg xmlns=\"https:\/\/www.w3.org\/2000\/svg\" viewbox=\"0 0 320 512\"><path d=\"M96 480c-8.188 0-16.38-3.125-22.62-9.375c-12.5-12.5-12.5-32.75 0-45.25L242.8 256L73.38 86.63c-12.5-12.5-12.5-32.75 0-45.25s32.75-12.5 45.25 0l192 192c12.5 12.5 12.5 32.75 0 45.25l-192 192C112.4 476.9 104.2 480 96 480z\"><\/path><\/svg><\/span><span class=\"uagb-icon-list__label\">Information, quotation and registration with R\u00e9seau Diagonal<\/span><\/div>\n<\/div><\/div>\n<\/div><\/div>\n\n\n\n<div class=\"wp-block-uagb-buttons uagb-buttons__outer-wrap uagb-btn__default-btn uagb-btn-tablet__default-btn uagb-btn-mobile__default-btn uagb-block-ccafccbf\"><div class=\"uagb-buttons__wrap uagb-buttons-layout-wrap \">\n<div class=\"wp-block-uagb-buttons-child uagb-buttons__outer-wrap uagb-block-57c83290 wp-block-button\"><div class=\"uagb-button__wrapper\"><a class=\"uagb-buttons-repeater wp-block-button__link\" aria-label=\"\" href=\"https:\/\/reseau-diagonal.com\/formation-valoriser-son-parcours#formation-valoriser-son-parcours-corps\" rel=\"follow noopener\" target=\"_blank\" role=\"button\"><div class=\"uagb-button__link\">Read more<\/div><\/a><\/div><\/div>\n<\/div><\/div>\n<\/div>\n<\/div><\/div>\n","protected":false},"excerpt":{"rendered":"<p>TrainingStrengthen and enhance your approach as a photographer La Villa P\u00e9rochon hosts the &#8220;Conforter et valoriser sa d\u00e9marche d&#8217;auteur-e-photographe&#8221; training [&hellip;]<\/p>\n","protected":false},"featured_media":4500,"template":"","meta":{"inline_featured_image":false,"_uag_custom_page_level_css":"","site-sidebar-layout":"default","site-content-layout":"","ast-site-content-layout":"default","site-content-style":"default","site-sidebar-style":"default","ast-global-header-display":"","ast-banner-title-visibility":"","ast-main-header-display":"","ast-hfb-above-header-display":"","ast-hfb-below-header-display":"","ast-hfb-mobile-header-display":"","site-post-title":"","ast-breadcrumbs-content":"","ast-featured-img":"","footer-sml-layout":"","ast-disable-related-posts":"","theme-transparent-header-meta":"","adv-header-id-meta":"","stick-header-meta":"","header-above-stick-meta":"","header-main-stick-meta":"","header-below-stick-meta":"","astra-migrate-meta-layouts":"default","ast-page-background-enabled":"default","ast-page-background-meta":{"desktop":{"background-color":"var(--ast-global-color-4)","background-image":"","background-repeat":"repeat","background-position":"center center","background-size":"auto","background-attachment":"scroll","background-type":"","background-media":"","overlay-type":"","overlay-color":"","overlay-opacity":"","overlay-gradient":""},"tablet":{"background-color":"","background-image":"","background-repeat":"repeat","background-position":"center center","background-size":"auto","background-attachment":"scroll","background-type":"","background-media":"","overlay-type":"","overlay-color":"","overlay-opacity":"","overlay-gradient":""},"mobile":{"background-color":"","background-image":"","background-repeat":"repeat","background-position":"center center","background-size":"auto","background-attachment":"scroll","background-type":"","background-media":"","overlay-type":"","overlay-color":"","overlay-opacity":"","overlay-gradient":""}},"ast-content-background-meta":{"desktop":{"background-color":"var(--ast-global-color-5)","background-image":"","background-repeat":"repeat","background-position":"center center","background-size":"auto","background-attachment":"scroll","background-type":"","background-media":"","overlay-type":"","overlay-color":"","overlay-opacity":"","overlay-gradient":""},"tablet":{"background-color":"var(--ast-global-color-5)","background-image":"","background-repeat":"repeat","background-position":"center center","background-size":"auto","background-attachment":"scroll","background-type":"","background-media":"","overlay-type":"","overlay-color":"","overlay-opacity":"","overlay-gradient":""},"mobile":{"background-color":"var(--ast-global-color-5)","background-image":"","background-repeat":"repeat","background-position":"center center","background-size":"auto","background-attachment":"scroll","background-type":"","background-media":"","overlay-type":"","overlay-color":"","overlay-opacity":"","overlay-gradient":""}}},"categorie-agenda":[38],"categorie-public":[45,44],"annee":[],"class_list":["post-4497","agenda","type-agenda","status-publish","has-post-thumbnail","hentry","categorie-agenda-workshops-classes","categorie-public-all-audiences","categorie-public-artists"],"uagb_featured_image_src":{"full":["https:\/\/www.cacp-villaperochon.com\/wp-content\/uploads\/2025\/09\/workshop-diagonal-gabarit-vignette-agenda.jpg",400,400,false],"thumbnail":["https:\/\/www.cacp-villaperochon.com\/wp-content\/uploads\/2025\/09\/workshop-diagonal-gabarit-vignette-agenda-150x150.jpg",150,150,true],"medium":["https:\/\/www.cacp-villaperochon.com\/wp-content\/uploads\/2025\/09\/workshop-diagonal-gabarit-vignette-agenda.jpg",400,400,false],"medium_large":["https:\/\/www.cacp-villaperochon.com\/wp-content\/uploads\/2025\/09\/workshop-diagonal-gabarit-vignette-agenda.jpg",400,400,false],"large":["https:\/\/www.cacp-villaperochon.com\/wp-content\/uploads\/2025\/09\/workshop-diagonal-gabarit-vignette-agenda.jpg",400,400,false],"1536x1536":["https:\/\/www.cacp-villaperochon.com\/wp-content\/uploads\/2025\/09\/workshop-diagonal-gabarit-vignette-agenda.jpg",400,400,false],"2048x2048":["https:\/\/www.cacp-villaperochon.com\/wp-content\/uploads\/2025\/09\/workshop-diagonal-gabarit-vignette-agenda.jpg",400,400,false]},"uagb_author_info":{"display_name":"Virginie Odiard","author_link":"https:\/\/www.cacp-villaperochon.com\/en\/author\/"},"uagb_comment_info":0,"uagb_excerpt":"TrainingStrengthen and enhance your approach as a photographer La Villa P\u00e9rochon hosts the &#8220;Conforter et valoriser sa d\u00e9marche d&#8217;auteur-e-photographe&#8221; training [&hellip;]","_links":{"self":[{"href":"https:\/\/www.cacp-villaperochon.com\/en\/wp-json\/wp\/v2\/agenda\/4497","targetHints":{"allow":["GET"]}}],"collection":[{"href":"https:\/\/www.cacp-villaperochon.com\/en\/wp-json\/wp\/v2\/agenda"}],"about":[{"href":"https:\/\/www.cacp-villaperochon.com\/en\/wp-json\/wp\/v2\/types\/agenda"}],"wp:featuredmedia":[{"embeddable":true,"href":"https:\/\/www.cacp-villaperochon.com\/en\/wp-json\/wp\/v2\/media\/4500"}],"wp:attachment":[{"href":"https:\/\/www.cacp-villaperochon.com\/en\/wp-json\/wp\/v2\/media?parent=4497"}],"wp:term":[{"taxonomy":"categorie-agenda","embeddable":true,"href":"https:\/\/www.cacp-villaperochon.com\/en\/wp-json\/wp\/v2\/categorie-agenda?post=4497"},{"taxonomy":"categorie-public","embeddable":true,"href":"https:\/\/www.cacp-villaperochon.com\/en\/wp-json\/wp\/v2\/categorie-public?post=4497"},{"taxonomy":"annee","embeddable":true,"href":"https:\/\/www.cacp-villaperochon.com\/en\/wp-json\/wp\/v2\/annee?post=4497"}],"curies":[{"name":"wp","href":"https:\/\/api.w.org\/{rel}","templated":true}]}}

<div class="wp-block-uagb-container uagb-block-c12b1b56 alignfull uagb-is-root-container"><div class="uagb-container-inner-blocks-wrap">
<div class="wp-block-uagb-container uagb-block-bcb3c903">
<div class="wp-block-uagb-advanced-heading uagb-block-b0a44478"><h1 class="uagb-heading-text"><strong>Training</strong><br/>Strengthen and enhance your approach as a photographer</h1></div>
</div>



<div class="wp-block-uagb-container uagb-block-2dc94297"><div class="formatage-date-agenda">From 17 November <br> To 19 November</div>
</div>
</div></div>

<div class="wp-block-uagb-container uagb-block-4a819f27 alignfull uagb-is-root-container"><div class="uagb-container-inner-blocks-wrap">
<div class="wp-block-toolset-blocks-container tb-container" data-toolset-blocks-container="4cf5308e5bdd15c159374a25e62f07c1" data-bg="https://www.cacp-villaperochon.com/wp-content/uploads/2025/09/workshop-diagonal-gabarit-banniere-agenda.jpg"></div>
</div></div>

<div class="wp-block-uagb-container uagb-block-55662321 alignfull uagb-is-root-container"><div class="uagb-container-inner-blocks-wrap">
<div class="wp-block-uagb-container uagb-block-635268ac">
<div class="wp-block-uagb-advanced-heading uagb-block-14f6db6f"><p class="uagb-heading-text">La Villa Pérochon hosts the &#8220;Conforter et valoriser sa démarche d&#8217;auteur-e-photographe&#8221; training course run by Mathieu Oui and organized by Réseau Diagonal</p></div>



<div class="wp-block-uagb-advanced-heading uagb-block-e1b6569c"><p class="uagb-heading-text">To be a photographer is to lead a multi-active career in a world where images are understood in the plural. Photographer-authors often combine different statuses: they produce for creative purposes, for companies, for the press; and they work with and for the public. Today, many educational projects include the participation of artist-author-photographers.<br/>This 3-day training course is designed specifically to support artist-author-photographers who are developing educational, transmission and practical projects.<br/>&#8211; Promote your approach as an artist-author-photographer and contributor with appropriate communication tools.<br/> &#8211; Reinforce your approach with digital media and stand out from the crowd.  </p></div>



<div class="wp-block-uagb-advanced-heading uagb-block-e784ceea"><h4 class="uagb-heading-text">PROGRAM</h4></div>



<p>Lead trainer: Mathieu Oui, journalist and photographer<br/>&#8211; Day 1: Find your place in the photography and visual arts ecosystem<br/>&#8211; Day 2: Build and adapt your portfolio to suit your projects<br/>&#8211; Day 3: Adapt your communication on the web and through social networks</p>



<h4 class="wp-block-heading">IN PRACTICE</h4>



<p><strong>Target audience<br/></strong>This course is aimed at photographers wishing to position and refocus their professional project in the field of photographic creation. It can be taken before or in addition to the &#8220;Photographe intervenant-e : Concevoir et réaliser des projets de pratique et d&#8217;éducation à l&#8217;image en photographie&#8221; course organized by the Diagonal network. <br/><br/>Maximum number of trainees per session: 10<br/><br/><strong>Prerequisites</strong>: Declaration of activity as a photographer (or activity in the process of registration)</p>



<p><strong>Educational costs<br/></strong>900 € per participant<br/>Meals, accommodation and travel costs are the responsibility of the participants.<br/>Diagonal can help you find the necessary funding. Contact us to find out how.</p>



<p><strong>Accessibility</strong><br/>The Diagonal network offers specific support for people with disabilities: needs analysis, adaptation of reception and/or training conditions if necessary.  </p>
</div>



<div class="wp-block-uagb-container uagb-block-aaa2166e">
<div class="wp-block-uagb-container uagb-block-7a5840c0 alignfull uagb-is-root-container"><div class="uagb-container-inner-blocks-wrap">
<div class="wp-block-uagb-advanced-heading uagb-block-2f32ce87 spectra-gbs-h2-classique1741771334061"><h2 class="uagb-heading-text">Practical information</h2></div>



<div class="wp-block-uagb-icon-list uagb-block-75851519"><div class="uagb-icon-list__wrap">
<div class="wp-block-uagb-icon-list-child uagb-block-890a9c58"><span class="uagb-icon-list__source-wrap"><svg xmlns="https://www.w3.org/2000/svg" viewbox="0 0 320 512"><path d="M96 480c-8.188 0-16.38-3.125-22.62-9.375c-12.5-12.5-12.5-32.75 0-45.25L242.8 256L73.38 86.63c-12.5-12.5-12.5-32.75 0-45.25s32.75-12.5 45.25 0l192 192c12.5 12.5 12.5 32.75 0 45.25l-192 192C112.4 476.9 104.2 480 96 480z"></path></svg></span><span class="uagb-icon-list__label">November 17, 18 and 19, 2025 at La Villa Pérochon</span></div>



<div class="wp-block-uagb-icon-list-child uagb-block-ad2cacc6"><span class="uagb-icon-list__source-wrap"><svg xmlns="https://www.w3.org/2000/svg" viewbox="0 0 320 512"><path d="M96 480c-8.188 0-16.38-3.125-22.62-9.375c-12.5-12.5-12.5-32.75 0-45.25L242.8 256L73.38 86.63c-12.5-12.5-12.5-32.75 0-45.25s32.75-12.5 45.25 0l192 192c12.5 12.5 12.5 32.75 0 45.25l-192 192C112.4 476.9 104.2 480 96 480z"></path></svg></span><span class="uagb-icon-list__label">Supervised by Mathieu Oui</span></div>



<div class="wp-block-uagb-icon-list-child uagb-block-af190595"><span class="uagb-icon-list__source-wrap"><svg xmlns="https://www.w3.org/2000/svg" viewbox="0 0 320 512"><path d="M96 480c-8.188 0-16.38-3.125-22.62-9.375c-12.5-12.5-12.5-32.75 0-45.25L242.8 256L73.38 86.63c-12.5-12.5-12.5-32.75 0-45.25s32.75-12.5 45.25 0l192 192c12.5 12.5 12.5 32.75 0 45.25l-192 192C112.4 476.9 104.2 480 96 480z"></path></svg></span><span class="uagb-icon-list__label">Information, quotation and registration with Réseau Diagonal</span></div>
</div></div>
</div></div>



<div class="wp-block-uagb-buttons uagb-buttons__outer-wrap uagb-btn__default-btn uagb-btn-tablet__default-btn uagb-btn-mobile__default-btn uagb-block-ccafccbf"><div class="uagb-buttons__wrap uagb-buttons-layout-wrap ">
<div class="wp-block-uagb-buttons-child uagb-buttons__outer-wrap uagb-block-57c83290 wp-block-button"><div class="uagb-button__wrapper"><a class="uagb-buttons-repeater wp-block-button__link" aria-label="" href="https://reseau-diagonal.com/formation-valoriser-son-parcours#formation-valoriser-son-parcours-corps" rel="follow noopener" target="_blank" role="button"><div class="uagb-button__link">Read more</div></a></div></div>
</div></div>
</div>
</div></div>

<p>TrainingStrengthen and enhance your approach as a photographer La Villa Pérochon hosts the &#8220;Conforter et valoriser sa démarche d&#8217;auteur-e-photographe&#8221; training [&hellip;]</p>

TrainingStrengthen and enhance your approach as a photographer La Villa Pérochon hosts the &#8220;Conforter et valoriser sa démarche d&#8217;auteur-e-photographe&#8221; training [&hellip;]
