{"id":4489,"date":"2025-11-13T15:13:03","date_gmt":"2025-11-13T14:13:03","guid":{"rendered":"https:\/\/www.cacp-villaperochon.com\/agenda\/workshop-display-scenography-installation\/"},"modified":"2026-03-31T09:22:25","modified_gmt":"2026-03-31T07:22:25","slug":"workshop-display-scenography-installation","status":"publish","type":"agenda","link":"https:\/\/www.cacp-villaperochon.com\/en\/agenda\/workshop-display-scenography-installation\/","title":{"rendered":"Workshop &#8211; Display, scenography, installation"},"content":{"rendered":"\n<div class=\"wp-block-uagb-container uagb-block-c12b1b56 alignfull uagb-is-root-container\"><div class=\"uagb-container-inner-blocks-wrap\">\n<div class=\"wp-block-uagb-advanced-heading uagb-block-b0a44478\"><h1 class=\"uagb-heading-text\"><strong>Workshop<\/strong><br\/>Exhibition, scenography, installation<\/h1><\/div>\n\n\n\n<div class=\"wp-block-uagb-container uagb-block-2dc94297\"><div class=\"formatage-date-agenda\">From 28 February <br> To 01 March<\/div>\n<\/div>\n<\/div><\/div>\n\n<div class=\"wp-block-uagb-container uagb-block-38034a17 alignfull uagb-is-root-container\"><div class=\"uagb-container-inner-blocks-wrap\">\n<div class=\"wp-block-toolset-blocks-container tb-container\" data-toolset-blocks-container=\"2ff12a1dfad2b2e4533711fd38b8024b\" data-bg=\"https:\/\/www.cacp-villaperochon.com\/wp-content\/uploads\/2025\/11\/scneo-banniere-agenda.jpg\"><\/div>\n<\/div><\/div>\n\n<div class=\"wp-block-uagb-container uagb-block-7a76b97a alignfull uagb-is-root-container\"><div class=\"uagb-container-inner-blocks-wrap\">\n<div class=\"wp-block-uagb-container uagb-block-f7b1db89 alignfull uagb-is-root-container\"><div class=\"uagb-container-inner-blocks-wrap\">\n<h4 class=\"wp-block-heading\">This workshop is sold out!<\/h4>\n\n\n\n<p>What to do with selected photographs?<br\/>How do you juxtapose images and objects?<br\/>How to occupy a given space?<br\/>What makes this workshop at La Villa P\u00e9rochon so interesting is that it alternates between practice and analysis, in a spirit of sharing. Using examples, experiments and theoretical reflections, the workshop enables participants to question their artistic approaches. The workshop approaches photography in its entirety, as an image and as an object, to discover that hanging is a communicative work.  <\/p>\n\n\n\n<div class=\"wp-block-uagb-container uagb-layout-flex uagb-block-1ff69ed6\">\n<div class=\"wp-block-uagb-buttons uagb-buttons__outer-wrap uagb-btn__default-btn uagb-btn-tablet__default-btn uagb-btn-mobile__default-btn uagb-block-ccafccbf\"><div class=\"uagb-buttons__wrap uagb-buttons-layout-wrap \">\n<div class=\"wp-block-uagb-buttons-child uagb-buttons__outer-wrap uagb-block-57c83290 wp-block-button\"><div class=\"uagb-button__wrapper\"><a class=\"uagb-buttons-repeater wp-block-button__link\" aria-label=\"\" href=\"https:\/\/www.helloasso.com\/associations\/pour-l-instant-cacp-villa-perochon\/evenements\/atelier-mise-en-exposition-scenographie-installation-2\" rel=\"follow noopener\" target=\"_blank\" role=\"button\"><div class=\"uagb-button__link\">REGISTER<br\/>on HelloAsso<\/div><\/a><\/div><\/div>\n<\/div><\/div>\n\n\n\n<div class=\"wp-block-uagb-buttons uagb-buttons__outer-wrap uagb-btn__default-btn uagb-btn-tablet__default-btn uagb-btn-mobile__default-btn uagb-block-8ee3ef4a\"><div class=\"uagb-buttons__wrap uagb-buttons-layout-wrap \">\n<div class=\"wp-block-uagb-buttons-child uagb-buttons__outer-wrap uagb-block-240d8853 wp-block-button\"><div class=\"uagb-button__wrapper\"><a class=\"uagb-buttons-repeater wp-block-button__link\" aria-label=\"\" href=\"https:\/\/www.cacp-villaperochon.com\/wp-content\/uploads\/2025\/11\/fiche-stage-Xavier.pdf\" rel=\"follow noopener\" target=\"_blank\" role=\"button\"><div class=\"uagb-button__link\">DOWNLOAD<br\/>registration form<\/div><\/a><\/div><\/div>\n<\/div><\/div>\n<\/div>\n<\/div><\/div>\n\n\n\n<div class=\"wp-block-uagb-container uagb-block-5acff04a\">\n<div class=\"wp-block-uagb-container uagb-block-53cf430e alignfull uagb-is-root-container\"><div class=\"uagb-container-inner-blocks-wrap\">\n<div class=\"wp-block-uagb-advanced-heading uagb-block-9a0e302c spectra-gbs-h2-classique1741771334061\"><h2 class=\"uagb-heading-text\">Practical info<\/h2><\/div>\n\n\n\n<div class=\"wp-block-uagb-icon-list uagb-block-ec83d20e\"><div class=\"uagb-icon-list__wrap\">\n<div class=\"wp-block-uagb-icon-list-child uagb-block-8c475c03\"><a target=\"_blank\" aria-label=\"28 f\u00e9vrier et 1er mars \u00e0 la Villa P\u00e9rochon\" rel=\"noopener noreferrer\" href=\"https:\/\/www.cacp-villaperochon.com\/en\/agenda\/julien-magre-alive\/\"> <\/a><span class=\"uagb-icon-list__source-wrap\"><svg xmlns=\"https:\/\/www.w3.org\/2000\/svg\" viewbox=\"0 0 320 512\"><path d=\"M96 480c-8.188 0-16.38-3.125-22.62-9.375c-12.5-12.5-12.5-32.75 0-45.25L242.8 256L73.38 86.63c-12.5-12.5-12.5-32.75 0-45.25s32.75-12.5 45.25 0l192 192c12.5 12.5 12.5 32.75 0 45.25l-192 192C112.4 476.9 104.2 480 96 480z\"><\/path><\/svg><\/span><span class=\"uagb-icon-list__label\">February 28 and March 1 at La Villa P\u00e9rochon<\/span><\/div>\n\n\n\n<div class=\"wp-block-uagb-icon-list-child uagb-block-f13c2145\"><span class=\"uagb-icon-list__source-wrap\"><svg xmlns=\"https:\/\/www.w3.org\/2000\/svg\" viewbox=\"0 0 320 512\"><path d=\"M96 480c-8.188 0-16.38-3.125-22.62-9.375c-12.5-12.5-12.5-32.75 0-45.25L242.8 256L73.38 86.63c-12.5-12.5-12.5-32.75 0-45.25s32.75-12.5 45.25 0l192 192c12.5 12.5 12.5 32.75 0 45.25l-192 192C112.4 476.9 104.2 480 96 480z\"><\/path><\/svg><\/span><span class=\"uagb-icon-list__label\">PREREQUISITES: Come with a corpus of images<\/span><\/div>\n\n\n\n<div class=\"wp-block-uagb-icon-list-child uagb-block-49d91057\"><span class=\"uagb-icon-list__source-wrap\"><svg xmlns=\"https:\/\/www.w3.org\/2000\/svg\" viewbox=\"0 0 320 512\"><path d=\"M96 480c-8.188 0-16.38-3.125-22.62-9.375c-12.5-12.5-12.5-32.75 0-45.25L242.8 256L73.38 86.63c-12.5-12.5-12.5-32.75 0-45.25s32.75-12.5 45.25 0l192 192c12.5 12.5 12.5 32.75 0 45.25l-192 192C112.4 476.9 104.2 480 96 480z\"><\/path><\/svg><\/span><span class=\"uagb-icon-list__label\">RATES: \u20ac50<\/span><\/div>\n\n\n\n<div class=\"wp-block-uagb-icon-list-child uagb-block-aa7221fd\"><span class=\"uagb-icon-list__source-wrap\"><svg xmlns=\"https:\/\/www.w3.org\/2000\/svg\" viewbox=\"0 0 320 512\"><path d=\"M96 480c-8.188 0-16.38-3.125-22.62-9.375c-12.5-12.5-12.5-32.75 0-45.25L242.8 256L73.38 86.63c-12.5-12.5-12.5-32.75 0-45.25s32.75-12.5 45.25 0l192 192c12.5 12.5 12.5 32.75 0 45.25l-192 192C112.4 476.9 104.2 480 96 480z\"><\/path><\/svg><\/span><span class=\"uagb-icon-list__label\">Registration and payment online via HelloAsso or by returning the completed registration form together with your cheque.<\/span><\/div>\n<\/div><\/div>\n<\/div><\/div>\n<\/div>\n<\/div><\/div>\n\n<div class=\"wp-block-uagb-container uagb-block-2a1da35b alignfull uagb-is-root-container\"><div class=\"uagb-container-inner-blocks-wrap\">\n<div class=\"wp-block-uagb-container uagb-block-03307c5e\">\n<div class=\"wp-block-uagb-image aligncenter uagb-block-f2fbcdd0 wp-block-uagb-image--layout-default wp-block-uagb-image--effect-static wp-block-uagb-image--align-center\"><figure class=\"wp-block-uagb-image__figure\"><img decoding=\"async\" srcset=\"https:\/\/www.cacp-villaperochon.com\/wp-content\/uploads\/2025\/11\/XRibot-web-364x400.jpg ,https:\/\/www.cacp-villaperochon.com\/wp-content\/uploads\/2025\/11\/XRibot-web.jpg 780w, https:\/\/www.cacp-villaperochon.com\/wp-content\/uploads\/2025\/11\/XRibot-web.jpg 360w\" sizes=\"auto, (max-width: 480px) 150px\" src=\"https:\/\/www.cacp-villaperochon.com\/wp-content\/uploads\/2025\/11\/XRibot-web-364x400.jpg\" alt=\"\" class=\"uag-image-3382\" width=\"231\" height=\"254\" title=\"Portrait Xavier Ribot\" loading=\"lazy\" role=\"img\"><\/figure><\/div>\n<\/div>\n\n\n\n<div class=\"wp-block-uagb-container uagb-block-bcb3c903\">\n<div class=\"wp-block-uagb-advanced-heading uagb-block-073357df\"><h2 class=\"uagb-heading-text\">Xavier Ribot<\/h2><\/div>\n\n\n\n<p>Agr\u00e9g\u00e9 d&#8217;arts plastiques born in 1957 in the north of Sarthe. Xavier Ribot has organized numerous exhibitions since 1985, as a visual artist, organizer and scenographer, while continuing to work in the French Ministry of Education until 2017. He has been actively involved in the Pour l&#8217;instant association since 2012. He is co-founder of <a href=\"https:\/\/adverbaeditions.com\" target=\"_blank\" rel=\"noreferrer noopener\">Ad verba<\/a> en 2024, a publishing house dedicated to poetry.   <\/p>\n<\/div>\n<\/div><\/div>\n","protected":false},"excerpt":{"rendered":"<p>Exhibition, set design and installation workshop by Xavier Ribot<\/p>\n","protected":false},"featured_media":4491,"template":"","meta":{"inline_featured_image":false,"_uag_custom_page_level_css":"","site-sidebar-layout":"default","site-content-layout":"","ast-site-content-layout":"","site-content-style":"default","site-sidebar-style":"default","ast-global-header-display":"","ast-banner-title-visibility":"","ast-main-header-display":"","ast-hfb-above-header-display":"","ast-hfb-below-header-display":"","ast-hfb-mobile-header-display":"","site-post-title":"","ast-breadcrumbs-content":"","ast-featured-img":"","footer-sml-layout":"","ast-disable-related-posts":"","theme-transparent-header-meta":"","adv-header-id-meta":"","stick-header-meta":"","header-above-stick-meta":"","header-main-stick-meta":"","header-below-stick-meta":"","astra-migrate-meta-layouts":"default","ast-page-background-enabled":"default","ast-page-background-meta":{"desktop":{"background-color":"var(--ast-global-color-4)","background-image":"","background-repeat":"repeat","background-position":"center center","background-size":"auto","background-attachment":"scroll","background-type":"","background-media":"","overlay-type":"","overlay-color":"","overlay-opacity":"","overlay-gradient":""},"tablet":{"background-color":"","background-image":"","background-repeat":"repeat","background-position":"center center","background-size":"auto","background-attachment":"scroll","background-type":"","background-media":"","overlay-type":"","overlay-color":"","overlay-opacity":"","overlay-gradient":""},"mobile":{"background-color":"","background-image":"","background-repeat":"repeat","background-position":"center center","background-size":"auto","background-attachment":"scroll","background-type":"","background-media":"","overlay-type":"","overlay-color":"","overlay-opacity":"","overlay-gradient":""}},"ast-content-background-meta":{"desktop":{"background-color":"var(--ast-global-color-5)","background-image":"","background-repeat":"repeat","background-position":"center center","background-size":"auto","background-attachment":"scroll","background-type":"","background-media":"","overlay-type":"","overlay-color":"","overlay-opacity":"","overlay-gradient":""},"tablet":{"background-color":"var(--ast-global-color-5)","background-image":"","background-repeat":"repeat","background-position":"center center","background-size":"auto","background-attachment":"scroll","background-type":"","background-media":"","overlay-type":"","overlay-color":"","overlay-opacity":"","overlay-gradient":""},"mobile":{"background-color":"var(--ast-global-color-5)","background-image":"","background-repeat":"repeat","background-position":"center center","background-size":"auto","background-attachment":"scroll","background-type":"","background-media":"","overlay-type":"","overlay-color":"","overlay-opacity":"","overlay-gradient":""}}},"categorie-agenda":[38],"categorie-public":[45],"annee":[24],"class_list":["post-4489","agenda","type-agenda","status-publish","has-post-thumbnail","hentry","categorie-agenda-workshops-classes","categorie-public-all-audiences","annee-24"],"uagb_featured_image_src":{"full":["https:\/\/www.cacp-villaperochon.com\/wp-content\/uploads\/2025\/11\/sceno-vignette-agenda.jpg",400,400,false],"thumbnail":["https:\/\/www.cacp-villaperochon.com\/wp-content\/uploads\/2025\/11\/sceno-vignette-agenda-150x150.jpg",150,150,true],"medium":["https:\/\/www.cacp-villaperochon.com\/wp-content\/uploads\/2025\/11\/sceno-vignette-agenda.jpg",400,400,false],"medium_large":["https:\/\/www.cacp-villaperochon.com\/wp-content\/uploads\/2025\/11\/sceno-vignette-agenda.jpg",400,400,false],"large":["https:\/\/www.cacp-villaperochon.com\/wp-content\/uploads\/2025\/11\/sceno-vignette-agenda.jpg",400,400,false],"1536x1536":["https:\/\/www.cacp-villaperochon.com\/wp-content\/uploads\/2025\/11\/sceno-vignette-agenda.jpg",400,400,false],"2048x2048":["https:\/\/www.cacp-villaperochon.com\/wp-content\/uploads\/2025\/11\/sceno-vignette-agenda.jpg",400,400,false]},"uagb_author_info":{"display_name":"Virginie Odiard","author_link":"https:\/\/www.cacp-villaperochon.com\/en\/author\/"},"uagb_comment_info":0,"uagb_excerpt":"Exhibition, set design and installation workshop by Xavier Ribot","_links":{"self":[{"href":"https:\/\/www.cacp-villaperochon.com\/en\/wp-json\/wp\/v2\/agenda\/4489","targetHints":{"allow":["GET"]}}],"collection":[{"href":"https:\/\/www.cacp-villaperochon.com\/en\/wp-json\/wp\/v2\/agenda"}],"about":[{"href":"https:\/\/www.cacp-villaperochon.com\/en\/wp-json\/wp\/v2\/types\/agenda"}],"wp:featuredmedia":[{"embeddable":true,"href":"https:\/\/www.cacp-villaperochon.com\/en\/wp-json\/wp\/v2\/media\/4491"}],"wp:attachment":[{"href":"https:\/\/www.cacp-villaperochon.com\/en\/wp-json\/wp\/v2\/media?parent=4489"}],"wp:term":[{"taxonomy":"categorie-agenda","embeddable":true,"href":"https:\/\/www.cacp-villaperochon.com\/en\/wp-json\/wp\/v2\/categorie-agenda?post=4489"},{"taxonomy":"categorie-public","embeddable":true,"href":"https:\/\/www.cacp-villaperochon.com\/en\/wp-json\/wp\/v2\/categorie-public?post=4489"},{"taxonomy":"annee","embeddable":true,"href":"https:\/\/www.cacp-villaperochon.com\/en\/wp-json\/wp\/v2\/annee?post=4489"}],"curies":[{"name":"wp","href":"https:\/\/api.w.org\/{rel}","templated":true}]}}

<div class="wp-block-uagb-container uagb-block-c12b1b56 alignfull uagb-is-root-container"><div class="uagb-container-inner-blocks-wrap">
<div class="wp-block-uagb-advanced-heading uagb-block-b0a44478"><h1 class="uagb-heading-text"><strong>Workshop</strong><br/>Exhibition, scenography, installation</h1></div>



<div class="wp-block-uagb-container uagb-block-2dc94297"><div class="formatage-date-agenda">From 28 February <br> To 01 March</div>
</div>
</div></div>

<div class="wp-block-uagb-container uagb-block-38034a17 alignfull uagb-is-root-container"><div class="uagb-container-inner-blocks-wrap">
<div class="wp-block-toolset-blocks-container tb-container" data-toolset-blocks-container="2ff12a1dfad2b2e4533711fd38b8024b" data-bg="https://www.cacp-villaperochon.com/wp-content/uploads/2025/11/scneo-banniere-agenda.jpg"></div>
</div></div>

<div class="wp-block-uagb-container uagb-block-7a76b97a alignfull uagb-is-root-container"><div class="uagb-container-inner-blocks-wrap">
<div class="wp-block-uagb-container uagb-block-f7b1db89 alignfull uagb-is-root-container"><div class="uagb-container-inner-blocks-wrap">
<h4 class="wp-block-heading">This workshop is sold out!</h4>



<p>What to do with selected photographs?<br/>How do you juxtapose images and objects?<br/>How to occupy a given space?<br/>What makes this workshop at La Villa Pérochon so interesting is that it alternates between practice and analysis, in a spirit of sharing. Using examples, experiments and theoretical reflections, the workshop enables participants to question their artistic approaches. The workshop approaches photography in its entirety, as an image and as an object, to discover that hanging is a communicative work.  </p>



<div class="wp-block-uagb-container uagb-layout-flex uagb-block-1ff69ed6">
<div class="wp-block-uagb-buttons uagb-buttons__outer-wrap uagb-btn__default-btn uagb-btn-tablet__default-btn uagb-btn-mobile__default-btn uagb-block-ccafccbf"><div class="uagb-buttons__wrap uagb-buttons-layout-wrap ">
<div class="wp-block-uagb-buttons-child uagb-buttons__outer-wrap uagb-block-57c83290 wp-block-button"><div class="uagb-button__wrapper"><a class="uagb-buttons-repeater wp-block-button__link" aria-label="" href="https://www.helloasso.com/associations/pour-l-instant-cacp-villa-perochon/evenements/atelier-mise-en-exposition-scenographie-installation-2" rel="follow noopener" target="_blank" role="button"><div class="uagb-button__link">REGISTER<br/>on HelloAsso</div></a></div></div>
</div></div>



<div class="wp-block-uagb-buttons uagb-buttons__outer-wrap uagb-btn__default-btn uagb-btn-tablet__default-btn uagb-btn-mobile__default-btn uagb-block-8ee3ef4a"><div class="uagb-buttons__wrap uagb-buttons-layout-wrap ">
<div class="wp-block-uagb-buttons-child uagb-buttons__outer-wrap uagb-block-240d8853 wp-block-button"><div class="uagb-button__wrapper"><a class="uagb-buttons-repeater wp-block-button__link" aria-label="" href="https://www.cacp-villaperochon.com/wp-content/uploads/2025/11/fiche-stage-Xavier.pdf" rel="follow noopener" target="_blank" role="button"><div class="uagb-button__link">DOWNLOAD<br/>registration form</div></a></div></div>
</div></div>
</div>
</div></div>



<div class="wp-block-uagb-container uagb-block-5acff04a">
<div class="wp-block-uagb-container uagb-block-53cf430e alignfull uagb-is-root-container"><div class="uagb-container-inner-blocks-wrap">
<div class="wp-block-uagb-advanced-heading uagb-block-9a0e302c spectra-gbs-h2-classique1741771334061"><h2 class="uagb-heading-text">Practical info</h2></div>



<div class="wp-block-uagb-icon-list uagb-block-ec83d20e"><div class="uagb-icon-list__wrap">
<div class="wp-block-uagb-icon-list-child uagb-block-8c475c03"><a target="_blank" aria-label="28 février et 1er mars à la Villa Pérochon" rel="noopener noreferrer" href="https://www.cacp-villaperochon.com/en/agenda/julien-magre-alive/"> </a><span class="uagb-icon-list__source-wrap"><svg xmlns="https://www.w3.org/2000/svg" viewbox="0 0 320 512"><path d="M96 480c-8.188 0-16.38-3.125-22.62-9.375c-12.5-12.5-12.5-32.75 0-45.25L242.8 256L73.38 86.63c-12.5-12.5-12.5-32.75 0-45.25s32.75-12.5 45.25 0l192 192c12.5 12.5 12.5 32.75 0 45.25l-192 192C112.4 476.9 104.2 480 96 480z"></path></svg></span><span class="uagb-icon-list__label">February 28 and March 1 at La Villa Pérochon</span></div>



<div class="wp-block-uagb-icon-list-child uagb-block-f13c2145"><span class="uagb-icon-list__source-wrap"><svg xmlns="https://www.w3.org/2000/svg" viewbox="0 0 320 512"><path d="M96 480c-8.188 0-16.38-3.125-22.62-9.375c-12.5-12.5-12.5-32.75 0-45.25L242.8 256L73.38 86.63c-12.5-12.5-12.5-32.75 0-45.25s32.75-12.5 45.25 0l192 192c12.5 12.5 12.5 32.75 0 45.25l-192 192C112.4 476.9 104.2 480 96 480z"></path></svg></span><span class="uagb-icon-list__label">PREREQUISITES: Come with a corpus of images</span></div>



<div class="wp-block-uagb-icon-list-child uagb-block-49d91057"><span class="uagb-icon-list__source-wrap"><svg xmlns="https://www.w3.org/2000/svg" viewbox="0 0 320 512"><path d="M96 480c-8.188 0-16.38-3.125-22.62-9.375c-12.5-12.5-12.5-32.75 0-45.25L242.8 256L73.38 86.63c-12.5-12.5-12.5-32.75 0-45.25s32.75-12.5 45.25 0l192 192c12.5 12.5 12.5 32.75 0 45.25l-192 192C112.4 476.9 104.2 480 96 480z"></path></svg></span><span class="uagb-icon-list__label">RATES: €50</span></div>



<div class="wp-block-uagb-icon-list-child uagb-block-aa7221fd"><span class="uagb-icon-list__source-wrap"><svg xmlns="https://www.w3.org/2000/svg" viewbox="0 0 320 512"><path d="M96 480c-8.188 0-16.38-3.125-22.62-9.375c-12.5-12.5-12.5-32.75 0-45.25L242.8 256L73.38 86.63c-12.5-12.5-12.5-32.75 0-45.25s32.75-12.5 45.25 0l192 192c12.5 12.5 12.5 32.75 0 45.25l-192 192C112.4 476.9 104.2 480 96 480z"></path></svg></span><span class="uagb-icon-list__label">Registration and payment online via HelloAsso or by returning the completed registration form together with your cheque.</span></div>
</div></div>
</div></div>
</div>
</div></div>

<div class="wp-block-uagb-container uagb-block-2a1da35b alignfull uagb-is-root-container"><div class="uagb-container-inner-blocks-wrap">
<div class="wp-block-uagb-container uagb-block-03307c5e">
<div class="wp-block-uagb-image aligncenter uagb-block-f2fbcdd0 wp-block-uagb-image--layout-default wp-block-uagb-image--effect-static wp-block-uagb-image--align-center"><figure class="wp-block-uagb-image__figure"><img decoding="async" srcset="https://www.cacp-villaperochon.com/wp-content/uploads/2025/11/XRibot-web-364x400.jpg ,https://www.cacp-villaperochon.com/wp-content/uploads/2025/11/XRibot-web.jpg 780w, https://www.cacp-villaperochon.com/wp-content/uploads/2025/11/XRibot-web.jpg 360w" sizes="auto, (max-width: 480px) 150px" src="https://www.cacp-villaperochon.com/wp-content/uploads/2025/11/XRibot-web-364x400.jpg" alt="" class="uag-image-3382" width="231" height="254" title="Portrait Xavier Ribot" loading="lazy" role="img"></figure></div>
</div>



<div class="wp-block-uagb-container uagb-block-bcb3c903">
<div class="wp-block-uagb-advanced-heading uagb-block-073357df"><h2 class="uagb-heading-text">Xavier Ribot</h2></div>



<p>Agrégé d&#8217;arts plastiques born in 1957 in the north of Sarthe. Xavier Ribot has organized numerous exhibitions since 1985, as a visual artist, organizer and scenographer, while continuing to work in the French Ministry of Education until 2017. He has been actively involved in the Pour l&#8217;instant association since 2012. He is co-founder of <a href="https://adverbaeditions.com" target="_blank" rel="noreferrer noopener">Ad verba</a> en 2024, a publishing house dedicated to poetry.   </p>
</div>
</div></div>
