{"id":4295,"date":"2025-12-31T11:18:30","date_gmt":"2025-12-31T10:18:30","guid":{"rendered":"https:\/\/www.cacp-villaperochon.com\/agenda\/missv-sandrine-rodrigues-le-temps-dune-lueur-light-at-work\/"},"modified":"2026-03-31T09:20:49","modified_gmt":"2026-03-31T07:20:49","slug":"missv-sandrine-rodrigues-le-temps-dune-lueur-light-at-work","status":"publish","type":"agenda","link":"https:\/\/www.cacp-villaperochon.com\/en\/agenda\/missv-sandrine-rodrigues-le-temps-dune-lueur-light-at-work\/","title":{"rendered":"MissV \/ Sandrine Rodrigues &#8211; Le temps d&#8217;une lueur, light at work"},"content":{"rendered":"\n<div class=\"wp-block-uagb-container uagb-block-c12b1b56 alignfull uagb-is-root-container\"><div class=\"uagb-container-inner-blocks-wrap\">\n<div class=\"wp-block-uagb-container uagb-block-bcb3c903\">\n<div class=\"wp-block-uagb-advanced-heading uagb-block-b0a44478\"><h1 class=\"uagb-heading-text\"><strong>MissV \/ Sandrine Rodrigues<\/strong><br\/>Le temps d&#8217;une lueur, light at work<\/h1><\/div>\n<\/div>\n\n\n\n<div class=\"wp-block-uagb-container uagb-block-2dc94297\"><div class=\"formatage-date-agenda\">From 01 April <br> To 28 May<\/div>\n<\/div>\n<\/div><\/div>\n\n<div class=\"wp-block-uagb-container uagb-block-4a819f27 alignfull uagb-is-root-container\"><div class=\"uagb-container-inner-blocks-wrap\">\n<div class=\"wp-block-toolset-blocks-container tb-container\" data-toolset-blocks-container=\"54f8694964acbccc921e7e5bb268bd27\" data-bg=\"https:\/\/www.cacp-villaperochon.com\/wp-content\/uploads\/2025\/12\/mechain-banniere-agenda.jpg\"><\/div>\n<\/div><\/div>\n\n<div class=\"wp-block-uagb-container uagb-block-3874ef24 alignfull uagb-is-root-container\"><div class=\"uagb-container-inner-blocks-wrap\">\n<div class=\"wp-block-uagb-advanced-heading uagb-block-9411df85\"><h2 class=\"uagb-heading-text\">Rencontres de la jeune photographie internationale 2022<br\/>Exhibition curator: Nicole VITR\u00c9-M\u00c9CHAIN<\/h2><\/div>\n\n\n\n<div class=\"wp-block-uagb-container uagb-layout-grid uagb-block-069f7f7c\">\n<div class=\"wp-block-uagb-container uagb-block-b6f989ab\">\n<div class=\"wp-block-uagb-advanced-heading uagb-block-2ff5c533\"><h5 class=\"uagb-heading-text\">Invitation to the Maison Fran\u00e7ois M\u00e9chain<\/h5><\/div>\n\n\n\n<div class=\"wp-block-uagb-advanced-heading uagb-block-ee564c7b\"><p class=\"uagb-heading-text\">La Maison Fran\u00e7ois M\u00e9chain, a non-profit organization founded in 2020, offers artists and writers residencies in rural areas. Officially supported by the French Ministry of Culture and local authorities, it welcomes visual artists, photographers and writers who benefit from a privileged time and place to work. The project is to create an open space for sharing and encounters, where creative practices can flourish. It is located 8 km from Saint-Jean-d&#8217;Ang\u00e9ly in Charente-Maritime, in a former <sup>18th-century<\/sup> dwelling where artist and photographer Fran\u00e7ois M\u00e9chain lived and worked for over 40 years.   <\/p><\/div>\n<\/div>\n\n\n\n<div class=\"wp-block-uagb-container uagb-block-7da9d4b7\">\n<div class=\"wp-block-uagb-container uagb-block-501cd339 alignfull uagb-is-root-container\"><div class=\"uagb-container-inner-blocks-wrap\">\n<div class=\"wp-block-uagb-advanced-heading uagb-block-2e04da83 spectra-gbs-h2-classique1741771334061\"><h2 class=\"uagb-heading-text\">Practical information<\/h2><\/div>\n\n\n\n<div class=\"wp-block-uagb-icon-list uagb-block-ec667e08\"><div class=\"uagb-icon-list__wrap\">\n<div class=\"wp-block-uagb-icon-list-child uagb-block-2d726a54\"><span class=\"uagb-icon-list__source-wrap\"><svg xmlns=\"https:\/\/www.w3.org\/2000\/svg\" viewbox=\"0 0 320 512\"><path d=\"M96 480c-8.188 0-16.38-3.125-22.62-9.375c-12.5-12.5-12.5-32.75 0-45.25L242.8 256L73.38 86.63c-12.5-12.5-12.5-32.75 0-45.25s32.75-12.5 45.25 0l192 192c12.5 12.5 12.5 32.75 0 45.25l-192 192C112.4 476.9 104.2 480 96 480z\"><\/path><\/svg><\/span><span class=\"uagb-icon-list__label\">Exhibition from April 1 to May 28, 2022 at the Pavillon Grappelli<\/span><\/div>\n\n\n\n<div class=\"wp-block-uagb-icon-list-child uagb-block-04597b8d\"><span class=\"uagb-icon-list__source-wrap\"><svg xmlns=\"https:\/\/www.w3.org\/2000\/svg\" viewbox=\"0 0 320 512\"><path d=\"M96 480c-8.188 0-16.38-3.125-22.62-9.375c-12.5-12.5-12.5-32.75 0-45.25L242.8 256L73.38 86.63c-12.5-12.5-12.5-32.75 0-45.25s32.75-12.5 45.25 0l192 192c12.5 12.5 12.5 32.75 0 45.25l-192 192C112.4 476.9 104.2 480 96 480z\"><\/path><\/svg><\/span><span class=\"uagb-icon-list__label\">Tuesday to Saturday, 1:30 to 6:30 pm, closed on public holidays<\/span><\/div>\n\n\n\n<div class=\"wp-block-uagb-icon-list-child uagb-block-78452008\"><span class=\"uagb-icon-list__source-wrap\"><svg xmlns=\"https:\/\/www.w3.org\/2000\/svg\" viewbox=\"0 0 320 512\"><path d=\"M96 480c-8.188 0-16.38-3.125-22.62-9.375c-12.5-12.5-12.5-32.75 0-45.25L242.8 256L73.38 86.63c-12.5-12.5-12.5-32.75 0-45.25s32.75-12.5 45.25 0l192 192c12.5 12.5 12.5 32.75 0 45.25l-192 192C112.4 476.9 104.2 480 96 480z\"><\/path><\/svg><\/span><span class=\"uagb-icon-list__label\">FREE ADMISSION<\/span><\/div>\n<\/div><\/div>\n<\/div><\/div>\n<\/div>\n<\/div>\n<\/div><\/div>\n\n<div class=\"wp-block-uagb-container uagb-block-e7efb62f alignfull uagb-is-root-container\"><div class=\"uagb-container-inner-blocks-wrap\">\n<div class=\"wp-block-uagb-container uagb-block-e244ae8a\">\n<div class=\"wp-block-uagb-advanced-heading uagb-block-1b288e17\"><h2 class=\"uagb-heading-text\">MissV<\/h2><\/div>\n\n\n\n<div class=\"wp-block-uagb-advanced-heading uagb-block-f67b8085\"><p class=\"uagb-heading-text\">Born in 1980, she lives and works in Limoges. After a 10-year career in the theater, she left everything behind to enter the \u00c9cole sup\u00e9rieure d&#8217;art de Limoges (DNSEP). Trained in photography by Nicolas TREATT, G\u00e9rard RONDEAU, Pierrot MEN and Denis DAILLEUX, she attaches particular importance to analog processes and the poetics of the accident. She photographs 4-handed with Cl\u00e9ment DELP\u00c9RI\u00c9 for the [Just] Kids project (the first part of which was presented in 2018 at the Festival des Francophonies). In 2021, she will continue her research in residency at La Maison Fran\u00e7ois M\u00e9chain.<br\/>I grew up in Oradour-sur-Glane. It was on the forbidden images of the ashes of the 1944 massacre that I had to (re)build. I use photography as a way of writing and as a support for the latent image. Like a breakthrough into another world, the ghostly image allows me to shed light on souls that appear to me and leave me speechless. I search for this unique moment, the appearance of this imagined thing, then try to reveal it, to keep it alive, in light. If I&#8217;ve done everything to avoid an accident, today, in the silence of the darkroom, I&#8217;m waiting for it.         <\/p><\/div>\n<\/div>\n\n\n\n<div class=\"wp-block-uagb-container uagb-block-4951837a\">\n<div class=\"wp-block-uagb-advanced-heading uagb-block-25b76008\"><h2 class=\"uagb-heading-text\">Sandrine Rodrigues<\/h2><\/div>\n\n\n\n<div class=\"wp-block-uagb-advanced-heading uagb-block-6748a16d\"><p class=\"uagb-heading-text\">Sandrine Rodrigues was born in 1975. She lives and works in Saint-Jean-d&#8217;Ang\u00e9ly (Charente-Maritime). Trained in art history, sociology and visual arts, she teaches visual arts in secondary schools. She has several exhibitions and Artist Residencies to her credit, including in Toulouse, espace PREP&#8217;ART, festival Traverse; in 2013 in Rouen, Entr\u00e9e libre#3, itin\u00e9raire d&#8217;art contemporain; in 2011 in Poitiers, residency at L&#8217;Appart, En attendant les cerises productions, shooting of the video ABSOLITUDE with Morgan DALAVAN, MO compagnie and in Clermont-Ferrand at the Vid\u00e9oforme festival.<br\/>My questions concern space, the body and mobility in an individual and social dimension of lived and perceived space. The video installation presented at the Pavillon Grappelli in Niort questions the very nature of the image and the conditions of its perception: still image, moving image, plastic play with the projection medium (the straw-bale wall) combine with the history of painting and representation to blur the viewer&#8217;s gaze, inviting him or her to take a slow, contemplative look at a work that both reveals and conceals itself.    <\/p><\/div>\n<\/div>\n<\/div><\/div>\n\n<p><\/p>\n","protected":false},"excerpt":{"rendered":"<p>Rencontres de la jeune photographie internationale 2022<br \/>\nGuest curator: Nicole Vitr\u00e9-M\u00e9chain, Maison Fran\u00e7ois M\u00e9chain<\/p>\n","protected":false},"featured_media":4300,"template":"","meta":{"inline_featured_image":false,"_uag_custom_page_level_css":"","site-sidebar-layout":"default","site-content-layout":"","ast-site-content-layout":"default","site-content-style":"default","site-sidebar-style":"default","ast-global-header-display":"","ast-banner-title-visibility":"","ast-main-header-display":"","ast-hfb-above-header-display":"","ast-hfb-below-header-display":"","ast-hfb-mobile-header-display":"","site-post-title":"","ast-breadcrumbs-content":"","ast-featured-img":"","footer-sml-layout":"","ast-disable-related-posts":"","theme-transparent-header-meta":"","adv-header-id-meta":"","stick-header-meta":"","header-above-stick-meta":"","header-main-stick-meta":"","header-below-stick-meta":"","astra-migrate-meta-layouts":"default","ast-page-background-enabled":"default","ast-page-background-meta":{"desktop":{"background-color":"var(--ast-global-color-4)","background-image":"","background-repeat":"repeat","background-position":"center center","background-size":"auto","background-attachment":"scroll","background-type":"","background-media":"","overlay-type":"","overlay-color":"","overlay-opacity":"","overlay-gradient":""},"tablet":{"background-color":"","background-image":"","background-repeat":"repeat","background-position":"center center","background-size":"auto","background-attachment":"scroll","background-type":"","background-media":"","overlay-type":"","overlay-color":"","overlay-opacity":"","overlay-gradient":""},"mobile":{"background-color":"","background-image":"","background-repeat":"repeat","background-position":"center center","background-size":"auto","background-attachment":"scroll","background-type":"","background-media":"","overlay-type":"","overlay-color":"","overlay-opacity":"","overlay-gradient":""}},"ast-content-background-meta":{"desktop":{"background-color":"var(--ast-global-color-5)","background-image":"","background-repeat":"repeat","background-position":"center center","background-size":"auto","background-attachment":"scroll","background-type":"","background-media":"","overlay-type":"","overlay-color":"","overlay-opacity":"","overlay-gradient":""},"tablet":{"background-color":"var(--ast-global-color-5)","background-image":"","background-repeat":"repeat","background-position":"center center","background-size":"auto","background-attachment":"scroll","background-type":"","background-media":"","overlay-type":"","overlay-color":"","overlay-opacity":"","overlay-gradient":""},"mobile":{"background-color":"var(--ast-global-color-5)","background-image":"","background-repeat":"repeat","background-position":"center center","background-size":"auto","background-attachment":"scroll","background-type":"","background-media":"","overlay-type":"","overlay-color":"","overlay-opacity":"","overlay-gradient":""}}},"categorie-agenda":[34,39],"categorie-public":[43],"annee":[28],"class_list":["post-4295","agenda","type-agenda","status-publish","has-post-thumbnail","hentry","categorie-agenda-exhibitions","categorie-agenda-rjpi","categorie-public-rjpi","annee-28"],"uagb_featured_image_src":{"full":["https:\/\/www.cacp-villaperochon.com\/wp-content\/uploads\/2025\/12\/mechain-vignette-agenda.jpg",400,400,false],"thumbnail":["https:\/\/www.cacp-villaperochon.com\/wp-content\/uploads\/2025\/12\/mechain-vignette-agenda-150x150.jpg",150,150,true],"medium":["https:\/\/www.cacp-villaperochon.com\/wp-content\/uploads\/2025\/12\/mechain-vignette-agenda.jpg",400,400,false],"medium_large":["https:\/\/www.cacp-villaperochon.com\/wp-content\/uploads\/2025\/12\/mechain-vignette-agenda.jpg",400,400,false],"large":["https:\/\/www.cacp-villaperochon.com\/wp-content\/uploads\/2025\/12\/mechain-vignette-agenda.jpg",400,400,false],"1536x1536":["https:\/\/www.cacp-villaperochon.com\/wp-content\/uploads\/2025\/12\/mechain-vignette-agenda.jpg",400,400,false],"2048x2048":["https:\/\/www.cacp-villaperochon.com\/wp-content\/uploads\/2025\/12\/mechain-vignette-agenda.jpg",400,400,false]},"uagb_author_info":{"display_name":"Virginie Odiard","author_link":"https:\/\/www.cacp-villaperochon.com\/en\/author\/"},"uagb_comment_info":0,"uagb_excerpt":"Rencontres de la jeune photographie internationale 2022 Guest curator: Nicole Vitr\u00e9-M\u00e9chain, Maison Fran\u00e7ois M\u00e9chain","_links":{"self":[{"href":"https:\/\/www.cacp-villaperochon.com\/en\/wp-json\/wp\/v2\/agenda\/4295","targetHints":{"allow":["GET"]}}],"collection":[{"href":"https:\/\/www.cacp-villaperochon.com\/en\/wp-json\/wp\/v2\/agenda"}],"about":[{"href":"https:\/\/www.cacp-villaperochon.com\/en\/wp-json\/wp\/v2\/types\/agenda"}],"wp:featuredmedia":[{"embeddable":true,"href":"https:\/\/www.cacp-villaperochon.com\/en\/wp-json\/wp\/v2\/media\/4300"}],"wp:attachment":[{"href":"https:\/\/www.cacp-villaperochon.com\/en\/wp-json\/wp\/v2\/media?parent=4295"}],"wp:term":[{"taxonomy":"categorie-agenda","embeddable":true,"href":"https:\/\/www.cacp-villaperochon.com\/en\/wp-json\/wp\/v2\/categorie-agenda?post=4295"},{"taxonomy":"categorie-public","embeddable":true,"href":"https:\/\/www.cacp-villaperochon.com\/en\/wp-json\/wp\/v2\/categorie-public?post=4295"},{"taxonomy":"annee","embeddable":true,"href":"https:\/\/www.cacp-villaperochon.com\/en\/wp-json\/wp\/v2\/annee?post=4295"}],"curies":[{"name":"wp","href":"https:\/\/api.w.org\/{rel}","templated":true}]}}

<div class="wp-block-uagb-container uagb-block-c12b1b56 alignfull uagb-is-root-container"><div class="uagb-container-inner-blocks-wrap">
<div class="wp-block-uagb-container uagb-block-bcb3c903">
<div class="wp-block-uagb-advanced-heading uagb-block-b0a44478"><h1 class="uagb-heading-text"><strong>MissV / Sandrine Rodrigues</strong><br/>Le temps d&#8217;une lueur, light at work</h1></div>
</div>



<div class="wp-block-uagb-container uagb-block-2dc94297"><div class="formatage-date-agenda">From 01 April <br> To 28 May</div>
</div>
</div></div>

<div class="wp-block-uagb-container uagb-block-4a819f27 alignfull uagb-is-root-container"><div class="uagb-container-inner-blocks-wrap">
<div class="wp-block-toolset-blocks-container tb-container" data-toolset-blocks-container="54f8694964acbccc921e7e5bb268bd27" data-bg="https://www.cacp-villaperochon.com/wp-content/uploads/2025/12/mechain-banniere-agenda.jpg"></div>
</div></div>

<div class="wp-block-uagb-container uagb-block-3874ef24 alignfull uagb-is-root-container"><div class="uagb-container-inner-blocks-wrap">
<div class="wp-block-uagb-advanced-heading uagb-block-9411df85"><h2 class="uagb-heading-text">Rencontres de la jeune photographie internationale 2022<br/>Exhibition curator: Nicole VITRÉ-MÉCHAIN</h2></div>



<div class="wp-block-uagb-container uagb-layout-grid uagb-block-069f7f7c">
<div class="wp-block-uagb-container uagb-block-b6f989ab">
<div class="wp-block-uagb-advanced-heading uagb-block-2ff5c533"><h5 class="uagb-heading-text">Invitation to the Maison François Méchain</h5></div>



<div class="wp-block-uagb-advanced-heading uagb-block-ee564c7b"><p class="uagb-heading-text">La Maison François Méchain, a non-profit organization founded in 2020, offers artists and writers residencies in rural areas. Officially supported by the French Ministry of Culture and local authorities, it welcomes visual artists, photographers and writers who benefit from a privileged time and place to work. The project is to create an open space for sharing and encounters, where creative practices can flourish. It is located 8 km from Saint-Jean-d&#8217;Angély in Charente-Maritime, in a former <sup>18th-century</sup> dwelling where artist and photographer François Méchain lived and worked for over 40 years.   </p></div>
</div>



<div class="wp-block-uagb-container uagb-block-7da9d4b7">
<div class="wp-block-uagb-container uagb-block-501cd339 alignfull uagb-is-root-container"><div class="uagb-container-inner-blocks-wrap">
<div class="wp-block-uagb-advanced-heading uagb-block-2e04da83 spectra-gbs-h2-classique1741771334061"><h2 class="uagb-heading-text">Practical information</h2></div>



<div class="wp-block-uagb-icon-list uagb-block-ec667e08"><div class="uagb-icon-list__wrap">
<div class="wp-block-uagb-icon-list-child uagb-block-2d726a54"><span class="uagb-icon-list__source-wrap"><svg xmlns="https://www.w3.org/2000/svg" viewbox="0 0 320 512"><path d="M96 480c-8.188 0-16.38-3.125-22.62-9.375c-12.5-12.5-12.5-32.75 0-45.25L242.8 256L73.38 86.63c-12.5-12.5-12.5-32.75 0-45.25s32.75-12.5 45.25 0l192 192c12.5 12.5 12.5 32.75 0 45.25l-192 192C112.4 476.9 104.2 480 96 480z"></path></svg></span><span class="uagb-icon-list__label">Exhibition from April 1 to May 28, 2022 at the Pavillon Grappelli</span></div>



<div class="wp-block-uagb-icon-list-child uagb-block-04597b8d"><span class="uagb-icon-list__source-wrap"><svg xmlns="https://www.w3.org/2000/svg" viewbox="0 0 320 512"><path d="M96 480c-8.188 0-16.38-3.125-22.62-9.375c-12.5-12.5-12.5-32.75 0-45.25L242.8 256L73.38 86.63c-12.5-12.5-12.5-32.75 0-45.25s32.75-12.5 45.25 0l192 192c12.5 12.5 12.5 32.75 0 45.25l-192 192C112.4 476.9 104.2 480 96 480z"></path></svg></span><span class="uagb-icon-list__label">Tuesday to Saturday, 1:30 to 6:30 pm, closed on public holidays</span></div>



<div class="wp-block-uagb-icon-list-child uagb-block-78452008"><span class="uagb-icon-list__source-wrap"><svg xmlns="https://www.w3.org/2000/svg" viewbox="0 0 320 512"><path d="M96 480c-8.188 0-16.38-3.125-22.62-9.375c-12.5-12.5-12.5-32.75 0-45.25L242.8 256L73.38 86.63c-12.5-12.5-12.5-32.75 0-45.25s32.75-12.5 45.25 0l192 192c12.5 12.5 12.5 32.75 0 45.25l-192 192C112.4 476.9 104.2 480 96 480z"></path></svg></span><span class="uagb-icon-list__label">FREE ADMISSION</span></div>
</div></div>
</div></div>
</div>
</div>
</div></div>

<div class="wp-block-uagb-container uagb-block-e7efb62f alignfull uagb-is-root-container"><div class="uagb-container-inner-blocks-wrap">
<div class="wp-block-uagb-container uagb-block-e244ae8a">
<div class="wp-block-uagb-advanced-heading uagb-block-1b288e17"><h2 class="uagb-heading-text">MissV</h2></div>



<div class="wp-block-uagb-advanced-heading uagb-block-f67b8085"><p class="uagb-heading-text">Born in 1980, she lives and works in Limoges. After a 10-year career in the theater, she left everything behind to enter the École supérieure d&#8217;art de Limoges (DNSEP). Trained in photography by Nicolas TREATT, Gérard RONDEAU, Pierrot MEN and Denis DAILLEUX, she attaches particular importance to analog processes and the poetics of the accident. She photographs 4-handed with Clément DELPÉRIÉ for the [Just] Kids project (the first part of which was presented in 2018 at the Festival des Francophonies). In 2021, she will continue her research in residency at La Maison François Méchain.<br/>I grew up in Oradour-sur-Glane. It was on the forbidden images of the ashes of the 1944 massacre that I had to (re)build. I use photography as a way of writing and as a support for the latent image. Like a breakthrough into another world, the ghostly image allows me to shed light on souls that appear to me and leave me speechless. I search for this unique moment, the appearance of this imagined thing, then try to reveal it, to keep it alive, in light. If I&#8217;ve done everything to avoid an accident, today, in the silence of the darkroom, I&#8217;m waiting for it.         </p></div>
</div>



<div class="wp-block-uagb-container uagb-block-4951837a">
<div class="wp-block-uagb-advanced-heading uagb-block-25b76008"><h2 class="uagb-heading-text">Sandrine Rodrigues</h2></div>



<div class="wp-block-uagb-advanced-heading uagb-block-6748a16d"><p class="uagb-heading-text">Sandrine Rodrigues was born in 1975. She lives and works in Saint-Jean-d&#8217;Angély (Charente-Maritime). Trained in art history, sociology and visual arts, she teaches visual arts in secondary schools. She has several exhibitions and Artist Residencies to her credit, including in Toulouse, espace PREP&#8217;ART, festival Traverse; in 2013 in Rouen, Entrée libre#3, itinéraire d&#8217;art contemporain; in 2011 in Poitiers, residency at L&#8217;Appart, En attendant les cerises productions, shooting of the video ABSOLITUDE with Morgan DALAVAN, MO compagnie and in Clermont-Ferrand at the Vidéoforme festival.<br/>My questions concern space, the body and mobility in an individual and social dimension of lived and perceived space. The video installation presented at the Pavillon Grappelli in Niort questions the very nature of the image and the conditions of its perception: still image, moving image, plastic play with the projection medium (the straw-bale wall) combine with the history of painting and representation to blur the viewer&#8217;s gaze, inviting him or her to take a slow, contemplative look at a work that both reveals and conceals itself.    </p></div>
</div>
</div></div>

<p></p>

<p>Rencontres de la jeune photographie internationale 2022<br />
Guest curator: Nicole Vitré-Méchain, Maison François Méchain</p>

Rencontres de la jeune photographie internationale 2022 Guest curator: Nicole Vitré-Méchain, Maison François Méchain
