{"id":4263,"date":"2026-02-16T10:44:10","date_gmt":"2026-02-16T09:44:10","guid":{"rendered":"https:\/\/www.cacp-villaperochon.com\/agenda\/dans-le-bureau-dernest-photography-writing-residency-2\/"},"modified":"2026-03-31T09:20:37","modified_gmt":"2026-03-31T07:20:37","slug":"dans-le-bureau-dernest-photography-writing-residency-2","status":"publish","type":"agenda","link":"https:\/\/www.cacp-villaperochon.com\/en\/agenda\/dans-le-bureau-dernest-photography-writing-residency-2\/","title":{"rendered":"Dans le bureau d&#8217;Ernest &#8211; photography writing residency #2"},"content":{"rendered":"\n<div class=\"wp-block-uagb-container uagb-block-c12b1b56 alignfull uagb-is-root-container\"><div class=\"uagb-container-inner-blocks-wrap\">\n<div class=\"wp-block-uagb-container uagb-block-bcb3c903\">\n<div class=\"wp-block-uagb-advanced-heading uagb-block-b0a44478\"><h1 class=\"uagb-heading-text\"><strong>In Ernest&#8217;s office<\/strong><br\/>Vanessa Bamberger<\/h1><\/div>\n<\/div>\n\n\n\n<div class=\"wp-block-uagb-container uagb-block-2dc94297\"><div class=\"formatage-date-agenda\">From 24 January <br> To 31 January<\/div>\n<\/div>\n<\/div><\/div>\n\n<div class=\"wp-block-uagb-container uagb-block-4a819f27 alignfull uagb-is-root-container\"><div class=\"uagb-container-inner-blocks-wrap\">\n<div class=\"wp-block-toolset-blocks-container tb-container\" data-toolset-blocks-container=\"a421e5de788734a56bc464467469a3d7\" data-bg=\"https:\/\/www.cacp-villaperochon.com\/wp-content\/uploads\/2025\/12\/bureau-banniere-agenda.jpg\"><\/div>\n<\/div><\/div>\n\n<div class=\"wp-block-uagb-container uagb-block-55662321 alignfull uagb-is-root-container\"><div class=\"uagb-container-inner-blocks-wrap\">\n<div class=\"wp-block-uagb-container uagb-block-635268ac\">\n<div class=\"wp-block-uagb-advanced-heading uagb-block-b484d44a\"><h2 class=\"uagb-heading-text\"><strong>Artist Residencies on Photography<\/strong><\/h2><\/div>\n\n\n\n<div class=\"wp-block-uagb-advanced-heading uagb-block-e1b6569c\"><p class=\"uagb-heading-text\">La Villa P\u00e9rochon, a contemporary art center of national interest, is the former home of Ernest P\u00e9rochon, winner of the Prix Goncourt in 1920.<br\/><br\/>In partnership with the <a href=\"https:\/\/www.photographie-grand-paris.fr\" target=\"_blank\" rel=\"noreferrer noopener\">Coll\u00e8ge international de Photographie du Grand Paris<\/a>, the Villa P\u00e9rochon inaugurates a new cycle of Artist Residencies on photography entitled <em><strong>Open Letters to Photography<\/strong><\/em>. It is aimed at established and emerging writers wishing to link their world to that of photography.   <br\/><br\/>Based on the principle of correspondence, their open letters offer the opportunity for a literary experience that can enrich our view of the medium. The residency is performative in nature, inviting the writer to work in Ernest P\u00e9rochon&#8217;s office at the very heart of the art center. <br\/><br\/><strong><a href=\"https:\/\/www.instagram.com\/bambergervanessa\/?hl=fr\" target=\"_blank\" rel=\"noreferrer noopener\">Vanessa Bamberger<\/a> is in residence from January 24 to 31, 2026.<\/strong><\/p><\/div>\n<\/div>\n\n\n\n<div class=\"wp-block-uagb-container uagb-block-aaa2166e\">\n<p><\/p>\n\n\n\n<p>&#8221; <em>In Ernest P\u00e9rochon&#8217;s office, I&#8217;m writing a letter to a man I never knew: Louis Lumi\u00e8re, my great-great-grandfather. In front of me is a 1930 autochrome of him holding his granddaughter, my grandmother, on his lap. From this image, I imagine a meeting between two contemporaries who never knew each other: the writer and the inventor. I try to understand what this image transmits to me: an atmosphere, a presence, perhaps an inheritance. Between family memory and transgenealogy, I&#8217;m looking for correspondences between writing and photography, looking for the origin of my desire to write.<\/em> &#8221; Vanessa Bamberger<\/p>\n<\/div>\n<\/div><\/div>\n\n<p><\/p>\n","protected":false},"excerpt":{"rendered":"<p>In partnership with the Coll\u00e8ge international de Photographie du Grand Paris, La Villa P\u00e9rochon inaugurates a new cycle of Artist Residencies on photography entitled Lettres ouvertes \u00e0 la photographie.<\/p>\n","protected":false},"featured_media":4270,"template":"","meta":{"inline_featured_image":false,"_uag_custom_page_level_css":"","site-sidebar-layout":"default","site-content-layout":"","ast-site-content-layout":"default","site-content-style":"default","site-sidebar-style":"default","ast-global-header-display":"","ast-banner-title-visibility":"","ast-main-header-display":"","ast-hfb-above-header-display":"","ast-hfb-below-header-display":"","ast-hfb-mobile-header-display":"","site-post-title":"","ast-breadcrumbs-content":"","ast-featured-img":"","footer-sml-layout":"","ast-disable-related-posts":"","theme-transparent-header-meta":"","adv-header-id-meta":"","stick-header-meta":"","header-above-stick-meta":"","header-main-stick-meta":"","header-below-stick-meta":"","astra-migrate-meta-layouts":"default","ast-page-background-enabled":"default","ast-page-background-meta":{"desktop":{"background-color":"var(--ast-global-color-4)","background-image":"","background-repeat":"repeat","background-position":"center center","background-size":"auto","background-attachment":"scroll","background-type":"","background-media":"","overlay-type":"","overlay-color":"","overlay-opacity":"","overlay-gradient":""},"tablet":{"background-color":"","background-image":"","background-repeat":"repeat","background-position":"center center","background-size":"auto","background-attachment":"scroll","background-type":"","background-media":"","overlay-type":"","overlay-color":"","overlay-opacity":"","overlay-gradient":""},"mobile":{"background-color":"","background-image":"","background-repeat":"repeat","background-position":"center center","background-size":"auto","background-attachment":"scroll","background-type":"","background-media":"","overlay-type":"","overlay-color":"","overlay-opacity":"","overlay-gradient":""}},"ast-content-background-meta":{"desktop":{"background-color":"var(--ast-global-color-5)","background-image":"","background-repeat":"repeat","background-position":"center center","background-size":"auto","background-attachment":"scroll","background-type":"","background-media":"","overlay-type":"","overlay-color":"","overlay-opacity":"","overlay-gradient":""},"tablet":{"background-color":"var(--ast-global-color-5)","background-image":"","background-repeat":"repeat","background-position":"center center","background-size":"auto","background-attachment":"scroll","background-type":"","background-media":"","overlay-type":"","overlay-color":"","overlay-opacity":"","overlay-gradient":""},"mobile":{"background-color":"var(--ast-global-color-5)","background-image":"","background-repeat":"repeat","background-position":"center center","background-size":"auto","background-attachment":"scroll","background-type":"","background-media":"","overlay-type":"","overlay-color":"","overlay-opacity":"","overlay-gradient":""}}},"categorie-agenda":[41],"categorie-public":[44],"annee":[24],"class_list":["post-4263","agenda","type-agenda","status-publish","has-post-thumbnail","hentry","categorie-agenda-artist-residencies","categorie-public-artists","annee-24"],"uagb_featured_image_src":{"full":["https:\/\/www.cacp-villaperochon.com\/wp-content\/uploads\/2025\/12\/bureau-vignette-agenda.jpg",400,400,false],"thumbnail":["https:\/\/www.cacp-villaperochon.com\/wp-content\/uploads\/2025\/12\/bureau-vignette-agenda-150x150.jpg",150,150,true],"medium":["https:\/\/www.cacp-villaperochon.com\/wp-content\/uploads\/2025\/12\/bureau-vignette-agenda.jpg",400,400,false],"medium_large":["https:\/\/www.cacp-villaperochon.com\/wp-content\/uploads\/2025\/12\/bureau-vignette-agenda.jpg",400,400,false],"large":["https:\/\/www.cacp-villaperochon.com\/wp-content\/uploads\/2025\/12\/bureau-vignette-agenda.jpg",400,400,false],"1536x1536":["https:\/\/www.cacp-villaperochon.com\/wp-content\/uploads\/2025\/12\/bureau-vignette-agenda.jpg",400,400,false],"2048x2048":["https:\/\/www.cacp-villaperochon.com\/wp-content\/uploads\/2025\/12\/bureau-vignette-agenda.jpg",400,400,false]},"uagb_author_info":{"display_name":"Virginie Odiard","author_link":"https:\/\/www.cacp-villaperochon.com\/en\/author\/"},"uagb_comment_info":0,"uagb_excerpt":"In partnership with the Coll\u00e8ge international de Photographie du Grand Paris, La Villa P\u00e9rochon inaugurates a new cycle of Artist Residencies on photography entitled Lettres ouvertes \u00e0 la photographie.","_links":{"self":[{"href":"https:\/\/www.cacp-villaperochon.com\/en\/wp-json\/wp\/v2\/agenda\/4263","targetHints":{"allow":["GET"]}}],"collection":[{"href":"https:\/\/www.cacp-villaperochon.com\/en\/wp-json\/wp\/v2\/agenda"}],"about":[{"href":"https:\/\/www.cacp-villaperochon.com\/en\/wp-json\/wp\/v2\/types\/agenda"}],"wp:featuredmedia":[{"embeddable":true,"href":"https:\/\/www.cacp-villaperochon.com\/en\/wp-json\/wp\/v2\/media\/4270"}],"wp:attachment":[{"href":"https:\/\/www.cacp-villaperochon.com\/en\/wp-json\/wp\/v2\/media?parent=4263"}],"wp:term":[{"taxonomy":"categorie-agenda","embeddable":true,"href":"https:\/\/www.cacp-villaperochon.com\/en\/wp-json\/wp\/v2\/categorie-agenda?post=4263"},{"taxonomy":"categorie-public","embeddable":true,"href":"https:\/\/www.cacp-villaperochon.com\/en\/wp-json\/wp\/v2\/categorie-public?post=4263"},{"taxonomy":"annee","embeddable":true,"href":"https:\/\/www.cacp-villaperochon.com\/en\/wp-json\/wp\/v2\/annee?post=4263"}],"curies":[{"name":"wp","href":"https:\/\/api.w.org\/{rel}","templated":true}]}}

<div class="wp-block-uagb-container uagb-block-c12b1b56 alignfull uagb-is-root-container"><div class="uagb-container-inner-blocks-wrap">
<div class="wp-block-uagb-container uagb-block-bcb3c903">
<div class="wp-block-uagb-advanced-heading uagb-block-b0a44478"><h1 class="uagb-heading-text"><strong>In Ernest&#8217;s office</strong><br/>Vanessa Bamberger</h1></div>
</div>



<div class="wp-block-uagb-container uagb-block-2dc94297"><div class="formatage-date-agenda">From 24 January <br> To 31 January</div>
</div>
</div></div>

<div class="wp-block-uagb-container uagb-block-4a819f27 alignfull uagb-is-root-container"><div class="uagb-container-inner-blocks-wrap">
<div class="wp-block-toolset-blocks-container tb-container" data-toolset-blocks-container="a421e5de788734a56bc464467469a3d7" data-bg="https://www.cacp-villaperochon.com/wp-content/uploads/2025/12/bureau-banniere-agenda.jpg"></div>
</div></div>

<div class="wp-block-uagb-container uagb-block-55662321 alignfull uagb-is-root-container"><div class="uagb-container-inner-blocks-wrap">
<div class="wp-block-uagb-container uagb-block-635268ac">
<div class="wp-block-uagb-advanced-heading uagb-block-b484d44a"><h2 class="uagb-heading-text"><strong>Artist Residencies on Photography</strong></h2></div>



<div class="wp-block-uagb-advanced-heading uagb-block-e1b6569c"><p class="uagb-heading-text">La Villa Pérochon, a contemporary art center of national interest, is the former home of Ernest Pérochon, winner of the Prix Goncourt in 1920.<br/><br/>In partnership with the <a href="https://www.photographie-grand-paris.fr" target="_blank" rel="noreferrer noopener">Collège international de Photographie du Grand Paris</a>, the Villa Pérochon inaugurates a new cycle of Artist Residencies on photography entitled <em><strong>Open Letters to Photography</strong></em>. It is aimed at established and emerging writers wishing to link their world to that of photography.   <br/><br/>Based on the principle of correspondence, their open letters offer the opportunity for a literary experience that can enrich our view of the medium. The residency is performative in nature, inviting the writer to work in Ernest Pérochon&#8217;s office at the very heart of the art center. <br/><br/><strong><a href="https://www.instagram.com/bambergervanessa/?hl=fr" target="_blank" rel="noreferrer noopener">Vanessa Bamberger</a> is in residence from January 24 to 31, 2026.</strong></p></div>
</div>



<div class="wp-block-uagb-container uagb-block-aaa2166e">
<p></p>



<p>&#8221; <em>In Ernest Pérochon&#8217;s office, I&#8217;m writing a letter to a man I never knew: Louis Lumière, my great-great-grandfather. In front of me is a 1930 autochrome of him holding his granddaughter, my grandmother, on his lap. From this image, I imagine a meeting between two contemporaries who never knew each other: the writer and the inventor. I try to understand what this image transmits to me: an atmosphere, a presence, perhaps an inheritance. Between family memory and transgenealogy, I&#8217;m looking for correspondences between writing and photography, looking for the origin of my desire to write.</em> &#8221; Vanessa Bamberger</p>
</div>
</div></div>

<p></p>

<p>In partnership with the Collège international de Photographie du Grand Paris, La Villa Pérochon inaugurates a new cycle of Artist Residencies on photography entitled Lettres ouvertes à la photographie.</p>

In partnership with the Collège international de Photographie du Grand Paris, La Villa Pérochon inaugurates a new cycle of Artist Residencies on photography entitled Lettres ouvertes à la photographie.
