{"id":4262,"date":"2026-02-25T10:58:15","date_gmt":"2026-02-25T09:58:15","guid":{"rendered":"https:\/\/www.cacp-villaperochon.com\/agenda\/festival-nouvelles-scenes-sung-stroll\/"},"modified":"2026-03-31T09:19:51","modified_gmt":"2026-03-31T07:19:51","slug":"festival-nouvelles-scenes-sung-stroll","status":"publish","type":"agenda","link":"https:\/\/www.cacp-villaperochon.com\/en\/agenda\/festival-nouvelles-scenes-sung-stroll\/","title":{"rendered":"Festival Nouvelles Sc\u00e8nes &#8211; Sung stroll"},"content":{"rendered":"\n<div class=\"wp-block-uagb-container uagb-block-c12b1b56 alignfull uagb-is-root-container\"><div class=\"uagb-container-inner-blocks-wrap\">\n<div class=\"wp-block-uagb-container uagb-block-bcb3c903\">\n<div class=\"wp-block-uagb-advanced-heading uagb-block-b0a44478\"><h1 class=\"uagb-heading-text\"><strong>Balade chant\u00e9e<\/strong><br\/>Nouvelles Sc\u00e8nes festival<\/h1><\/div>\n<\/div>\n\n\n\n<div class=\"wp-block-uagb-container uagb-block-2dc94297\"><div class=\"formatage-date-agenda\">On 21 March 16h20<\/div>\n<\/div>\n<\/div><\/div>\n\n<div class=\"wp-block-uagb-container uagb-block-4a819f27 alignfull uagb-is-root-container\"><div class=\"uagb-container-inner-blocks-wrap\">\n<div class=\"wp-block-toolset-blocks-container tb-container\" data-toolset-blocks-container=\"3c893d8b60cbb8add179a01262109897\" data-bg=\"https:\/\/www.cacp-villaperochon.com\/wp-content\/uploads\/2026\/02\/NS_26.jpg\"><\/div>\n<\/div><\/div>\n\n<div class=\"wp-block-uagb-container uagb-block-55662321 alignfull uagb-is-root-container\"><div class=\"uagb-container-inner-blocks-wrap\">\n<div class=\"wp-block-uagb-container uagb-block-635268ac\">\n<div class=\"wp-block-uagb-advanced-heading uagb-block-b484d44a\"><h2 class=\"uagb-heading-text\">Take over the Villa!<\/h2><\/div>\n\n\n\n<div class=\"wp-block-uagb-advanced-heading uagb-block-e1b6569c\"><p class=\"uagb-heading-text\">La Villa P\u00e9rochon welcomes the Nouvelles Sc\u00e8nes festival for a gentle program of sung ballads inspired by the Francofolies de La Rochelle. In the beautiful setting of the art center and its garden, discover two artists on a journey of sound.<\/p><\/div>\n\n\n\n<div class=\"wp-block-uagb-advanced-heading uagb-block-6c8142c6\"><p class=\"uagb-heading-text\"><strong><a href=\"https:\/\/www.instagram.com\/imelhalouat\/\" target=\"_blank\" rel=\"noreferrer noopener\">Imane El Halouat<\/a> <\/strong>is a Moroccan singer-songwriter and producer based in Paris. <br\/>An independent artist and self-taught multi-instrumentalist, she creates a transcendental, mysterious sound world where the expression of her feelings is conveyed through heartbreakingly sincere lyrics. <br\/>Her magnificent EP &#8220;Days of Optimism&#8221;, released last March, is a collection of poignant, timeless songs in the tradition of Hope Sandoval and Vashti Bunyan.<\/p><\/div>\n\n\n\n<div class=\"wp-block-uagb-advanced-heading uagb-block-e2f6d71d\"><p class=\"uagb-heading-text\">Sailing between trip hop, rock and dub influences, the Franco-Cameroonian duo <strong><a href=\"https:\/\/www.instagram.com\/okalimusic\/\" target=\"_blank\" rel=\"noreferrer noopener\">Okali<\/a><\/strong> nurture an instinctive, symbolist approach to musical creation. <br\/>Buoyed by the voice of singer Ga\u00eblle, they create a score with rhythms akin to a peaceful trance, where languor has its place.<br\/>Texts imbued with humanism and love, set to music by Florent &#8211; &#8220;the other&#8221; Okali &#8211; without dogma or recipe, a combination in their image that is sincere to the extreme, striking right to the heart.<br\/>The duo will perform in an intimate acoustic format in the beautiful setting of La Villa P\u00e9rochon.<\/p><\/div>\n<\/div>\n\n\n\n<div class=\"wp-block-uagb-container uagb-block-aaa2166e\">\n<div class=\"wp-block-uagb-container uagb-block-7a5840c0 alignfull uagb-is-root-container\"><div class=\"uagb-container-inner-blocks-wrap\">\n<div class=\"wp-block-uagb-advanced-heading uagb-block-2f32ce87 spectra-gbs-h2-classique1741771334061\"><h2 class=\"uagb-heading-text\">Practical information<\/h2><\/div>\n\n\n\n<div class=\"wp-block-uagb-icon-list uagb-block-75851519\"><div class=\"uagb-icon-list__wrap\">\n<div class=\"wp-block-uagb-icon-list-child uagb-block-890a9c58\"><span class=\"uagb-icon-list__source-wrap\"><svg xmlns=\"https:\/\/www.w3.org\/2000\/svg\" viewbox=\"0 0 320 512\"><path d=\"M96 480c-8.188 0-16.38-3.125-22.62-9.375c-12.5-12.5-12.5-32.75 0-45.25L242.8 256L73.38 86.63c-12.5-12.5-12.5-32.75 0-45.25s32.75-12.5 45.25 0l192 192c12.5 12.5 12.5 32.75 0 45.25l-192 192C112.4 476.9 104.2 480 96 480z\"><\/path><\/svg><\/span><span class=\"uagb-icon-list__label\">Saturday, March 21 at La Villa P\u00e9rochon<\/span><\/div>\n\n\n\n<div class=\"wp-block-uagb-icon-list-child uagb-block-ad2cacc6\"><span class=\"uagb-icon-list__source-wrap\"><svg xmlns=\"https:\/\/www.w3.org\/2000\/svg\" viewbox=\"0 0 320 512\"><path d=\"M96 480c-8.188 0-16.38-3.125-22.62-9.375c-12.5-12.5-12.5-32.75 0-45.25L242.8 256L73.38 86.63c-12.5-12.5-12.5-32.75 0-45.25s32.75-12.5 45.25 0l192 192c12.5 12.5 12.5 32.75 0 45.25l-192 192C112.4 476.9 104.2 480 96 480z\"><\/path><\/svg><\/span><span class=\"uagb-icon-list__label\">2 sessions at 4.20pm and 5.10pm (duration 30 min)  <\/span><\/div>\n\n\n\n<div class=\"wp-block-uagb-icon-list-child uagb-block-af190595\"><a target=\"_blank\" aria-label=\"GRATUIT - jauge limit\u00e9e: billetterie aupr\u00e8s du festival Nouvelles Sc\u00e8nes (COMPLET)\" rel=\"noopener noreferrer\" href=\"https:\/\/shotgun.live\/en\/festivals\/nouvelles-scenes-2026?utm_source=ig&amp;utm_medium=social&amp;utm_content=link_in_bio&amp;fbclid=PAZXh0bgNhZW0CMTEAc3J0YwZhcHBfaWQMMjU2MjgxMDQwNTU4AAGn32lK27FWvpTjx2YQqlGc6pCYrObUaLn_i-3gr7m6PJzYp4-QVliFffGm58E_aem_h_A7wRey2usfmt9Z-2rzBA\"> <\/a><span class=\"uagb-icon-list__source-wrap\"><svg xmlns=\"https:\/\/www.w3.org\/2000\/svg\" viewbox=\"0 0 320 512\"><path d=\"M96 480c-8.188 0-16.38-3.125-22.62-9.375c-12.5-12.5-12.5-32.75 0-45.25L242.8 256L73.38 86.63c-12.5-12.5-12.5-32.75 0-45.25s32.75-12.5 45.25 0l192 192c12.5 12.5 12.5 32.75 0 45.25l-192 192C112.4 476.9 104.2 480 96 480z\"><\/path><\/svg><\/span><span class=\"uagb-icon-list__label\">FREE &#8211; limited capacity: Nouvelles Sc\u00e8nes festival box office (SOLD OUT)<\/span><\/div>\n<\/div><\/div>\n<\/div><\/div>\n\n\n\n<div class=\"wp-block-uagb-buttons uagb-buttons__outer-wrap uagb-btn__default-btn uagb-btn-tablet__default-btn uagb-btn-mobile__default-btn uagb-block-ccafccbf\"><div class=\"uagb-buttons__wrap uagb-buttons-layout-wrap \">\n<div class=\"wp-block-uagb-buttons-child uagb-buttons__outer-wrap uagb-block-57c83290 wp-block-button\"><div class=\"uagb-button__wrapper\"><a class=\"uagb-buttons-repeater wp-block-button__link\" aria-label=\"\" href=\"https:\/\/www.nouvelles-scenes.com\" rel=\"follow noopener\" target=\"_blank\" role=\"button\"><div class=\"uagb-button__link\">The entire Nouvelles Sc\u00e8nes festival program<\/div><\/a><\/div><\/div>\n<\/div><\/div>\n<\/div>\n<\/div><\/div>\n\n<div class=\"wp-block-uagb-container uagb-block-ea3264a2 alignfull uagb-is-root-container\"><div class=\"uagb-container-inner-blocks-wrap\">\n<figure data-spectra-id=\"spectra-mm1uxc6g-ssqv6q\" class=\"wp-block-image size-large\"><img loading=\"lazy\" decoding=\"async\" width=\"700\" height=\"700\" src=\"https:\/\/www.cacp-villaperochon.com\/wp-content\/uploads\/2026\/02\/okali-duo-1-700x700.png\" alt=\"\" class=\"wp-image-3942\" title=\"\" srcset=\"https:\/\/www.cacp-villaperochon.com\/wp-content\/uploads\/2026\/02\/okali-duo-1-700x700.png 700w, https:\/\/www.cacp-villaperochon.com\/wp-content\/uploads\/2026\/02\/okali-duo-1-400x400.png 400w, https:\/\/www.cacp-villaperochon.com\/wp-content\/uploads\/2026\/02\/okali-duo-1-150x150.png 150w, https:\/\/www.cacp-villaperochon.com\/wp-content\/uploads\/2026\/02\/okali-duo-1-768x768.png 768w, https:\/\/www.cacp-villaperochon.com\/wp-content\/uploads\/2026\/02\/okali-duo-1.png 1080w\" sizes=\"auto, (max-width: 700px) 100vw, 700px\" \/><\/figure>\n\n\n\n<figure data-spectra-id=\"spectra-mm1uxxgw-amb6ru\" class=\"wp-block-image size-large\"><img loading=\"lazy\" decoding=\"async\" width=\"700\" height=\"700\" src=\"https:\/\/www.cacp-villaperochon.com\/wp-content\/uploads\/2026\/02\/imane-700x700.png\" alt=\"\" class=\"wp-image-3941\" title=\"\" srcset=\"https:\/\/www.cacp-villaperochon.com\/wp-content\/uploads\/2026\/02\/imane-700x700.png 700w, https:\/\/www.cacp-villaperochon.com\/wp-content\/uploads\/2026\/02\/imane-400x400.png 400w, https:\/\/www.cacp-villaperochon.com\/wp-content\/uploads\/2026\/02\/imane-150x150.png 150w, https:\/\/www.cacp-villaperochon.com\/wp-content\/uploads\/2026\/02\/imane-768x768.png 768w, https:\/\/www.cacp-villaperochon.com\/wp-content\/uploads\/2026\/02\/imane.png 1080w\" sizes=\"auto, (max-width: 700px) 100vw, 700px\" \/><\/figure>\n<\/div><\/div>\n\n<p><\/p>\n","protected":false},"excerpt":{"rendered":"<p>Balade chant\u00e9eNouvelles Sc\u00e8nes festival Take over the Villa! La Villa P\u00e9rochon welcomes the Nouvelles Sc\u00e8nes festival for a gentle program [&hellip;]<\/p>\n","protected":false},"featured_media":4268,"template":"","meta":{"inline_featured_image":false,"_uag_custom_page_level_css":"","site-sidebar-layout":"default","site-content-layout":"","ast-site-content-layout":"default","site-content-style":"default","site-sidebar-style":"default","ast-global-header-display":"","ast-banner-title-visibility":"","ast-main-header-display":"","ast-hfb-above-header-display":"","ast-hfb-below-header-display":"","ast-hfb-mobile-header-display":"","site-post-title":"","ast-breadcrumbs-content":"","ast-featured-img":"","footer-sml-layout":"","ast-disable-related-posts":"","theme-transparent-header-meta":"","adv-header-id-meta":"","stick-header-meta":"","header-above-stick-meta":"","header-main-stick-meta":"","header-below-stick-meta":"","astra-migrate-meta-layouts":"default","ast-page-background-enabled":"default","ast-page-background-meta":{"desktop":{"background-color":"var(--ast-global-color-4)","background-image":"","background-repeat":"repeat","background-position":"center center","background-size":"auto","background-attachment":"scroll","background-type":"","background-media":"","overlay-type":"","overlay-color":"","overlay-opacity":"","overlay-gradient":""},"tablet":{"background-color":"","background-image":"","background-repeat":"repeat","background-position":"center center","background-size":"auto","background-attachment":"scroll","background-type":"","background-media":"","overlay-type":"","overlay-color":"","overlay-opacity":"","overlay-gradient":""},"mobile":{"background-color":"","background-image":"","background-repeat":"repeat","background-position":"center center","background-size":"auto","background-attachment":"scroll","background-type":"","background-media":"","overlay-type":"","overlay-color":"","overlay-opacity":"","overlay-gradient":""}},"ast-content-background-meta":{"desktop":{"background-color":"var(--ast-global-color-5)","background-image":"","background-repeat":"repeat","background-position":"center center","background-size":"auto","background-attachment":"scroll","background-type":"","background-media":"","overlay-type":"","overlay-color":"","overlay-opacity":"","overlay-gradient":""},"tablet":{"background-color":"var(--ast-global-color-5)","background-image":"","background-repeat":"repeat","background-position":"center center","background-size":"auto","background-attachment":"scroll","background-type":"","background-media":"","overlay-type":"","overlay-color":"","overlay-opacity":"","overlay-gradient":""},"mobile":{"background-color":"var(--ast-global-color-5)","background-image":"","background-repeat":"repeat","background-position":"center center","background-size":"auto","background-attachment":"scroll","background-type":"","background-media":"","overlay-type":"","overlay-color":"","overlay-opacity":"","overlay-gradient":""}}},"categorie-agenda":[35],"categorie-public":[45],"annee":[24],"class_list":["post-4262","agenda","type-agenda","status-publish","has-post-thumbnail","hentry","categorie-agenda-events","categorie-public-all-audiences","annee-24"],"uagb_featured_image_src":{"full":["https:\/\/www.cacp-villaperochon.com\/wp-content\/uploads\/2026\/02\/NS2026-1080X1350-La-1-scaled.jpg",1639,2048,false],"thumbnail":["https:\/\/www.cacp-villaperochon.com\/wp-content\/uploads\/2026\/02\/NS2026-1080X1350-La-1-150x150.jpg",150,150,true],"medium":["https:\/\/www.cacp-villaperochon.com\/wp-content\/uploads\/2026\/02\/NS2026-1080X1350-La-1-320x400.jpg",320,400,true],"medium_large":["https:\/\/www.cacp-villaperochon.com\/wp-content\/uploads\/2026\/02\/NS2026-1080X1350-La-1-768x960.jpg",768,960,true],"large":["https:\/\/www.cacp-villaperochon.com\/wp-content\/uploads\/2026\/02\/NS2026-1080X1350-La-1-560x700.jpg",560,700,true],"1536x1536":["https:\/\/www.cacp-villaperochon.com\/wp-content\/uploads\/2026\/02\/NS2026-1080X1350-La-1-1229x1536.jpg",1229,1536,true],"2048x2048":["https:\/\/www.cacp-villaperochon.com\/wp-content\/uploads\/2026\/02\/NS2026-1080X1350-La-1-1639x2048.jpg",1639,2048,true]},"uagb_author_info":{"display_name":"Virginie Odiard","author_link":"https:\/\/www.cacp-villaperochon.com\/en\/author\/"},"uagb_comment_info":0,"uagb_excerpt":"Balade chant\u00e9eNouvelles Sc\u00e8nes festival Take over the Villa! La Villa P\u00e9rochon welcomes the Nouvelles Sc\u00e8nes festival for a gentle program [&hellip;]","_links":{"self":[{"href":"https:\/\/www.cacp-villaperochon.com\/en\/wp-json\/wp\/v2\/agenda\/4262","targetHints":{"allow":["GET"]}}],"collection":[{"href":"https:\/\/www.cacp-villaperochon.com\/en\/wp-json\/wp\/v2\/agenda"}],"about":[{"href":"https:\/\/www.cacp-villaperochon.com\/en\/wp-json\/wp\/v2\/types\/agenda"}],"wp:featuredmedia":[{"embeddable":true,"href":"https:\/\/www.cacp-villaperochon.com\/en\/wp-json\/wp\/v2\/media\/4268"}],"wp:attachment":[{"href":"https:\/\/www.cacp-villaperochon.com\/en\/wp-json\/wp\/v2\/media?parent=4262"}],"wp:term":[{"taxonomy":"categorie-agenda","embeddable":true,"href":"https:\/\/www.cacp-villaperochon.com\/en\/wp-json\/wp\/v2\/categorie-agenda?post=4262"},{"taxonomy":"categorie-public","embeddable":true,"href":"https:\/\/www.cacp-villaperochon.com\/en\/wp-json\/wp\/v2\/categorie-public?post=4262"},{"taxonomy":"annee","embeddable":true,"href":"https:\/\/www.cacp-villaperochon.com\/en\/wp-json\/wp\/v2\/annee?post=4262"}],"curies":[{"name":"wp","href":"https:\/\/api.w.org\/{rel}","templated":true}]}}

Festival Nouvelles Scènes &#8211; Sung stroll

<div class="wp-block-uagb-container uagb-block-c12b1b56 alignfull uagb-is-root-container"><div class="uagb-container-inner-blocks-wrap">
<div class="wp-block-uagb-container uagb-block-bcb3c903">
<div class="wp-block-uagb-advanced-heading uagb-block-b0a44478"><h1 class="uagb-heading-text"><strong>Balade chantée</strong><br/>Nouvelles Scènes festival</h1></div>
</div>



<div class="wp-block-uagb-container uagb-block-2dc94297"><div class="formatage-date-agenda">On 21 March 16h20</div>
</div>
</div></div>

<div class="wp-block-uagb-container uagb-block-4a819f27 alignfull uagb-is-root-container"><div class="uagb-container-inner-blocks-wrap">
<div class="wp-block-toolset-blocks-container tb-container" data-toolset-blocks-container="3c893d8b60cbb8add179a01262109897" data-bg="https://www.cacp-villaperochon.com/wp-content/uploads/2026/02/NS_26.jpg"></div>
</div></div>

<div class="wp-block-uagb-container uagb-block-55662321 alignfull uagb-is-root-container"><div class="uagb-container-inner-blocks-wrap">
<div class="wp-block-uagb-container uagb-block-635268ac">
<div class="wp-block-uagb-advanced-heading uagb-block-b484d44a"><h2 class="uagb-heading-text">Take over the Villa!</h2></div>



<div class="wp-block-uagb-advanced-heading uagb-block-e1b6569c"><p class="uagb-heading-text">La Villa Pérochon welcomes the Nouvelles Scènes festival for a gentle program of sung ballads inspired by the Francofolies de La Rochelle. In the beautiful setting of the art center and its garden, discover two artists on a journey of sound.</p></div>



<div class="wp-block-uagb-advanced-heading uagb-block-6c8142c6"><p class="uagb-heading-text"><strong><a href="https://www.instagram.com/imelhalouat/" target="_blank" rel="noreferrer noopener">Imane El Halouat</a> </strong>is a Moroccan singer-songwriter and producer based in Paris. <br/>An independent artist and self-taught multi-instrumentalist, she creates a transcendental, mysterious sound world where the expression of her feelings is conveyed through heartbreakingly sincere lyrics. <br/>Her magnificent EP &#8220;Days of Optimism&#8221;, released last March, is a collection of poignant, timeless songs in the tradition of Hope Sandoval and Vashti Bunyan.</p></div>



<div class="wp-block-uagb-advanced-heading uagb-block-e2f6d71d"><p class="uagb-heading-text">Sailing between trip hop, rock and dub influences, the Franco-Cameroonian duo <strong><a href="https://www.instagram.com/okalimusic/" target="_blank" rel="noreferrer noopener">Okali</a></strong> nurture an instinctive, symbolist approach to musical creation. <br/>Buoyed by the voice of singer Gaëlle, they create a score with rhythms akin to a peaceful trance, where languor has its place.<br/>Texts imbued with humanism and love, set to music by Florent &#8211; &#8220;the other&#8221; Okali &#8211; without dogma or recipe, a combination in their image that is sincere to the extreme, striking right to the heart.<br/>The duo will perform in an intimate acoustic format in the beautiful setting of La Villa Pérochon.</p></div>
</div>



<div class="wp-block-uagb-container uagb-block-aaa2166e">
<div class="wp-block-uagb-container uagb-block-7a5840c0 alignfull uagb-is-root-container"><div class="uagb-container-inner-blocks-wrap">
<div class="wp-block-uagb-advanced-heading uagb-block-2f32ce87 spectra-gbs-h2-classique1741771334061"><h2 class="uagb-heading-text">Practical information</h2></div>



<div class="wp-block-uagb-icon-list uagb-block-75851519"><div class="uagb-icon-list__wrap">
<div class="wp-block-uagb-icon-list-child uagb-block-890a9c58"><span class="uagb-icon-list__source-wrap"><svg xmlns="https://www.w3.org/2000/svg" viewbox="0 0 320 512"><path d="M96 480c-8.188 0-16.38-3.125-22.62-9.375c-12.5-12.5-12.5-32.75 0-45.25L242.8 256L73.38 86.63c-12.5-12.5-12.5-32.75 0-45.25s32.75-12.5 45.25 0l192 192c12.5 12.5 12.5 32.75 0 45.25l-192 192C112.4 476.9 104.2 480 96 480z"></path></svg></span><span class="uagb-icon-list__label">Saturday, March 21 at La Villa Pérochon</span></div>



<div class="wp-block-uagb-icon-list-child uagb-block-ad2cacc6"><span class="uagb-icon-list__source-wrap"><svg xmlns="https://www.w3.org/2000/svg" viewbox="0 0 320 512"><path d="M96 480c-8.188 0-16.38-3.125-22.62-9.375c-12.5-12.5-12.5-32.75 0-45.25L242.8 256L73.38 86.63c-12.5-12.5-12.5-32.75 0-45.25s32.75-12.5 45.25 0l192 192c12.5 12.5 12.5 32.75 0 45.25l-192 192C112.4 476.9 104.2 480 96 480z"></path></svg></span><span class="uagb-icon-list__label">2 sessions at 4.20pm and 5.10pm (duration 30 min)  </span></div>



<div class="wp-block-uagb-icon-list-child uagb-block-af190595"><a target="_blank" aria-label="GRATUIT - jauge limitée: billetterie auprès du festival Nouvelles Scènes (COMPLET)" rel="noopener noreferrer" href="https://shotgun.live/en/festivals/nouvelles-scenes-2026?utm_source=ig&amp;utm_medium=social&amp;utm_content=link_in_bio&amp;fbclid=PAZXh0bgNhZW0CMTEAc3J0YwZhcHBfaWQMMjU2MjgxMDQwNTU4AAGn32lK27FWvpTjx2YQqlGc6pCYrObUaLn_i-3gr7m6PJzYp4-QVliFffGm58E_aem_h_A7wRey2usfmt9Z-2rzBA"> </a><span class="uagb-icon-list__source-wrap"><svg xmlns="https://www.w3.org/2000/svg" viewbox="0 0 320 512"><path d="M96 480c-8.188 0-16.38-3.125-22.62-9.375c-12.5-12.5-12.5-32.75 0-45.25L242.8 256L73.38 86.63c-12.5-12.5-12.5-32.75 0-45.25s32.75-12.5 45.25 0l192 192c12.5 12.5 12.5 32.75 0 45.25l-192 192C112.4 476.9 104.2 480 96 480z"></path></svg></span><span class="uagb-icon-list__label">FREE &#8211; limited capacity: Nouvelles Scènes festival box office (SOLD OUT)</span></div>
</div></div>
</div></div>



<div class="wp-block-uagb-buttons uagb-buttons__outer-wrap uagb-btn__default-btn uagb-btn-tablet__default-btn uagb-btn-mobile__default-btn uagb-block-ccafccbf"><div class="uagb-buttons__wrap uagb-buttons-layout-wrap ">
<div class="wp-block-uagb-buttons-child uagb-buttons__outer-wrap uagb-block-57c83290 wp-block-button"><div class="uagb-button__wrapper"><a class="uagb-buttons-repeater wp-block-button__link" aria-label="" href="https://www.nouvelles-scenes.com" rel="follow noopener" target="_blank" role="button"><div class="uagb-button__link">The entire Nouvelles Scènes festival program</div></a></div></div>
</div></div>
</div>
</div></div>

<div class="wp-block-uagb-container uagb-block-ea3264a2 alignfull uagb-is-root-container"><div class="uagb-container-inner-blocks-wrap">
<figure data-spectra-id="spectra-mm1uxc6g-ssqv6q" class="wp-block-image size-large"><img loading="lazy" decoding="async" width="700" height="700" src="https://www.cacp-villaperochon.com/wp-content/uploads/2026/02/okali-duo-1-700x700.png" alt="" class="wp-image-3942" title="" srcset="https://www.cacp-villaperochon.com/wp-content/uploads/2026/02/okali-duo-1-700x700.png 700w, https://www.cacp-villaperochon.com/wp-content/uploads/2026/02/okali-duo-1-400x400.png 400w, https://www.cacp-villaperochon.com/wp-content/uploads/2026/02/okali-duo-1-150x150.png 150w, https://www.cacp-villaperochon.com/wp-content/uploads/2026/02/okali-duo-1-768x768.png 768w, https://www.cacp-villaperochon.com/wp-content/uploads/2026/02/okali-duo-1.png 1080w" sizes="auto, (max-width: 700px) 100vw, 700px" /></figure>



<figure data-spectra-id="spectra-mm1uxxgw-amb6ru" class="wp-block-image size-large"><img loading="lazy" decoding="async" width="700" height="700" src="https://www.cacp-villaperochon.com/wp-content/uploads/2026/02/imane-700x700.png" alt="" class="wp-image-3941" title="" srcset="https://www.cacp-villaperochon.com/wp-content/uploads/2026/02/imane-700x700.png 700w, https://www.cacp-villaperochon.com/wp-content/uploads/2026/02/imane-400x400.png 400w, https://www.cacp-villaperochon.com/wp-content/uploads/2026/02/imane-150x150.png 150w, https://www.cacp-villaperochon.com/wp-content/uploads/2026/02/imane-768x768.png 768w, https://www.cacp-villaperochon.com/wp-content/uploads/2026/02/imane.png 1080w" sizes="auto, (max-width: 700px) 100vw, 700px" /></figure>
</div></div>

<p></p>

<p>Balade chantéeNouvelles Scènes festival Take over the Villa! La Villa Pérochon welcomes the Nouvelles Scènes festival for a gentle program [&hellip;]</p>

Balade chantéeNouvelles Scènes festival Take over the Villa! La Villa Pérochon welcomes the Nouvelles Scènes festival for a gentle program [&hellip;]
