{"id":2854,"date":"2025-04-01T14:33:01","date_gmt":"2025-04-01T12:33:01","guid":{"rendered":"https:\/\/www.cacp-villaperochon.com\/agenda\/rjpi-causerie-avec-serge-tisseron\/"},"modified":"2025-04-01T14:44:03","modified_gmt":"2025-04-01T12:44:03","slug":"rjpi-rencontre-residents","status":"publish","type":"agenda","link":"https:\/\/www.cacp-villaperochon.com\/en\/agenda\/rjpi-rencontre-residents\/","title":{"rendered":"RJPI &#8211; Rencontre avec les photographes en r\u00e9sidence"},"content":{"rendered":"\n<div class=\"wp-block-uagb-container uagb-block-c12b1b56 alignfull uagb-is-root-container\"><div class=\"uagb-container-inner-blocks-wrap\">\n<div class=\"wp-block-uagb-advanced-heading uagb-block-b0a44478\"><h1 class=\"uagb-heading-text\"><strong>Rencontre<\/strong><br>avec les photographes en r\u00e9sidence<\/h1><\/div>\n\n\n\n<div class=\"wp-block-uagb-container uagb-block-2dc94297\"><div class=\"formatage-date-agenda\">On 26 April 18h30<\/div>\n<\/div>\n<\/div><\/div>\n\n\n\n<div class=\"wp-block-uagb-container uagb-block-4a819f27 alignfull uagb-is-root-container\"><div class=\"uagb-container-inner-blocks-wrap\">\n<div class=\"wp-block-toolset-blocks-container tb-container\" data-toolset-blocks-container=\"ea258824baaf1aca8ba7d5925552a384\" data-bg=\"https:\/\/www.cacp-villaperochon.com\/wp-content\/uploads\/2025\/03\/rjpi-gabarit-banniere-agenda.jpg\"><\/div>\n<\/div><\/div>\n\n\n\n<div class=\"wp-block-uagb-container uagb-block-7a76b97a alignfull uagb-is-root-container\"><div class=\"uagb-container-inner-blocks-wrap\">\n<div class=\"wp-block-uagb-container uagb-block-f7b1db89 alignfull uagb-is-root-container\"><div class=\"uagb-container-inner-blocks-wrap\">\n<div class=\"wp-block-uagb-advanced-heading uagb-block-e51a866f\"><p class=\"uagb-heading-text\">Dernier temps de rencontre avec les photographes en r\u00e9sidence! Voil\u00e0 2 semaines qu&#8217;iels sont \u00e0 Niort pour exp\u00e9rimenter et questionner leurs pratiques avec l&#8217;accompagnement de Kourtney Roy et des \u00e9quipes de la Villa P\u00e9rochon. C&#8217;est le temps des bilans et retours d&#8217;exp\u00e9riences. Iels vous pr\u00e9senteront leurs projets, leurs r\u00e9flexions, les changements de plan&#8230; <\/p><\/div>\n\n\n\n<p>Les \u00e9changes pourront se poursuivent autour du bar, du foodtruck  et sur la piste de danse avec le DJ belge <a href=\"https:\/\/www.cacp-villaperochon.com\/agenda\/dj-set-kafim\/\" data-type=\"agenda\" data-id=\"2404\">Kafim<\/a>.<\/p>\n<\/div><\/div>\n\n\n\n<div class=\"wp-block-uagb-container uagb-block-5acff04a\">\n<div class=\"wp-block-uagb-container uagb-block-53cf430e alignfull uagb-is-root-container\"><div class=\"uagb-container-inner-blocks-wrap\">\n<div class=\"wp-block-uagb-advanced-heading uagb-block-9a0e302c spectra-gbs-h2-classique1741771334061\"><h2 class=\"uagb-heading-text\">Infos pratiques<\/h2><\/div>\n\n\n\n<div class=\"wp-block-uagb-icon-list uagb-block-ec83d20e\"><div class=\"uagb-icon-list__wrap\">\n<div class=\"wp-block-uagb-icon-list-child uagb-block-8c475c03\"><span class=\"uagb-icon-list__source-wrap\"><svg xmlns=\"https:\/\/www.w3.org\/2000\/svg\" viewBox=\"0 0 320 512\"><path d=\"M96 480c-8.188 0-16.38-3.125-22.62-9.375c-12.5-12.5-12.5-32.75 0-45.25L242.8 256L73.38 86.63c-12.5-12.5-12.5-32.75 0-45.25s32.75-12.5 45.25 0l192 192c12.5 12.5 12.5 32.75 0 45.25l-192 192C112.4 476.9 104.2 480 96 480z\"><\/path><\/svg><\/span><span class=\"uagb-icon-list__label\">Samedi 26 avril \u00e0 18h30 au Patronage la\u00efque<\/span><\/div>\n\n\n\n<div class=\"wp-block-uagb-icon-list-child uagb-block-f13c2145\"><span class=\"uagb-icon-list__source-wrap\"><svg xmlns=\"https:\/\/www.w3.org\/2000\/svg\" viewBox=\"0 0 320 512\"><path d=\"M96 480c-8.188 0-16.38-3.125-22.62-9.375c-12.5-12.5-12.5-32.75 0-45.25L242.8 256L73.38 86.63c-12.5-12.5-12.5-32.75 0-45.25s32.75-12.5 45.25 0l192 192c12.5 12.5 12.5 32.75 0 45.25l-192 192C112.4 476.9 104.2 480 96 480z\"><\/path><\/svg><\/span><span class=\"uagb-icon-list__label\">ENTR\u00c9E LIBRE &amp; GRATUITE<\/span><\/div>\n<\/div><\/div>\n<\/div><\/div>\n<\/div>\n<\/div><\/div>\n","protected":false},"excerpt":{"rendered":"<p>Dernier temps de rencontre avec les photographes en r\u00e9sidence! Voil\u00e0 2 semaines qu&#8217;iels sont \u00e0 Niort pour exp\u00e9rimenter et questionner leurs pratiques avec l&#8217;accompagnement de Kourtney Roy et des \u00e9quipes de la Villa P\u00e9rochon. C&#8217;est le temps des bilans et retours d&#8217;exp\u00e9riences. Iels vous pr\u00e9senteront leurs projets, leurs r\u00e9flexions, les changements de plan&#8230; <\/p>\n","protected":false},"featured_media":2344,"template":"","meta":{"inline_featured_image":false,"_uag_custom_page_level_css":"","site-sidebar-layout":"default","site-content-layout":"","ast-site-content-layout":"default","site-content-style":"default","site-sidebar-style":"default","ast-global-header-display":"","ast-banner-title-visibility":"","ast-main-header-display":"","ast-hfb-above-header-display":"","ast-hfb-below-header-display":"","ast-hfb-mobile-header-display":"","site-post-title":"","ast-breadcrumbs-content":"","ast-featured-img":"","footer-sml-layout":"","ast-disable-related-posts":"","theme-transparent-header-meta":"","adv-header-id-meta":"","stick-header-meta":"","header-above-stick-meta":"","header-main-stick-meta":"","header-below-stick-meta":"","astra-migrate-meta-layouts":"default","ast-page-background-enabled":"default","ast-page-background-meta":{"desktop":{"background-color":"var(--ast-global-color-4)","background-image":"","background-repeat":"repeat","background-position":"center center","background-size":"auto","background-attachment":"scroll","background-type":"","background-media":"","overlay-type":"","overlay-color":"","overlay-opacity":"","overlay-gradient":""},"tablet":{"background-color":"","background-image":"","background-repeat":"repeat","background-position":"center center","background-size":"auto","background-attachment":"scroll","background-type":"","background-media":"","overlay-type":"","overlay-color":"","overlay-opacity":"","overlay-gradient":""},"mobile":{"background-color":"","background-image":"","background-repeat":"repeat","background-position":"center center","background-size":"auto","background-attachment":"scroll","background-type":"","background-media":"","overlay-type":"","overlay-color":"","overlay-opacity":"","overlay-gradient":""}},"ast-content-background-meta":{"desktop":{"background-color":"var(--ast-global-color-5)","background-image":"","background-repeat":"repeat","background-position":"center center","background-size":"auto","background-attachment":"scroll","background-type":"","background-media":"","overlay-type":"","overlay-color":"","overlay-opacity":"","overlay-gradient":""},"tablet":{"background-color":"var(--ast-global-color-5)","background-image":"","background-repeat":"repeat","background-position":"center center","background-size":"auto","background-attachment":"scroll","background-type":"","background-media":"","overlay-type":"","overlay-color":"","overlay-opacity":"","overlay-gradient":""},"mobile":{"background-color":"var(--ast-global-color-5)","background-image":"","background-repeat":"repeat","background-position":"center center","background-size":"auto","background-attachment":"scroll","background-type":"","background-media":"","overlay-type":"","overlay-color":"","overlay-opacity":"","overlay-gradient":""}}},"categorie-agenda":[7,14],"categorie-public":[15],"annee":[],"class_list":["post-2854","agenda","type-agenda","status-publish","has-post-thumbnail","hentry","categorie-agenda-evenements","categorie-agenda-rjpi","categorie-public-rjpi"],"uagb_featured_image_src":{"full":["https:\/\/www.cacp-villaperochon.com\/wp-content\/uploads\/2025\/03\/rjpi-gabarit-vignette-agenda.jpg",400,400,false],"thumbnail":["https:\/\/www.cacp-villaperochon.com\/wp-content\/uploads\/2025\/03\/rjpi-gabarit-vignette-agenda-150x150.jpg",150,150,true],"medium":["https:\/\/www.cacp-villaperochon.com\/wp-content\/uploads\/2025\/03\/rjpi-gabarit-vignette-agenda.jpg",400,400,false],"medium_large":["https:\/\/www.cacp-villaperochon.com\/wp-content\/uploads\/2025\/03\/rjpi-gabarit-vignette-agenda.jpg",400,400,false],"large":["https:\/\/www.cacp-villaperochon.com\/wp-content\/uploads\/2025\/03\/rjpi-gabarit-vignette-agenda.jpg",400,400,false],"1536x1536":["https:\/\/www.cacp-villaperochon.com\/wp-content\/uploads\/2025\/03\/rjpi-gabarit-vignette-agenda.jpg",400,400,false],"2048x2048":["https:\/\/www.cacp-villaperochon.com\/wp-content\/uploads\/2025\/03\/rjpi-gabarit-vignette-agenda.jpg",400,400,false]},"uagb_author_info":{"display_name":"Virginie Odiard","author_link":"https:\/\/www.cacp-villaperochon.com\/en\/author\/"},"uagb_comment_info":0,"uagb_excerpt":"Dernier temps de rencontre avec les photographes en r\u00e9sidence! Voil\u00e0 2 semaines qu'iels sont \u00e0 Niort pour exp\u00e9rimenter et questionner leurs pratiques avec l'accompagnement de Kourtney Roy et des \u00e9quipes de la Villa P\u00e9rochon. C'est le temps des bilans et retours d'exp\u00e9riences. Iels vous pr\u00e9senteront leurs projets, leurs r\u00e9flexions, les changements de plan...","_links":{"self":[{"href":"https:\/\/www.cacp-villaperochon.com\/en\/wp-json\/wp\/v2\/agenda\/2854","targetHints":{"allow":["GET"]}}],"collection":[{"href":"https:\/\/www.cacp-villaperochon.com\/en\/wp-json\/wp\/v2\/agenda"}],"about":[{"href":"https:\/\/www.cacp-villaperochon.com\/en\/wp-json\/wp\/v2\/types\/agenda"}],"wp:featuredmedia":[{"embeddable":true,"href":"https:\/\/www.cacp-villaperochon.com\/en\/wp-json\/wp\/v2\/media\/2344"}],"wp:attachment":[{"href":"https:\/\/www.cacp-villaperochon.com\/en\/wp-json\/wp\/v2\/media?parent=2854"}],"wp:term":[{"taxonomy":"categorie-agenda","embeddable":true,"href":"https:\/\/www.cacp-villaperochon.com\/en\/wp-json\/wp\/v2\/categorie-agenda?post=2854"},{"taxonomy":"categorie-public","embeddable":true,"href":"https:\/\/www.cacp-villaperochon.com\/en\/wp-json\/wp\/v2\/categorie-public?post=2854"},{"taxonomy":"annee","embeddable":true,"href":"https:\/\/www.cacp-villaperochon.com\/en\/wp-json\/wp\/v2\/annee?post=2854"}],"curies":[{"name":"wp","href":"https:\/\/api.w.org\/{rel}","templated":true}]}}

RJPI &#8211; Rencontre avec les photographes en résidence

<div class="wp-block-uagb-container uagb-block-c12b1b56 alignfull uagb-is-root-container"><div class="uagb-container-inner-blocks-wrap">
<div class="wp-block-uagb-advanced-heading uagb-block-b0a44478"><h1 class="uagb-heading-text"><strong>Rencontre</strong><br>avec les photographes en résidence</h1></div>



<div class="wp-block-uagb-container uagb-block-2dc94297"><div class="formatage-date-agenda">On 26 April 18h30</div>
</div>
</div></div>



<div class="wp-block-uagb-container uagb-block-4a819f27 alignfull uagb-is-root-container"><div class="uagb-container-inner-blocks-wrap">
<div class="wp-block-toolset-blocks-container tb-container" data-toolset-blocks-container="ea258824baaf1aca8ba7d5925552a384" data-bg="https://www.cacp-villaperochon.com/wp-content/uploads/2025/03/rjpi-gabarit-banniere-agenda.jpg"></div>
</div></div>



<div class="wp-block-uagb-container uagb-block-7a76b97a alignfull uagb-is-root-container"><div class="uagb-container-inner-blocks-wrap">
<div class="wp-block-uagb-container uagb-block-f7b1db89 alignfull uagb-is-root-container"><div class="uagb-container-inner-blocks-wrap">
<div class="wp-block-uagb-advanced-heading uagb-block-e51a866f"><p class="uagb-heading-text">Dernier temps de rencontre avec les photographes en résidence! Voilà 2 semaines qu&#8217;iels sont à Niort pour expérimenter et questionner leurs pratiques avec l&#8217;accompagnement de Kourtney Roy et des équipes de la Villa Pérochon. C&#8217;est le temps des bilans et retours d&#8217;expériences. Iels vous présenteront leurs projets, leurs réflexions, les changements de plan&#8230; </p></div>



<p>Les échanges pourront se poursuivent autour du bar, du foodtruck  et sur la piste de danse avec le DJ belge <a href="https://www.cacp-villaperochon.com/agenda/dj-set-kafim/" data-type="agenda" data-id="2404">Kafim</a>.</p>
</div></div>



<div class="wp-block-uagb-container uagb-block-5acff04a">
<div class="wp-block-uagb-container uagb-block-53cf430e alignfull uagb-is-root-container"><div class="uagb-container-inner-blocks-wrap">
<div class="wp-block-uagb-advanced-heading uagb-block-9a0e302c spectra-gbs-h2-classique1741771334061"><h2 class="uagb-heading-text">Infos pratiques</h2></div>



<div class="wp-block-uagb-icon-list uagb-block-ec83d20e"><div class="uagb-icon-list__wrap">
<div class="wp-block-uagb-icon-list-child uagb-block-8c475c03"><span class="uagb-icon-list__source-wrap"><svg xmlns="https://www.w3.org/2000/svg" viewBox="0 0 320 512"><path d="M96 480c-8.188 0-16.38-3.125-22.62-9.375c-12.5-12.5-12.5-32.75 0-45.25L242.8 256L73.38 86.63c-12.5-12.5-12.5-32.75 0-45.25s32.75-12.5 45.25 0l192 192c12.5 12.5 12.5 32.75 0 45.25l-192 192C112.4 476.9 104.2 480 96 480z"></path></svg></span><span class="uagb-icon-list__label">Samedi 26 avril à 18h30 au Patronage laïque</span></div>



<div class="wp-block-uagb-icon-list-child uagb-block-f13c2145"><span class="uagb-icon-list__source-wrap"><svg xmlns="https://www.w3.org/2000/svg" viewBox="0 0 320 512"><path d="M96 480c-8.188 0-16.38-3.125-22.62-9.375c-12.5-12.5-12.5-32.75 0-45.25L242.8 256L73.38 86.63c-12.5-12.5-12.5-32.75 0-45.25s32.75-12.5 45.25 0l192 192c12.5 12.5 12.5 32.75 0 45.25l-192 192C112.4 476.9 104.2 480 96 480z"></path></svg></span><span class="uagb-icon-list__label">ENTRÉE LIBRE &amp; GRATUITE</span></div>
</div></div>
</div></div>
</div>
</div></div>

<p>Dernier temps de rencontre avec les photographes en résidence! Voilà 2 semaines qu&#8217;iels sont à Niort pour expérimenter et questionner leurs pratiques avec l&#8217;accompagnement de Kourtney Roy et des équipes de la Villa Pérochon. C&#8217;est le temps des bilans et retours d&#8217;expériences. Iels vous présenteront leurs projets, leurs réflexions, les changements de plan&#8230; </p>

Dernier temps de rencontre avec les photographes en résidence! Voilà 2 semaines qu'iels sont à Niort pour expérimenter et questionner leurs pratiques avec l'accompagnement de Kourtney Roy et des équipes de la Villa Pérochon. C'est le temps des bilans et retours d'expériences. Iels vous présenteront leurs projets, leurs réflexions, les changements de plan...
