{"id":2807,"date":"2025-03-31T15:52:32","date_gmt":"2025-03-31T13:52:32","guid":{"rendered":"https:\/\/www.cacp-villaperochon.com\/agenda\/rjpi-lectures-de-portfolios\/"},"modified":"2025-04-01T14:22:15","modified_gmt":"2025-04-01T12:22:15","slug":"concert-mathias-delplanque","status":"publish","type":"agenda","link":"https:\/\/www.cacp-villaperochon.com\/en\/agenda\/concert-mathias-delplanque\/","title":{"rendered":"RJPI &#8211; Concert de Mathias Delplanque"},"content":{"rendered":"\n<div class=\"wp-block-uagb-container uagb-block-c12b1b56 alignfull uagb-is-root-container\"><div class=\"uagb-container-inner-blocks-wrap\">\n<div class=\"wp-block-uagb-advanced-heading uagb-block-b0a44478\"><h1 class=\"uagb-heading-text\"><strong>Concert<\/strong><br>de Mathias Delplanque<\/h1><\/div>\n\n\n\n<div class=\"wp-block-uagb-container uagb-block-2dc94297\"><div class=\"formatage-date-agenda\">On 12 April 21h00<\/div>\n<\/div>\n<\/div><\/div>\n\n\n\n<div class=\"wp-block-uagb-container uagb-block-4a819f27 alignfull uagb-is-root-container\"><div class=\"uagb-container-inner-blocks-wrap\">\n<div class=\"wp-block-toolset-blocks-container tb-container\" data-toolset-blocks-container=\"893a50b9163f52a6ad275965c34aceab\" data-bg=\"https:\/\/www.cacp-villaperochon.com\/wp-content\/uploads\/2025\/03\/mathias-banniere-agenda.jpg\"><\/div>\n<\/div><\/div>\n\n\n\n<div class=\"wp-block-uagb-container uagb-block-7a76b97a alignfull uagb-is-root-container\"><div class=\"uagb-container-inner-blocks-wrap\">\n<div class=\"wp-block-uagb-container uagb-block-f7b1db89 alignfull uagb-is-root-container\"><div class=\"uagb-container-inner-blocks-wrap\">\n<div class=\"wp-block-uagb-advanced-heading uagb-block-e51a866f\"><p class=\"uagb-heading-text\">Mathias Delplanque est un artiste multi-facettes, \u00e0 la fois compositeur de musique \u00e9lectronique, performer, improvisateur, concepteur d\u2019installations sonores, cr\u00e9ateur sonore pour la danse et le th\u00e9\u00e2tre\u2026 Auteur de multiples projets solo, membre fondateur de plusieurs ensembles musicaux, il a sorti plus d\u2019une trentaine de disques sur divers labels internationaux, et se produit fr\u00e9quemment sur sc\u00e8ne, seul ou accompagn\u00e9 d\u2019autres musiciens.\u00a0<br>Laur\u00e9at, avec la photographe Kourtney Roy, du Prix Swiss Life \u00e0 4 Mains, il a con\u00e7u avec elle l\u2019exposition <em><a href=\"https:\/\/www.cacp-villaperochon.com\/agenda\/rjpi-exposition-kourtney-roy\/\" data-type=\"agenda\" data-id=\"2056\">Last Paradise<\/a><\/em>, pr\u00e9sent\u00e9e \u00e0 la Villa P\u00e9rochon, dont il signe la partie sonore.<br>Pour son concert au CAMJI, Mathias Delplanque\u00a0r\u00e9interpr\u00e8tera en live certaines parties de sa cr\u00e9ation sonore pour <em>Last Paradise<\/em>, qu\u2019il associera \u00e0 d\u2019autres compositions de son projet techno-dub LENA.<br>Un v\u00e9ritable live machines et claviers, enveloppant et ensoleill\u00e9, teint\u00e9 de house d\u00e9viante, de dub et d\u2019easy-listening.\u00a0<\/p><\/div>\n\n\n\n<p>\u00c0 suivre, dansez au rythme des vinyles du DJ Pablo Discobar!<\/p>\n<\/div><\/div>\n\n\n\n<div class=\"wp-block-uagb-container uagb-block-5acff04a\">\n<div class=\"wp-block-uagb-container uagb-block-53cf430e alignfull uagb-is-root-container\"><div class=\"uagb-container-inner-blocks-wrap\">\n<div class=\"wp-block-uagb-advanced-heading uagb-block-9a0e302c spectra-gbs-h2-classique1741771334061\"><h2 class=\"uagb-heading-text\">Infos pratiques<\/h2><\/div>\n\n\n\n<div class=\"wp-block-uagb-icon-list uagb-block-ec83d20e\"><div class=\"uagb-icon-list__wrap\">\n<div class=\"wp-block-uagb-icon-list-child uagb-block-8c475c03\"><span class=\"uagb-icon-list__source-wrap\"><svg xmlns=\"https:\/\/www.w3.org\/2000\/svg\" viewBox=\"0 0 320 512\"><path d=\"M96 480c-8.188 0-16.38-3.125-22.62-9.375c-12.5-12.5-12.5-32.75 0-45.25L242.8 256L73.38 86.63c-12.5-12.5-12.5-32.75 0-45.25s32.75-12.5 45.25 0l192 192c12.5 12.5 12.5 32.75 0 45.25l-192 192C112.4 476.9 104.2 480 96 480z\"><\/path><\/svg><\/span><span class=\"uagb-icon-list__label\">Samedi 12 avril \u00e0 21h au Camji<\/span><\/div>\n\n\n\n<div class=\"wp-block-uagb-icon-list-child uagb-block-f13c2145\"><span class=\"uagb-icon-list__source-wrap\"><svg xmlns=\"https:\/\/www.w3.org\/2000\/svg\" viewBox=\"0 0 320 512\"><path d=\"M96 480c-8.188 0-16.38-3.125-22.62-9.375c-12.5-12.5-12.5-32.75 0-45.25L242.8 256L73.38 86.63c-12.5-12.5-12.5-32.75 0-45.25s32.75-12.5 45.25 0l192 192c12.5 12.5 12.5 32.75 0 45.25l-192 192C112.4 476.9 104.2 480 96 480z\"><\/path><\/svg><\/span><span class=\"uagb-icon-list__label\">ENTR\u00c9E LIBRE &amp; GRATUITE<\/span><\/div>\n\n\n\n<div class=\"wp-block-uagb-icon-list-child uagb-block-18cafd27\"><span class=\"uagb-icon-list__source-wrap\"><svg xmlns=\"https:\/\/www.w3.org\/2000\/svg\" viewBox=\"0 0 320 512\"><path d=\"M96 480c-8.188 0-16.38-3.125-22.62-9.375c-12.5-12.5-12.5-32.75 0-45.25L242.8 256L73.38 86.63c-12.5-12.5-12.5-32.75 0-45.25s32.75-12.5 45.25 0l192 192c12.5 12.5 12.5 32.75 0 45.25l-192 192C112.4 476.9 104.2 480 96 480z\"><\/path><\/svg><\/span><span class=\"uagb-icon-list__label\">Restauration sur place avec Anjali<\/span><\/div>\n<\/div><\/div>\n<\/div><\/div>\n<\/div>\n<\/div><\/div>\n","protected":false},"excerpt":{"rendered":"<p>Pour son concert au CAMJI, Mathias Delplanque\u00a0r\u00e9interpr\u00e8tera en live certaines parties de sa cr\u00e9ation sonore pour Last Paradise, qu\u2019il associera \u00e0 d\u2019autres compositions de son projet techno-dub LENA.<\/p>\n","protected":false},"featured_media":2810,"template":"","meta":{"inline_featured_image":false,"_uag_custom_page_level_css":"","site-sidebar-layout":"default","site-content-layout":"","ast-site-content-layout":"default","site-content-style":"default","site-sidebar-style":"default","ast-global-header-display":"","ast-banner-title-visibility":"","ast-main-header-display":"","ast-hfb-above-header-display":"","ast-hfb-below-header-display":"","ast-hfb-mobile-header-display":"","site-post-title":"","ast-breadcrumbs-content":"","ast-featured-img":"","footer-sml-layout":"","ast-disable-related-posts":"","theme-transparent-header-meta":"","adv-header-id-meta":"","stick-header-meta":"","header-above-stick-meta":"","header-main-stick-meta":"","header-below-stick-meta":"","astra-migrate-meta-layouts":"default","ast-page-background-enabled":"default","ast-page-background-meta":{"desktop":{"background-color":"var(--ast-global-color-4)","background-image":"","background-repeat":"repeat","background-position":"center center","background-size":"auto","background-attachment":"scroll","background-type":"","background-media":"","overlay-type":"","overlay-color":"","overlay-opacity":"","overlay-gradient":""},"tablet":{"background-color":"","background-image":"","background-repeat":"repeat","background-position":"center center","background-size":"auto","background-attachment":"scroll","background-type":"","background-media":"","overlay-type":"","overlay-color":"","overlay-opacity":"","overlay-gradient":""},"mobile":{"background-color":"","background-image":"","background-repeat":"repeat","background-position":"center center","background-size":"auto","background-attachment":"scroll","background-type":"","background-media":"","overlay-type":"","overlay-color":"","overlay-opacity":"","overlay-gradient":""}},"ast-content-background-meta":{"desktop":{"background-color":"var(--ast-global-color-5)","background-image":"","background-repeat":"repeat","background-position":"center center","background-size":"auto","background-attachment":"scroll","background-type":"","background-media":"","overlay-type":"","overlay-color":"","overlay-opacity":"","overlay-gradient":""},"tablet":{"background-color":"var(--ast-global-color-5)","background-image":"","background-repeat":"repeat","background-position":"center center","background-size":"auto","background-attachment":"scroll","background-type":"","background-media":"","overlay-type":"","overlay-color":"","overlay-opacity":"","overlay-gradient":""},"mobile":{"background-color":"var(--ast-global-color-5)","background-image":"","background-repeat":"repeat","background-position":"center center","background-size":"auto","background-attachment":"scroll","background-type":"","background-media":"","overlay-type":"","overlay-color":"","overlay-opacity":"","overlay-gradient":""}}},"categorie-agenda":[7,14],"categorie-public":[15],"annee":[],"class_list":["post-2807","agenda","type-agenda","status-publish","has-post-thumbnail","hentry","categorie-agenda-evenements","categorie-agenda-rjpi","categorie-public-rjpi"],"uagb_featured_image_src":{"full":["https:\/\/www.cacp-villaperochon.com\/wp-content\/uploads\/2025\/03\/mathias-vignette-agenda.jpg",400,400,false],"thumbnail":["https:\/\/www.cacp-villaperochon.com\/wp-content\/uploads\/2025\/03\/mathias-vignette-agenda-150x150.jpg",150,150,true],"medium":["https:\/\/www.cacp-villaperochon.com\/wp-content\/uploads\/2025\/03\/mathias-vignette-agenda.jpg",400,400,false],"medium_large":["https:\/\/www.cacp-villaperochon.com\/wp-content\/uploads\/2025\/03\/mathias-vignette-agenda.jpg",400,400,false],"large":["https:\/\/www.cacp-villaperochon.com\/wp-content\/uploads\/2025\/03\/mathias-vignette-agenda.jpg",400,400,false],"1536x1536":["https:\/\/www.cacp-villaperochon.com\/wp-content\/uploads\/2025\/03\/mathias-vignette-agenda.jpg",400,400,false],"2048x2048":["https:\/\/www.cacp-villaperochon.com\/wp-content\/uploads\/2025\/03\/mathias-vignette-agenda.jpg",400,400,false]},"uagb_author_info":{"display_name":"Virginie Odiard","author_link":"https:\/\/www.cacp-villaperochon.com\/en\/author\/"},"uagb_comment_info":0,"uagb_excerpt":"Pour son concert au CAMJI, Mathias Delplanque\u00a0r\u00e9interpr\u00e8tera en live certaines parties de sa cr\u00e9ation sonore pour Last Paradise, qu\u2019il associera \u00e0 d\u2019autres compositions de son projet techno-dub LENA.","_links":{"self":[{"href":"https:\/\/www.cacp-villaperochon.com\/en\/wp-json\/wp\/v2\/agenda\/2807","targetHints":{"allow":["GET"]}}],"collection":[{"href":"https:\/\/www.cacp-villaperochon.com\/en\/wp-json\/wp\/v2\/agenda"}],"about":[{"href":"https:\/\/www.cacp-villaperochon.com\/en\/wp-json\/wp\/v2\/types\/agenda"}],"wp:featuredmedia":[{"embeddable":true,"href":"https:\/\/www.cacp-villaperochon.com\/en\/wp-json\/wp\/v2\/media\/2810"}],"wp:attachment":[{"href":"https:\/\/www.cacp-villaperochon.com\/en\/wp-json\/wp\/v2\/media?parent=2807"}],"wp:term":[{"taxonomy":"categorie-agenda","embeddable":true,"href":"https:\/\/www.cacp-villaperochon.com\/en\/wp-json\/wp\/v2\/categorie-agenda?post=2807"},{"taxonomy":"categorie-public","embeddable":true,"href":"https:\/\/www.cacp-villaperochon.com\/en\/wp-json\/wp\/v2\/categorie-public?post=2807"},{"taxonomy":"annee","embeddable":true,"href":"https:\/\/www.cacp-villaperochon.com\/en\/wp-json\/wp\/v2\/annee?post=2807"}],"curies":[{"name":"wp","href":"https:\/\/api.w.org\/{rel}","templated":true}]}}

<div class="wp-block-uagb-container uagb-block-c12b1b56 alignfull uagb-is-root-container"><div class="uagb-container-inner-blocks-wrap">
<div class="wp-block-uagb-advanced-heading uagb-block-b0a44478"><h1 class="uagb-heading-text"><strong>Concert</strong><br>de Mathias Delplanque</h1></div>



<div class="wp-block-uagb-container uagb-block-2dc94297"><div class="formatage-date-agenda">On 12 April 21h00</div>
</div>
</div></div>



<div class="wp-block-uagb-container uagb-block-4a819f27 alignfull uagb-is-root-container"><div class="uagb-container-inner-blocks-wrap">
<div class="wp-block-toolset-blocks-container tb-container" data-toolset-blocks-container="893a50b9163f52a6ad275965c34aceab" data-bg="https://www.cacp-villaperochon.com/wp-content/uploads/2025/03/mathias-banniere-agenda.jpg"></div>
</div></div>



<div class="wp-block-uagb-container uagb-block-7a76b97a alignfull uagb-is-root-container"><div class="uagb-container-inner-blocks-wrap">
<div class="wp-block-uagb-container uagb-block-f7b1db89 alignfull uagb-is-root-container"><div class="uagb-container-inner-blocks-wrap">
<div class="wp-block-uagb-advanced-heading uagb-block-e51a866f"><p class="uagb-heading-text">Mathias Delplanque est un artiste multi-facettes, à la fois compositeur de musique électronique, performer, improvisateur, concepteur d’installations sonores, créateur sonore pour la danse et le théâtre… Auteur de multiples projets solo, membre fondateur de plusieurs ensembles musicaux, il a sorti plus d’une trentaine de disques sur divers labels internationaux, et se produit fréquemment sur scène, seul ou accompagné d’autres musiciens. <br>Lauréat, avec la photographe Kourtney Roy, du Prix Swiss Life à 4 Mains, il a conçu avec elle l’exposition <em><a href="https://www.cacp-villaperochon.com/agenda/rjpi-exposition-kourtney-roy/" data-type="agenda" data-id="2056">Last Paradise</a></em>, présentée à la Villa Pérochon, dont il signe la partie sonore.<br>Pour son concert au CAMJI, Mathias Delplanque réinterprètera en live certaines parties de sa création sonore pour <em>Last Paradise</em>, qu’il associera à d’autres compositions de son projet techno-dub LENA.<br>Un véritable live machines et claviers, enveloppant et ensoleillé, teinté de house déviante, de dub et d’easy-listening. </p></div>



<p>À suivre, dansez au rythme des vinyles du DJ Pablo Discobar!</p>
</div></div>



<div class="wp-block-uagb-container uagb-block-5acff04a">
<div class="wp-block-uagb-container uagb-block-53cf430e alignfull uagb-is-root-container"><div class="uagb-container-inner-blocks-wrap">
<div class="wp-block-uagb-advanced-heading uagb-block-9a0e302c spectra-gbs-h2-classique1741771334061"><h2 class="uagb-heading-text">Infos pratiques</h2></div>



<div class="wp-block-uagb-icon-list uagb-block-ec83d20e"><div class="uagb-icon-list__wrap">
<div class="wp-block-uagb-icon-list-child uagb-block-8c475c03"><span class="uagb-icon-list__source-wrap"><svg xmlns="https://www.w3.org/2000/svg" viewBox="0 0 320 512"><path d="M96 480c-8.188 0-16.38-3.125-22.62-9.375c-12.5-12.5-12.5-32.75 0-45.25L242.8 256L73.38 86.63c-12.5-12.5-12.5-32.75 0-45.25s32.75-12.5 45.25 0l192 192c12.5 12.5 12.5 32.75 0 45.25l-192 192C112.4 476.9 104.2 480 96 480z"></path></svg></span><span class="uagb-icon-list__label">Samedi 12 avril à 21h au Camji</span></div>



<div class="wp-block-uagb-icon-list-child uagb-block-f13c2145"><span class="uagb-icon-list__source-wrap"><svg xmlns="https://www.w3.org/2000/svg" viewBox="0 0 320 512"><path d="M96 480c-8.188 0-16.38-3.125-22.62-9.375c-12.5-12.5-12.5-32.75 0-45.25L242.8 256L73.38 86.63c-12.5-12.5-12.5-32.75 0-45.25s32.75-12.5 45.25 0l192 192c12.5 12.5 12.5 32.75 0 45.25l-192 192C112.4 476.9 104.2 480 96 480z"></path></svg></span><span class="uagb-icon-list__label">ENTRÉE LIBRE &amp; GRATUITE</span></div>



<div class="wp-block-uagb-icon-list-child uagb-block-18cafd27"><span class="uagb-icon-list__source-wrap"><svg xmlns="https://www.w3.org/2000/svg" viewBox="0 0 320 512"><path d="M96 480c-8.188 0-16.38-3.125-22.62-9.375c-12.5-12.5-12.5-32.75 0-45.25L242.8 256L73.38 86.63c-12.5-12.5-12.5-32.75 0-45.25s32.75-12.5 45.25 0l192 192c12.5 12.5 12.5 32.75 0 45.25l-192 192C112.4 476.9 104.2 480 96 480z"></path></svg></span><span class="uagb-icon-list__label">Restauration sur place avec Anjali</span></div>
</div></div>
</div></div>
</div>
</div></div>

<p>Pour son concert au CAMJI, Mathias Delplanque réinterprètera en live certaines parties de sa création sonore pour Last Paradise, qu’il associera à d’autres compositions de son projet techno-dub LENA.</p>

Pour son concert au CAMJI, Mathias Delplanque réinterprètera en live certaines parties de sa création sonore pour Last Paradise, qu’il associera à d’autres compositions de son projet techno-dub LENA.
