{"id":2714,"date":"2025-03-28T15:33:52","date_gmt":"2025-03-28T14:33:52","guid":{"rendered":"https:\/\/www.cacp-villaperochon.com\/agenda\/rjpi-dj-set-kafim\/"},"modified":"2025-03-31T15:52:18","modified_gmt":"2025-03-31T13:52:18","slug":"lecture-portfolio","status":"publish","type":"agenda","link":"https:\/\/www.cacp-villaperochon.com\/en\/agenda\/lecture-portfolio\/","title":{"rendered":"RJPI &#8211; Lectures de portfolios"},"content":{"rendered":"\n<div class=\"wp-block-uagb-container uagb-block-c12b1b56 alignfull uagb-is-root-container\"><div class=\"uagb-container-inner-blocks-wrap\">\n<div class=\"wp-block-uagb-advanced-heading uagb-block-b0a44478\"><h1 class=\"uagb-heading-text\"><strong>Lectures<\/strong><br>de portfolios<\/h1><\/div>\n\n\n\n<div class=\"wp-block-uagb-container uagb-block-2dc94297\"><div class=\"formatage-date-agenda\">On 12 April 09h30<\/div>\n<\/div>\n<\/div><\/div>\n\n\n\n<div class=\"wp-block-uagb-container uagb-block-4a819f27 alignfull uagb-is-root-container\"><div class=\"uagb-container-inner-blocks-wrap\">\n<div class=\"wp-block-toolset-blocks-container tb-container\" data-toolset-blocks-container=\"893a50b9163f52a6ad275965c34aceab\" data-bg=\"https:\/\/www.cacp-villaperochon.com\/wp-content\/uploads\/2025\/03\/editing-banniere-agenda.jpg\"><\/div>\n<\/div><\/div>\n\n\n\n<div class=\"wp-block-uagb-container uagb-block-7a76b97a alignfull uagb-is-root-container\"><div class=\"uagb-container-inner-blocks-wrap\">\n<div class=\"wp-block-uagb-container uagb-block-58ec5361\">\n<div class=\"wp-block-uagb-advanced-heading uagb-block-c366b1fd\"><p class=\"uagb-heading-text\">Pour la premi\u00e8re fois, la Villa P\u00e9rochon organise des lectures de portfolios dans le cadre des Rencontres de la jeune photographie internationale. Ouvertes gratuitement aux photographes, elles permettent d&#8217;\u00e9changer pendant 30 minutes avec un\u00b7e expert\u00b7e de la photographie sur son travail. <\/p><\/div>\n\n\n\n<p><strong>LES EXPERT\u00b7ES<\/strong><br>&#8211; <strong>Pierre Barbot<\/strong>, pr\u00e9sident d&#8217;Images singuli\u00e8res et charg\u00e9 des relations publiques \u00e0 l&#8217;ETPA-Toulouse<br>&#8211; <strong>Patrick Delat<\/strong>, fondateur des Rencontres de la jeune photographie internationale et membre du jury de la Fondation des Treilles<br>&#8211; <strong>Jessica Devriendt<\/strong>, productrice et agente artistique, fondatrice de Denise Agency<br>&#8211; <strong>Jean-Luc Fouet<\/strong>, m\u00e9diateur \u00e0 la Villa P\u00e9rochon, centre d&#8217;art contemporain photographique<br>&#8211;<strong> Philippe Guionie<\/strong>, directeur de la Villa P\u00e9rochon, centre d&#8217;art contemporain photographique, et d\u00e9l\u00e9gu\u00e9 g\u00e9n\u00e9ral du Prix Photographie &amp; Sciences<br>&#8211; <strong>Michel Poivert<\/strong>, historien de la photographie<\/p>\n\n\n\n<p>Les lectures de portfolios sont compl\u00e8tes pour cette \u00e9dition!<\/p>\n<\/div>\n\n\n\n<div class=\"wp-block-uagb-container uagb-block-5acff04a\">\n<div class=\"wp-block-uagb-container uagb-block-53cf430e alignfull uagb-is-root-container\"><div class=\"uagb-container-inner-blocks-wrap\">\n<div class=\"wp-block-uagb-advanced-heading uagb-block-9a0e302c spectra-gbs-h2-classique1741771334061\"><h2 class=\"uagb-heading-text\">Infos pratiques<\/h2><\/div>\n\n\n\n<div class=\"wp-block-uagb-icon-list uagb-block-ec83d20e\"><div class=\"uagb-icon-list__wrap\">\n<div class=\"wp-block-uagb-icon-list-child uagb-block-8c475c03\"><span class=\"uagb-icon-list__source-wrap\"><svg xmlns=\"https:\/\/www.w3.org\/2000\/svg\" viewBox=\"0 0 320 512\"><path d=\"M96 480c-8.188 0-16.38-3.125-22.62-9.375c-12.5-12.5-12.5-32.75 0-45.25L242.8 256L73.38 86.63c-12.5-12.5-12.5-32.75 0-45.25s32.75-12.5 45.25 0l192 192c12.5 12.5 12.5 32.75 0 45.25l-192 192C112.4 476.9 104.2 480 96 480z\"><\/path><\/svg><\/span><span class=\"uagb-icon-list__label\">Samedi 12 avril de 9h30 \u00e0 11h \u00e0 la m\u00e9diath\u00e8que Pierre-Moinot<\/span><\/div>\n\n\n\n<div class=\"wp-block-uagb-icon-list-child uagb-block-f13c2145\"><span class=\"uagb-icon-list__source-wrap\"><svg xmlns=\"https:\/\/www.w3.org\/2000\/svg\" viewBox=\"0 0 320 512\"><path d=\"M96 480c-8.188 0-16.38-3.125-22.62-9.375c-12.5-12.5-12.5-32.75 0-45.25L242.8 256L73.38 86.63c-12.5-12.5-12.5-32.75 0-45.25s32.75-12.5 45.25 0l192 192c12.5 12.5 12.5 32.75 0 45.25l-192 192C112.4 476.9 104.2 480 96 480z\"><\/path><\/svg><\/span><span class=\"uagb-icon-list__label\">Rencontre avec 3 expert\u00b7es maximum, \u00e0 raison de 30 minutes par personne<\/span><\/div>\n\n\n\n<div class=\"wp-block-uagb-icon-list-child uagb-block-18cafd27\"><span class=\"uagb-icon-list__source-wrap\"><svg xmlns=\"https:\/\/www.w3.org\/2000\/svg\" viewBox=\"0 0 320 512\"><path d=\"M96 480c-8.188 0-16.38-3.125-22.62-9.375c-12.5-12.5-12.5-32.75 0-45.25L242.8 256L73.38 86.63c-12.5-12.5-12.5-32.75 0-45.25s32.75-12.5 45.25 0l192 192c12.5 12.5 12.5 32.75 0 45.25l-192 192C112.4 476.9 104.2 480 96 480z\"><\/path><\/svg><\/span><span class=\"uagb-icon-list__label\">Planning \u00e9labor\u00e9 par ordre d&#8217;arriv\u00e9e des inscriptions<\/span><\/div>\n<\/div><\/div>\n<\/div><\/div>\n<\/div>\n<\/div><\/div>\n\n\n\n<div class=\"wp-block-uagb-buttons uagb-buttons__outer-wrap uagb-btn__default-btn uagb-btn-tablet__default-btn uagb-btn-mobile__default-btn uagb-block-ccafccbf\"><div class=\"uagb-buttons__wrap uagb-buttons-layout-wrap \">\n<div class=\"wp-block-uagb-buttons-child uagb-buttons__outer-wrap uagb-block-57c83290 wp-block-button\"><div class=\"uagb-button__wrapper\"><a class=\"uagb-buttons-repeater wp-block-button__link\" aria-label=\"\" href=\"https:\/\/docs.google.com\/forms\/d\/1qN6sS0xg1gfbfFjWwkMC2q1IdZOC-wKT59IgEIahQVQ\/edit\" rel=\"follow noopener\" target=\"_blank\" role=\"button\"><div class=\"uagb-button__link\">M&#8217;INSCRIRE<\/div><span class=\"uagb-button__icon uagb-button__icon-position-after\"><svg xmlns=\"https:\/\/www.w3.org\/2000\/svg\" viewBox=\"0 0 448 512\" aria-hidden=\"true\" focussable=\"false\"><path d=\"M438.6 278.6l-160 160C272.4 444.9 264.2 448 256 448s-16.38-3.125-22.62-9.375c-12.5-12.5-12.5-32.75 0-45.25L338.8 288H32C14.33 288 .0016 273.7 .0016 256S14.33 224 32 224h306.8l-105.4-105.4c-12.5-12.5-12.5-32.75 0-45.25s32.75-12.5 45.25 0l160 160C451.1 245.9 451.1 266.1 438.6 278.6z\"><\/path><\/svg><\/span><\/a><\/div><\/div>\n<\/div><\/div>\n","protected":false},"excerpt":{"rendered":"<p>Pour la premi\u00e8re fois, la Villa P\u00e9rochon organise des lectures de portfolios dans le cadre des Rencontres de la jeune photographie internationale. Ouvertes gratuitement aux photographes, elles permettent d&#8217;\u00e9changer pendant 30 minutes avec un\u00b7e expert\u00b7e de la photographie sur son travail. <\/p>\n","protected":false},"featured_media":2719,"template":"","meta":{"inline_featured_image":false,"_uag_custom_page_level_css":"","site-sidebar-layout":"default","site-content-layout":"","ast-site-content-layout":"default","site-content-style":"default","site-sidebar-style":"default","ast-global-header-display":"","ast-banner-title-visibility":"","ast-main-header-display":"","ast-hfb-above-header-display":"","ast-hfb-below-header-display":"","ast-hfb-mobile-header-display":"","site-post-title":"","ast-breadcrumbs-content":"","ast-featured-img":"","footer-sml-layout":"","ast-disable-related-posts":"","theme-transparent-header-meta":"","adv-header-id-meta":"","stick-header-meta":"","header-above-stick-meta":"","header-main-stick-meta":"","header-below-stick-meta":"","astra-migrate-meta-layouts":"default","ast-page-background-enabled":"default","ast-page-background-meta":{"desktop":{"background-color":"var(--ast-global-color-4)","background-image":"","background-repeat":"repeat","background-position":"center center","background-size":"auto","background-attachment":"scroll","background-type":"","background-media":"","overlay-type":"","overlay-color":"","overlay-opacity":"","overlay-gradient":""},"tablet":{"background-color":"","background-image":"","background-repeat":"repeat","background-position":"center center","background-size":"auto","background-attachment":"scroll","background-type":"","background-media":"","overlay-type":"","overlay-color":"","overlay-opacity":"","overlay-gradient":""},"mobile":{"background-color":"","background-image":"","background-repeat":"repeat","background-position":"center center","background-size":"auto","background-attachment":"scroll","background-type":"","background-media":"","overlay-type":"","overlay-color":"","overlay-opacity":"","overlay-gradient":""}},"ast-content-background-meta":{"desktop":{"background-color":"var(--ast-global-color-5)","background-image":"","background-repeat":"repeat","background-position":"center center","background-size":"auto","background-attachment":"scroll","background-type":"","background-media":"","overlay-type":"","overlay-color":"","overlay-opacity":"","overlay-gradient":""},"tablet":{"background-color":"var(--ast-global-color-5)","background-image":"","background-repeat":"repeat","background-position":"center center","background-size":"auto","background-attachment":"scroll","background-type":"","background-media":"","overlay-type":"","overlay-color":"","overlay-opacity":"","overlay-gradient":""},"mobile":{"background-color":"var(--ast-global-color-5)","background-image":"","background-repeat":"repeat","background-position":"center center","background-size":"auto","background-attachment":"scroll","background-type":"","background-media":"","overlay-type":"","overlay-color":"","overlay-opacity":"","overlay-gradient":""}}},"categorie-agenda":[7,14],"categorie-public":[16,15],"annee":[],"class_list":["post-2714","agenda","type-agenda","status-publish","has-post-thumbnail","hentry","categorie-agenda-evenements","categorie-agenda-rjpi","categorie-public-artistes","categorie-public-rjpi"],"uagb_featured_image_src":{"full":["https:\/\/www.cacp-villaperochon.com\/wp-content\/uploads\/2025\/03\/editing-vignette-agenda.jpg",400,400,false],"thumbnail":["https:\/\/www.cacp-villaperochon.com\/wp-content\/uploads\/2025\/03\/editing-vignette-agenda-150x150.jpg",150,150,true],"medium":["https:\/\/www.cacp-villaperochon.com\/wp-content\/uploads\/2025\/03\/editing-vignette-agenda.jpg",400,400,false],"medium_large":["https:\/\/www.cacp-villaperochon.com\/wp-content\/uploads\/2025\/03\/editing-vignette-agenda.jpg",400,400,false],"large":["https:\/\/www.cacp-villaperochon.com\/wp-content\/uploads\/2025\/03\/editing-vignette-agenda.jpg",400,400,false],"1536x1536":["https:\/\/www.cacp-villaperochon.com\/wp-content\/uploads\/2025\/03\/editing-vignette-agenda.jpg",400,400,false],"2048x2048":["https:\/\/www.cacp-villaperochon.com\/wp-content\/uploads\/2025\/03\/editing-vignette-agenda.jpg",400,400,false]},"uagb_author_info":{"display_name":"Virginie Odiard","author_link":"https:\/\/www.cacp-villaperochon.com\/en\/author\/"},"uagb_comment_info":0,"uagb_excerpt":"Pour la premi\u00e8re fois, la Villa P\u00e9rochon organise des lectures de portfolios dans le cadre des Rencontres de la jeune photographie internationale. Ouvertes gratuitement aux photographes, elles permettent d'\u00e9changer pendant 30 minutes avec un\u00b7e expert\u00b7e de la photographie sur son travail.","_links":{"self":[{"href":"https:\/\/www.cacp-villaperochon.com\/en\/wp-json\/wp\/v2\/agenda\/2714","targetHints":{"allow":["GET"]}}],"collection":[{"href":"https:\/\/www.cacp-villaperochon.com\/en\/wp-json\/wp\/v2\/agenda"}],"about":[{"href":"https:\/\/www.cacp-villaperochon.com\/en\/wp-json\/wp\/v2\/types\/agenda"}],"wp:featuredmedia":[{"embeddable":true,"href":"https:\/\/www.cacp-villaperochon.com\/en\/wp-json\/wp\/v2\/media\/2719"}],"wp:attachment":[{"href":"https:\/\/www.cacp-villaperochon.com\/en\/wp-json\/wp\/v2\/media?parent=2714"}],"wp:term":[{"taxonomy":"categorie-agenda","embeddable":true,"href":"https:\/\/www.cacp-villaperochon.com\/en\/wp-json\/wp\/v2\/categorie-agenda?post=2714"},{"taxonomy":"categorie-public","embeddable":true,"href":"https:\/\/www.cacp-villaperochon.com\/en\/wp-json\/wp\/v2\/categorie-public?post=2714"},{"taxonomy":"annee","embeddable":true,"href":"https:\/\/www.cacp-villaperochon.com\/en\/wp-json\/wp\/v2\/annee?post=2714"}],"curies":[{"name":"wp","href":"https:\/\/api.w.org\/{rel}","templated":true}]}}

<div class="wp-block-uagb-container uagb-block-c12b1b56 alignfull uagb-is-root-container"><div class="uagb-container-inner-blocks-wrap">
<div class="wp-block-uagb-advanced-heading uagb-block-b0a44478"><h1 class="uagb-heading-text"><strong>Lectures</strong><br>de portfolios</h1></div>



<div class="wp-block-uagb-container uagb-block-2dc94297"><div class="formatage-date-agenda">On 12 April 09h30</div>
</div>
</div></div>



<div class="wp-block-uagb-container uagb-block-4a819f27 alignfull uagb-is-root-container"><div class="uagb-container-inner-blocks-wrap">
<div class="wp-block-toolset-blocks-container tb-container" data-toolset-blocks-container="893a50b9163f52a6ad275965c34aceab" data-bg="https://www.cacp-villaperochon.com/wp-content/uploads/2025/03/editing-banniere-agenda.jpg"></div>
</div></div>



<div class="wp-block-uagb-container uagb-block-7a76b97a alignfull uagb-is-root-container"><div class="uagb-container-inner-blocks-wrap">
<div class="wp-block-uagb-container uagb-block-58ec5361">
<div class="wp-block-uagb-advanced-heading uagb-block-c366b1fd"><p class="uagb-heading-text">Pour la première fois, la Villa Pérochon organise des lectures de portfolios dans le cadre des Rencontres de la jeune photographie internationale. Ouvertes gratuitement aux photographes, elles permettent d&#8217;échanger pendant 30 minutes avec un·e expert·e de la photographie sur son travail. </p></div>



<p><strong>LES EXPERT·ES</strong><br>&#8211; <strong>Pierre Barbot</strong>, président d&#8217;Images singulières et chargé des relations publiques à l&#8217;ETPA-Toulouse<br>&#8211; <strong>Patrick Delat</strong>, fondateur des Rencontres de la jeune photographie internationale et membre du jury de la Fondation des Treilles<br>&#8211; <strong>Jessica Devriendt</strong>, productrice et agente artistique, fondatrice de Denise Agency<br>&#8211; <strong>Jean-Luc Fouet</strong>, médiateur à la Villa Pérochon, centre d&#8217;art contemporain photographique<br>&#8211;<strong> Philippe Guionie</strong>, directeur de la Villa Pérochon, centre d&#8217;art contemporain photographique, et délégué général du Prix Photographie &amp; Sciences<br>&#8211; <strong>Michel Poivert</strong>, historien de la photographie</p>



<p>Les lectures de portfolios sont complètes pour cette édition!</p>
</div>



<div class="wp-block-uagb-container uagb-block-5acff04a">
<div class="wp-block-uagb-container uagb-block-53cf430e alignfull uagb-is-root-container"><div class="uagb-container-inner-blocks-wrap">
<div class="wp-block-uagb-advanced-heading uagb-block-9a0e302c spectra-gbs-h2-classique1741771334061"><h2 class="uagb-heading-text">Infos pratiques</h2></div>



<div class="wp-block-uagb-icon-list uagb-block-ec83d20e"><div class="uagb-icon-list__wrap">
<div class="wp-block-uagb-icon-list-child uagb-block-8c475c03"><span class="uagb-icon-list__source-wrap"><svg xmlns="https://www.w3.org/2000/svg" viewBox="0 0 320 512"><path d="M96 480c-8.188 0-16.38-3.125-22.62-9.375c-12.5-12.5-12.5-32.75 0-45.25L242.8 256L73.38 86.63c-12.5-12.5-12.5-32.75 0-45.25s32.75-12.5 45.25 0l192 192c12.5 12.5 12.5 32.75 0 45.25l-192 192C112.4 476.9 104.2 480 96 480z"></path></svg></span><span class="uagb-icon-list__label">Samedi 12 avril de 9h30 à 11h à la médiathèque Pierre-Moinot</span></div>



<div class="wp-block-uagb-icon-list-child uagb-block-f13c2145"><span class="uagb-icon-list__source-wrap"><svg xmlns="https://www.w3.org/2000/svg" viewBox="0 0 320 512"><path d="M96 480c-8.188 0-16.38-3.125-22.62-9.375c-12.5-12.5-12.5-32.75 0-45.25L242.8 256L73.38 86.63c-12.5-12.5-12.5-32.75 0-45.25s32.75-12.5 45.25 0l192 192c12.5 12.5 12.5 32.75 0 45.25l-192 192C112.4 476.9 104.2 480 96 480z"></path></svg></span><span class="uagb-icon-list__label">Rencontre avec 3 expert·es maximum, à raison de 30 minutes par personne</span></div>



<div class="wp-block-uagb-icon-list-child uagb-block-18cafd27"><span class="uagb-icon-list__source-wrap"><svg xmlns="https://www.w3.org/2000/svg" viewBox="0 0 320 512"><path d="M96 480c-8.188 0-16.38-3.125-22.62-9.375c-12.5-12.5-12.5-32.75 0-45.25L242.8 256L73.38 86.63c-12.5-12.5-12.5-32.75 0-45.25s32.75-12.5 45.25 0l192 192c12.5 12.5 12.5 32.75 0 45.25l-192 192C112.4 476.9 104.2 480 96 480z"></path></svg></span><span class="uagb-icon-list__label">Planning élaboré par ordre d&#8217;arrivée des inscriptions</span></div>
</div></div>
</div></div>
</div>
</div></div>



<div class="wp-block-uagb-buttons uagb-buttons__outer-wrap uagb-btn__default-btn uagb-btn-tablet__default-btn uagb-btn-mobile__default-btn uagb-block-ccafccbf"><div class="uagb-buttons__wrap uagb-buttons-layout-wrap ">
<div class="wp-block-uagb-buttons-child uagb-buttons__outer-wrap uagb-block-57c83290 wp-block-button"><div class="uagb-button__wrapper"><a class="uagb-buttons-repeater wp-block-button__link" aria-label="" href="https://docs.google.com/forms/d/1qN6sS0xg1gfbfFjWwkMC2q1IdZOC-wKT59IgEIahQVQ/edit" rel="follow noopener" target="_blank" role="button"><div class="uagb-button__link">M&#8217;INSCRIRE</div><span class="uagb-button__icon uagb-button__icon-position-after"><svg xmlns="https://www.w3.org/2000/svg" viewBox="0 0 448 512" aria-hidden="true" focussable="false"><path d="M438.6 278.6l-160 160C272.4 444.9 264.2 448 256 448s-16.38-3.125-22.62-9.375c-12.5-12.5-12.5-32.75 0-45.25L338.8 288H32C14.33 288 .0016 273.7 .0016 256S14.33 224 32 224h306.8l-105.4-105.4c-12.5-12.5-12.5-32.75 0-45.25s32.75-12.5 45.25 0l160 160C451.1 245.9 451.1 266.1 438.6 278.6z"></path></svg></span></a></div></div>
</div></div>

<p>Pour la première fois, la Villa Pérochon organise des lectures de portfolios dans le cadre des Rencontres de la jeune photographie internationale. Ouvertes gratuitement aux photographes, elles permettent d&#8217;échanger pendant 30 minutes avec un·e expert·e de la photographie sur son travail. </p>

Pour la première fois, la Villa Pérochon organise des lectures de portfolios dans le cadre des Rencontres de la jeune photographie internationale. Ouvertes gratuitement aux photographes, elles permettent d'échanger pendant 30 minutes avec un·e expert·e de la photographie sur son travail.
