{"id":2404,"date":"2025-03-25T12:11:31","date_gmt":"2025-03-25T11:11:31","guid":{"rendered":"https:\/\/www.cacp-villaperochon.com\/agenda\/rjpi-grand-vernissage-a-la-villa-perochon\/"},"modified":"2025-04-16T12:30:07","modified_gmt":"2025-04-16T10:30:07","slug":"dj-set-kafim","status":"publish","type":"agenda","link":"https:\/\/www.cacp-villaperochon.com\/en\/agenda\/dj-set-kafim\/","title":{"rendered":"RJPI &#8211; DJ set Kafim"},"content":{"rendered":"\n<div class=\"wp-block-uagb-container uagb-block-c12b1b56 alignfull uagb-is-root-container\"><div class=\"uagb-container-inner-blocks-wrap\">\n<div class=\"wp-block-uagb-advanced-heading uagb-block-b0a44478\"><h1 class=\"uagb-heading-text\"><strong>DJ set<\/strong><br>Kafim<\/h1><\/div>\n\n\n\n<div class=\"wp-block-uagb-container uagb-block-2dc94297\"><div class=\"formatage-date-agenda\">On 26 April 20h00<\/div>\n<\/div>\n<\/div><\/div>\n\n\n\n<div class=\"wp-block-uagb-container uagb-block-4a819f27 alignfull uagb-is-root-container\"><div class=\"uagb-container-inner-blocks-wrap\">\n<div class=\"wp-block-toolset-blocks-container tb-container\" data-toolset-blocks-container=\"1443832c565342da08240eba35e0962a\" data-bg=\"https:\/\/www.cacp-villaperochon.com\/wp-content\/uploads\/2025\/03\/kafim-banniere-agenda.jpg\"><\/div>\n<\/div><\/div>\n\n\n\n<div class=\"wp-block-uagb-container uagb-block-7a76b97a alignfull uagb-is-root-container\"><div class=\"uagb-container-inner-blocks-wrap\">\n<div class=\"wp-block-uagb-container uagb-block-58ec5361\">\n<div class=\"wp-block-uagb-advanced-heading uagb-block-e7b71e51\"><p class=\"uagb-heading-text\">Place \u00e0 la musique et \u00e0 la danse pour f\u00eater la fin de la r\u00e9sidence des Rencontres de la jeune photographie internationale! En lien avec l&#8217;exposition <em><a href=\"https:\/\/www.cacp-villaperochon.com\/agenda\/gabarit-agenda-6\/\" data-type=\"agenda\" data-id=\"2141\">Belgomania<\/a><\/em>, et avec le soutien de Wallonie-Bruxelles International et du Centre Wallonie-Bruxelles Paris, la sc\u00e8ne bruxelloise vient \u00e0 Niort.<\/p><\/div>\n\n\n\n<div class=\"wp-block-uagb-advanced-heading uagb-block-c773866a\"><p class=\"uagb-heading-text\">Kafim est l\u00e0 pour l&#8217;amour du jeu. Il est le m\u00e9dium d&#8217;une musique sans pr\u00e9tention, ses m\u00e9langes r\u00e9fl\u00e9chis et pleins d&#8217;espoir de lignes de basse loufoques, de riffs post-punk lunatiques et de paroles idiosyncrasiques font preuve d&#8217;une maturit\u00e9 et d&#8217;une affirmation de soi sans faille. Ce fils de Bruxelles passe sans probl\u00e8me de synth\u00e9s robustes \u00e0 des ondulations chamaniques.<br>D\u00e9couvrir Kafim sur <a href=\"https:\/\/soundcloud.com\/kafim\" target=\"_blank\" rel=\"noreferrer noopener\">Soundcloud<\/a><\/p><\/div>\n<\/div>\n\n\n\n<div class=\"wp-block-uagb-container uagb-block-5acff04a\">\n<div class=\"wp-block-uagb-container uagb-block-53cf430e alignfull uagb-is-root-container\"><div class=\"uagb-container-inner-blocks-wrap\">\n<div class=\"wp-block-uagb-advanced-heading uagb-block-9a0e302c spectra-gbs-h2-classique1741771334061\"><h2 class=\"uagb-heading-text\">Infos pratiques<\/h2><\/div>\n\n\n\n<div class=\"wp-block-uagb-icon-list uagb-block-ec83d20e\"><div class=\"uagb-icon-list__wrap\">\n<div class=\"wp-block-uagb-icon-list-child uagb-block-8c475c03\"><span class=\"uagb-icon-list__source-wrap\"><svg xmlns=\"https:\/\/www.w3.org\/2000\/svg\" viewBox=\"0 0 320 512\"><path d=\"M96 480c-8.188 0-16.38-3.125-22.62-9.375c-12.5-12.5-12.5-32.75 0-45.25L242.8 256L73.38 86.63c-12.5-12.5-12.5-32.75 0-45.25s32.75-12.5 45.25 0l192 192c12.5 12.5 12.5 32.75 0 45.25l-192 192C112.4 476.9 104.2 480 96 480z\"><\/path><\/svg><\/span><span class=\"uagb-icon-list__label\">Samedi 26 avril \u00e0 20h au Patronage la\u00efque (40 rue de la Terraudi\u00e8re)<\/span><\/div>\n\n\n\n<div class=\"wp-block-uagb-icon-list-child uagb-block-f13c2145\"><a target=\"_blank\" aria-label=\"Restauration sur place avec le foodtruck Les d\u00e9lices d&#039;Amaury\" rel=\"noopener noreferrer\" href=\"https:\/\/lesdelicesdamaury.com\"> <\/a><span class=\"uagb-icon-list__source-wrap\"><svg xmlns=\"https:\/\/www.w3.org\/2000\/svg\" viewBox=\"0 0 320 512\"><path d=\"M96 480c-8.188 0-16.38-3.125-22.62-9.375c-12.5-12.5-12.5-32.75 0-45.25L242.8 256L73.38 86.63c-12.5-12.5-12.5-32.75 0-45.25s32.75-12.5 45.25 0l192 192c12.5 12.5 12.5 32.75 0 45.25l-192 192C112.4 476.9 104.2 480 96 480z\"><\/path><\/svg><\/span><span class=\"uagb-icon-list__label\">Restauration sur place avec le foodtruck Les d\u00e9lices d&#8217;Amaury<\/span><\/div>\n\n\n\n<div class=\"wp-block-uagb-icon-list-child uagb-block-ad2cacc6\"><span class=\"uagb-icon-list__source-wrap\"><svg xmlns=\"https:\/\/www.w3.org\/2000\/svg\" viewBox=\"0 0 320 512\"><path d=\"M96 480c-8.188 0-16.38-3.125-22.62-9.375c-12.5-12.5-12.5-32.75 0-45.25L242.8 256L73.38 86.63c-12.5-12.5-12.5-32.75 0-45.25s32.75-12.5 45.25 0l192 192c12.5 12.5 12.5 32.75 0 45.25l-192 192C112.4 476.9 104.2 480 96 480z\"><\/path><\/svg><\/span><span class=\"uagb-icon-list__label\">GRATUIT<\/span><\/div>\n<\/div><\/div>\n<\/div><\/div>\n<\/div>\n<\/div><\/div>\n\n\n\n<p><\/p>\n","protected":false},"excerpt":{"rendered":"<p>Place \u00e0 la musique et \u00e0 la danse pour f\u00eater la fin de la r\u00e9sidence des Rencontres de la jeune photographie internationale! En lien avec l&#8217;exposition Belgomania, et avec le soutien de Wallonie-Bruxelles International et du Centre Wallonie-Bruxelles Paris, la sc\u00e8ne bruxelloise vient \u00e0 Niort.<\/p>\n","protected":false},"featured_media":2406,"template":"","meta":{"inline_featured_image":false,"_uag_custom_page_level_css":"","site-sidebar-layout":"default","site-content-layout":"","ast-site-content-layout":"default","site-content-style":"default","site-sidebar-style":"default","ast-global-header-display":"","ast-banner-title-visibility":"","ast-main-header-display":"","ast-hfb-above-header-display":"","ast-hfb-below-header-display":"","ast-hfb-mobile-header-display":"","site-post-title":"","ast-breadcrumbs-content":"","ast-featured-img":"","footer-sml-layout":"","ast-disable-related-posts":"","theme-transparent-header-meta":"","adv-header-id-meta":"","stick-header-meta":"","header-above-stick-meta":"","header-main-stick-meta":"","header-below-stick-meta":"","astra-migrate-meta-layouts":"default","ast-page-background-enabled":"default","ast-page-background-meta":{"desktop":{"background-color":"var(--ast-global-color-4)","background-image":"","background-repeat":"repeat","background-position":"center center","background-size":"auto","background-attachment":"scroll","background-type":"","background-media":"","overlay-type":"","overlay-color":"","overlay-opacity":"","overlay-gradient":""},"tablet":{"background-color":"","background-image":"","background-repeat":"repeat","background-position":"center center","background-size":"auto","background-attachment":"scroll","background-type":"","background-media":"","overlay-type":"","overlay-color":"","overlay-opacity":"","overlay-gradient":""},"mobile":{"background-color":"","background-image":"","background-repeat":"repeat","background-position":"center center","background-size":"auto","background-attachment":"scroll","background-type":"","background-media":"","overlay-type":"","overlay-color":"","overlay-opacity":"","overlay-gradient":""}},"ast-content-background-meta":{"desktop":{"background-color":"var(--ast-global-color-5)","background-image":"","background-repeat":"repeat","background-position":"center center","background-size":"auto","background-attachment":"scroll","background-type":"","background-media":"","overlay-type":"","overlay-color":"","overlay-opacity":"","overlay-gradient":""},"tablet":{"background-color":"var(--ast-global-color-5)","background-image":"","background-repeat":"repeat","background-position":"center center","background-size":"auto","background-attachment":"scroll","background-type":"","background-media":"","overlay-type":"","overlay-color":"","overlay-opacity":"","overlay-gradient":""},"mobile":{"background-color":"var(--ast-global-color-5)","background-image":"","background-repeat":"repeat","background-position":"center center","background-size":"auto","background-attachment":"scroll","background-type":"","background-media":"","overlay-type":"","overlay-color":"","overlay-opacity":"","overlay-gradient":""}}},"categorie-agenda":[7,14],"categorie-public":[15],"annee":[],"class_list":["post-2404","agenda","type-agenda","status-publish","has-post-thumbnail","hentry","categorie-agenda-evenements","categorie-agenda-rjpi","categorie-public-rjpi"],"uagb_featured_image_src":{"full":["https:\/\/www.cacp-villaperochon.com\/wp-content\/uploads\/2025\/03\/kafim-vignette-agenda.jpg",400,400,false],"thumbnail":["https:\/\/www.cacp-villaperochon.com\/wp-content\/uploads\/2025\/03\/kafim-vignette-agenda-150x150.jpg",150,150,true],"medium":["https:\/\/www.cacp-villaperochon.com\/wp-content\/uploads\/2025\/03\/kafim-vignette-agenda.jpg",400,400,false],"medium_large":["https:\/\/www.cacp-villaperochon.com\/wp-content\/uploads\/2025\/03\/kafim-vignette-agenda.jpg",400,400,false],"large":["https:\/\/www.cacp-villaperochon.com\/wp-content\/uploads\/2025\/03\/kafim-vignette-agenda.jpg",400,400,false],"1536x1536":["https:\/\/www.cacp-villaperochon.com\/wp-content\/uploads\/2025\/03\/kafim-vignette-agenda.jpg",400,400,false],"2048x2048":["https:\/\/www.cacp-villaperochon.com\/wp-content\/uploads\/2025\/03\/kafim-vignette-agenda.jpg",400,400,false]},"uagb_author_info":{"display_name":"Virginie Odiard","author_link":"https:\/\/www.cacp-villaperochon.com\/en\/author\/"},"uagb_comment_info":0,"uagb_excerpt":"Place \u00e0 la musique et \u00e0 la danse pour f\u00eater la fin de la r\u00e9sidence des Rencontres de la jeune photographie internationale! En lien avec l'exposition Belgomania, et avec le soutien de Wallonie-Bruxelles International et du Centre Wallonie-Bruxelles Paris, la sc\u00e8ne bruxelloise vient \u00e0 Niort.","_links":{"self":[{"href":"https:\/\/www.cacp-villaperochon.com\/en\/wp-json\/wp\/v2\/agenda\/2404","targetHints":{"allow":["GET"]}}],"collection":[{"href":"https:\/\/www.cacp-villaperochon.com\/en\/wp-json\/wp\/v2\/agenda"}],"about":[{"href":"https:\/\/www.cacp-villaperochon.com\/en\/wp-json\/wp\/v2\/types\/agenda"}],"wp:featuredmedia":[{"embeddable":true,"href":"https:\/\/www.cacp-villaperochon.com\/en\/wp-json\/wp\/v2\/media\/2406"}],"wp:attachment":[{"href":"https:\/\/www.cacp-villaperochon.com\/en\/wp-json\/wp\/v2\/media?parent=2404"}],"wp:term":[{"taxonomy":"categorie-agenda","embeddable":true,"href":"https:\/\/www.cacp-villaperochon.com\/en\/wp-json\/wp\/v2\/categorie-agenda?post=2404"},{"taxonomy":"categorie-public","embeddable":true,"href":"https:\/\/www.cacp-villaperochon.com\/en\/wp-json\/wp\/v2\/categorie-public?post=2404"},{"taxonomy":"annee","embeddable":true,"href":"https:\/\/www.cacp-villaperochon.com\/en\/wp-json\/wp\/v2\/annee?post=2404"}],"curies":[{"name":"wp","href":"https:\/\/api.w.org\/{rel}","templated":true}]}}

<div class="wp-block-uagb-container uagb-block-c12b1b56 alignfull uagb-is-root-container"><div class="uagb-container-inner-blocks-wrap">
<div class="wp-block-uagb-advanced-heading uagb-block-b0a44478"><h1 class="uagb-heading-text"><strong>DJ set</strong><br>Kafim</h1></div>



<div class="wp-block-uagb-container uagb-block-2dc94297"><div class="formatage-date-agenda">On 26 April 20h00</div>
</div>
</div></div>



<div class="wp-block-uagb-container uagb-block-4a819f27 alignfull uagb-is-root-container"><div class="uagb-container-inner-blocks-wrap">
<div class="wp-block-toolset-blocks-container tb-container" data-toolset-blocks-container="1443832c565342da08240eba35e0962a" data-bg="https://www.cacp-villaperochon.com/wp-content/uploads/2025/03/kafim-banniere-agenda.jpg"></div>
</div></div>



<div class="wp-block-uagb-container uagb-block-7a76b97a alignfull uagb-is-root-container"><div class="uagb-container-inner-blocks-wrap">
<div class="wp-block-uagb-container uagb-block-58ec5361">
<div class="wp-block-uagb-advanced-heading uagb-block-e7b71e51"><p class="uagb-heading-text">Place à la musique et à la danse pour fêter la fin de la résidence des Rencontres de la jeune photographie internationale! En lien avec l&#8217;exposition <em><a href="https://www.cacp-villaperochon.com/agenda/gabarit-agenda-6/" data-type="agenda" data-id="2141">Belgomania</a></em>, et avec le soutien de Wallonie-Bruxelles International et du Centre Wallonie-Bruxelles Paris, la scène bruxelloise vient à Niort.</p></div>



<div class="wp-block-uagb-advanced-heading uagb-block-c773866a"><p class="uagb-heading-text">Kafim est là pour l&#8217;amour du jeu. Il est le médium d&#8217;une musique sans prétention, ses mélanges réfléchis et pleins d&#8217;espoir de lignes de basse loufoques, de riffs post-punk lunatiques et de paroles idiosyncrasiques font preuve d&#8217;une maturité et d&#8217;une affirmation de soi sans faille. Ce fils de Bruxelles passe sans problème de synthés robustes à des ondulations chamaniques.<br>Découvrir Kafim sur <a href="https://soundcloud.com/kafim" target="_blank" rel="noreferrer noopener">Soundcloud</a></p></div>
</div>



<div class="wp-block-uagb-container uagb-block-5acff04a">
<div class="wp-block-uagb-container uagb-block-53cf430e alignfull uagb-is-root-container"><div class="uagb-container-inner-blocks-wrap">
<div class="wp-block-uagb-advanced-heading uagb-block-9a0e302c spectra-gbs-h2-classique1741771334061"><h2 class="uagb-heading-text">Infos pratiques</h2></div>



<div class="wp-block-uagb-icon-list uagb-block-ec83d20e"><div class="uagb-icon-list__wrap">
<div class="wp-block-uagb-icon-list-child uagb-block-8c475c03"><span class="uagb-icon-list__source-wrap"><svg xmlns="https://www.w3.org/2000/svg" viewBox="0 0 320 512"><path d="M96 480c-8.188 0-16.38-3.125-22.62-9.375c-12.5-12.5-12.5-32.75 0-45.25L242.8 256L73.38 86.63c-12.5-12.5-12.5-32.75 0-45.25s32.75-12.5 45.25 0l192 192c12.5 12.5 12.5 32.75 0 45.25l-192 192C112.4 476.9 104.2 480 96 480z"></path></svg></span><span class="uagb-icon-list__label">Samedi 26 avril à 20h au Patronage laïque (40 rue de la Terraudière)</span></div>



<div class="wp-block-uagb-icon-list-child uagb-block-f13c2145"><a target="_blank" aria-label="Restauration sur place avec le foodtruck Les délices d&#039;Amaury" rel="noopener noreferrer" href="https://lesdelicesdamaury.com"> </a><span class="uagb-icon-list__source-wrap"><svg xmlns="https://www.w3.org/2000/svg" viewBox="0 0 320 512"><path d="M96 480c-8.188 0-16.38-3.125-22.62-9.375c-12.5-12.5-12.5-32.75 0-45.25L242.8 256L73.38 86.63c-12.5-12.5-12.5-32.75 0-45.25s32.75-12.5 45.25 0l192 192c12.5 12.5 12.5 32.75 0 45.25l-192 192C112.4 476.9 104.2 480 96 480z"></path></svg></span><span class="uagb-icon-list__label">Restauration sur place avec le foodtruck Les délices d&#8217;Amaury</span></div>



<div class="wp-block-uagb-icon-list-child uagb-block-ad2cacc6"><span class="uagb-icon-list__source-wrap"><svg xmlns="https://www.w3.org/2000/svg" viewBox="0 0 320 512"><path d="M96 480c-8.188 0-16.38-3.125-22.62-9.375c-12.5-12.5-12.5-32.75 0-45.25L242.8 256L73.38 86.63c-12.5-12.5-12.5-32.75 0-45.25s32.75-12.5 45.25 0l192 192c12.5 12.5 12.5 32.75 0 45.25l-192 192C112.4 476.9 104.2 480 96 480z"></path></svg></span><span class="uagb-icon-list__label">GRATUIT</span></div>
</div></div>
</div></div>
</div>
</div></div>



<p></p>

<p>Place à la musique et à la danse pour fêter la fin de la résidence des Rencontres de la jeune photographie internationale! En lien avec l&#8217;exposition Belgomania, et avec le soutien de Wallonie-Bruxelles International et du Centre Wallonie-Bruxelles Paris, la scène bruxelloise vient à Niort.</p>

Place à la musique et à la danse pour fêter la fin de la résidence des Rencontres de la jeune photographie internationale! En lien avec l'exposition Belgomania, et avec le soutien de Wallonie-Bruxelles International et du Centre Wallonie-Bruxelles Paris, la scène bruxelloise vient à Niort.
